{"id":969,"date":"2024-02-16T12:36:36","date_gmt":"2024-02-16T12:36:36","guid":{"rendered":"https:\/\/pedrocasiano.es\/?page_id=969"},"modified":"2024-07-08T18:08:15","modified_gmt":"2024-07-08T18:08:15","slug":"siluetas-olvidadas-en-la-niebla","status":"publish","type":"page","link":"https:\/\/pedrocasiano.es\/?page_id=969","title":{"rendered":"Siluetas Olvidadas en la Niebla"},"content":{"rendered":"\n<div class=\"wp-block-media-text is-stacked-on-mobile is-vertically-aligned-top\"><figure class=\"wp-block-media-text__media\"><img decoding=\"async\" width=\"533\" height=\"800\" data-src=\"https:\/\/pedrocasiano.es\/wp-content\/uploads\/2024\/03\/Siluetas_44peque.jpg\" alt=\"\" class=\"wp-image-5893 size-full lazyload\" src=\"data:image\/svg+xml;base64,PHN2ZyB3aWR0aD0iMSIgaGVpZ2h0PSIxIiB4bWxucz0iaHR0cDovL3d3dy53My5vcmcvMjAwMC9zdmciPjwvc3ZnPg==\" style=\"--smush-placeholder-width: 533px; --smush-placeholder-aspect-ratio: 533\/800;\" \/><\/figure><div class=\"wp-block-media-text__content\">\n<p>Ninguna mujer es fiable, son\u2026 pon la palabra que quieras.<br>Hoy te aman, y al segundo est\u00e1n con otro, \u00bfC\u00f3mo confiar en alguna de ellas?, imposible hacerlo, mejor dejarlas antes de que sepas de que mala arcilla est\u00e1n hechas.<br>\u00bfNo tengo raz\u00f3n?, sois pobres tullidos mentales, no son de nadie, como nosotros, pero\u2026 duele, tanto duele que parece imposible que puedas estar con una de ellas, si\u2026 mejor d\u00e9jalas antes de que te hagan sufrir.<br>No quieras saber, hazte el imb\u00e9cil, no te enteres de lo que pasa, no hagas como yo, no te cerciores de lo que he dicho, la ignorancia es una p\u00f3cima sagrada en la relaci\u00f3n entre el hombre y la mujer.<br>El \u00e9xito, el elixir que todo lo cura, pero no conf\u00edes en nadie, aunque quiz\u00e1s\u2026 pero no.<br>Esta mujer, es distinta, pero seguramente ser\u00e1 como las otras\u2026 o no\u2026 no lo s\u00e9.<br>Es bella, casi irreal, es distinta\u2026 no, seguro que no, \u00bfQu\u00e9 hago?&#8230; no lo s\u00e9, seguro que es como todas, seguro, me juego la\u2026 \u00bfo quiz\u00e1s no?\u2026<\/p>\n<\/div><\/div>\n\n\n\n<figure class=\"wp-block-embed alignright is-type-rich is-provider-amazon wp-block-embed-amazon\"><div class=\"wp-block-embed__wrapper\">\n<iframe title=\"Siluetas Olvidadas en la Niebla\" type=\"text\/html\" width=\"950\" height=\"550\" frameborder=\"0\" allowfullscreen style=\"max-width:100%\" data-src=\"https:\/\/leer.amazon.es\/kp\/card?preview=inline&#038;linkCode=kpd&#038;ref_=k4w_oembed_X8TB2GqQ1Diq2J&#038;asin=B09D62MVQM&#038;tag=kpembed-20\" src=\"data:image\/svg+xml;base64,PHN2ZyB3aWR0aD0iMSIgaGVpZ2h0PSIxIiB4bWxucz0iaHR0cDovL3d3dy53My5vcmcvMjAwMC9zdmciPjwvc3ZnPg==\" class=\"lazyload\" data-load-mode=\"1\"><\/iframe>\n<\/div><\/figure>\n","protected":false},"excerpt":{"rendered":"<p>Ninguna mujer es fiable, son\u2026 pon la palabra que quieras.Hoy te aman, y al segundo est\u00e1n con otro, \u00bfC\u00f3mo confiar en alguna de ellas?, imposible hacerlo, mejor dejarlas antes de que sepas de que mala arcilla est\u00e1n hechas.\u00bfNo tengo raz\u00f3n?, sois pobres tullidos mentales, no son de nadie, como nosotros, pero\u2026 duele, tanto duele que &hellip; <\/p>\n<p class=\"link-more\"><a href=\"https:\/\/pedrocasiano.es\/?page_id=969\" class=\"more-link\">Leer m\u00e1s<span class=\"screen-reader-text\"> \u00abSiluetas Olvidadas en la Niebla\u00bb<\/span><\/a><\/p>\n","protected":false},"author":1,"featured_media":0,"parent":0,"menu_order":0,"comment_status":"closed","ping_status":"closed","template":"","meta":{"inspiro_hide_title":false,"footnotes":""},"class_list":["post-969","page","type-page","status-publish","hentry"],"featured_media_urls":[],"_links":{"self":[{"href":"https:\/\/pedrocasiano.es\/index.php?rest_route=\/wp\/v2\/pages\/969","targetHints":{"allow":["GET"]}}],"collection":[{"href":"https:\/\/pedrocasiano.es\/index.php?rest_route=\/wp\/v2\/pages"}],"about":[{"href":"https:\/\/pedrocasiano.es\/index.php?rest_route=\/wp\/v2\/types\/page"}],"author":[{"embeddable":true,"href":"https:\/\/pedrocasiano.es\/index.php?rest_route=\/wp\/v2\/users\/1"}],"replies":[{"embeddable":true,"href":"https:\/\/pedrocasiano.es\/index.php?rest_route=%2Fwp%2Fv2%2Fcomments&post=969"}],"version-history":[{"count":6,"href":"https:\/\/pedrocasiano.es\/index.php?rest_route=\/wp\/v2\/pages\/969\/revisions"}],"predecessor-version":[{"id":8235,"href":"https:\/\/pedrocasiano.es\/index.php?rest_route=\/wp\/v2\/pages\/969\/revisions\/8235"}],"wp:attachment":[{"href":"https:\/\/pedrocasiano.es\/index.php?rest_route=%2Fwp%2Fv2%2Fmedia&parent=969"}],"curies":[{"name":"wp","href":"https:\/\/api.w.org\/{rel}","templated":true}]}}