{"id":7670,"date":"2024-05-28T07:55:53","date_gmt":"2024-05-28T07:55:53","guid":{"rendered":"https:\/\/pedrocasiano.es\/?page_id=7670"},"modified":"2026-04-02T10:31:28","modified_gmt":"2026-04-02T08:31:28","slug":"letras-a-b-y-c","status":"publish","type":"page","link":"https:\/\/pedrocasiano.es\/?page_id=7670","title":{"rendered":"Letras A a G"},"content":{"rendered":"\n<div class=\"wp-block-cover alignfull is-light has-custom-content-position is-position-top-left\" style=\"min-height:576px;aspect-ratio:unset;\"><img decoding=\"async\" width=\"1024\" height=\"681\" class=\"wp-block-cover__image-background wp-image-9316 lazyload\" alt=\"\" data-src=\"https:\/\/pedrocasiano.es\/wp-content\/uploads\/2024\/08\/DSC_0331-1peque.jpg\" data-object-fit=\"cover\" src=\"data:image\/svg+xml;base64,PHN2ZyB3aWR0aD0iMSIgaGVpZ2h0PSIxIiB4bWxucz0iaHR0cDovL3d3dy53My5vcmcvMjAwMC9zdmciPjwvc3ZnPg==\" style=\"--smush-placeholder-width: 1024px; --smush-placeholder-aspect-ratio: 1024\/681;\" \/><span aria-hidden=\"true\" class=\"wp-block-cover__background has-background-dim\" style=\"background-color:#92897c\"><\/span><div class=\"wp-block-cover__inner-container has-global-padding is-layout-constrained wp-block-cover-is-layout-constrained\">\n<p>Letra A<\/p>\n\n\n\n<ul class=\"wp-block-list\">\n<li><a href=\"https:\/\/pedrocasiano.es\/?page_id=6407\" target=\"_blank\" rel=\"noreferrer noopener\">Letra A. Primera Parte<\/a><\/li>\n\n\n\n<li><a href=\"https:\/\/pedrocasiano.es\/?page_id=6687\" data-type=\"page\" data-id=\"6687\" target=\"_blank\" rel=\"noreferrer noopener\">Letra A. Segunda Parte<\/a><\/li>\n\n\n\n<li><a href=\"https:\/\/pedrocasiano.es\/?page_id=6949\" target=\"_blank\" rel=\"noreferrer noopener\">Letra A. Tercera Parte <\/a><\/li>\n<\/ul>\n\n\n\n<p>Letra B<\/p>\n\n\n\n<ul class=\"wp-block-list\">\n<li><a href=\"https:\/\/pedrocasiano.es\/?page_id=6953\" target=\"_blank\" rel=\"noreferrer noopener\">Letra B<\/a><\/li>\n<\/ul>\n\n\n\n<p>Letra C<\/p>\n\n\n\n<ul class=\"wp-block-list\">\n<li><a href=\"https:\/\/pedrocasiano.es\/?page_id=7155\" target=\"_blank\" rel=\"noreferrer noopener\">Letra C. Primera Parte<\/a><\/li>\n\n\n\n<li><a href=\"https:\/\/pedrocasiano.es\/?page_id=7392\" target=\"_blank\" rel=\"noreferrer noopener\">Letra C. Segunda Parte<\/a><\/li>\n\n\n\n<li><a href=\"https:\/\/pedrocasiano.es\/?page_id=7152\" target=\"_blank\" rel=\"noreferrer noopener\">Letra C. Tercera Parte<\/a><\/li>\n<\/ul>\n\n\n\n<p>Letra D<\/p>\n\n\n\n<ul class=\"wp-block-list\">\n<li><a href=\"https:\/\/pedrocasiano.es\/?page_id=9247\" data-type=\"page\" data-id=\"9247\" target=\"_blank\" rel=\"noreferrer noopener\">Letra D<\/a><\/li>\n<\/ul>\n\n\n\n<p>Letra E<\/p>\n\n\n\n<ul class=\"wp-block-list\">\n<li><a href=\"https:\/\/pedrocasiano.es\/?page_id=9416\" data-type=\"page\" data-id=\"9416\" target=\"_blank\" rel=\"noreferrer noopener\">Letra E<\/a><\/li>\n<\/ul>\n\n\n\n<p>Letra F<\/p>\n\n\n\n<ul class=\"wp-block-list\">\n<li><a href=\"https:\/\/pedrocasiano.es\/?page_id=9472\" data-type=\"page\" data-id=\"9472\" target=\"_blank\" rel=\"noreferrer noopener\">Letra F<\/a><\/li>\n<\/ul>\n\n\n\n<p>Letra G<\/p>\n\n\n\n<ul class=\"wp-block-list\">\n<li><a href=\"https:\/\/pedrocasiano.es\/?page_id=9607\" data-type=\"page\" data-id=\"9607\" target=\"_blank\" rel=\"noreferrer noopener\">Letra G<\/a><\/li>\n<\/ul>\n\n\n\n<p><strong>Todos los Derechos Reservados<\/strong><\/p>\n\n\n\n<p class=\"has-text-align-center\"><strong>\u201cEstas novelas, publicaciones y dem\u00e1s, son obras de ficci\u00f3n. Los nombres, personajes, lugares e incidentes son producto de la imaginaci\u00f3n del autor o son utilizados de manera ficticia. Cualquier parecido con personas, vivas o muertas, o sucesos reales es pura coincidencia.\u201d<\/strong><\/p>\n<\/div><\/div>\n\n\n\n<p><\/p>\n","protected":false},"excerpt":{"rendered":"","protected":false},"author":1,"featured_media":0,"parent":0,"menu_order":0,"comment_status":"closed","ping_status":"closed","template":"","meta":{"inspiro_hide_title":false,"footnotes":""},"class_list":["post-7670","page","type-page","status-publish","hentry"],"featured_media_urls":[],"_links":{"self":[{"href":"https:\/\/pedrocasiano.es\/index.php?rest_route=\/wp\/v2\/pages\/7670","targetHints":{"allow":["GET"]}}],"collection":[{"href":"https:\/\/pedrocasiano.es\/index.php?rest_route=\/wp\/v2\/pages"}],"about":[{"href":"https:\/\/pedrocasiano.es\/index.php?rest_route=\/wp\/v2\/types\/page"}],"author":[{"embeddable":true,"href":"https:\/\/pedrocasiano.es\/index.php?rest_route=\/wp\/v2\/users\/1"}],"replies":[{"embeddable":true,"href":"https:\/\/pedrocasiano.es\/index.php?rest_route=%2Fwp%2Fv2%2Fcomments&post=7670"}],"version-history":[{"count":27,"href":"https:\/\/pedrocasiano.es\/index.php?rest_route=\/wp\/v2\/pages\/7670\/revisions"}],"predecessor-version":[{"id":16656,"href":"https:\/\/pedrocasiano.es\/index.php?rest_route=\/wp\/v2\/pages\/7670\/revisions\/16656"}],"wp:attachment":[{"href":"https:\/\/pedrocasiano.es\/index.php?rest_route=%2Fwp%2Fv2%2Fmedia&parent=7670"}],"curies":[{"name":"wp","href":"https:\/\/api.w.org\/{rel}","templated":true}]}}