{"id":7082,"date":"2024-04-24T06:00:24","date_gmt":"2024-04-24T06:00:24","guid":{"rendered":"https:\/\/pedrocasiano.es\/?page_id=7082"},"modified":"2024-10-03T04:18:07","modified_gmt":"2024-10-03T04:18:07","slug":"letra-p-segunda-parte","status":"publish","type":"page","link":"https:\/\/pedrocasiano.es\/?page_id=7082","title":{"rendered":"Letra P. Segunda Parte"},"content":{"rendered":"\n<div class=\"wp-block-cover is-light\" style=\"min-height:538px;aspect-ratio:unset;\"><span aria-hidden=\"true\" class=\"wp-block-cover__background has-background-dim\" style=\"background-color:#4e72b1\"><\/span><img decoding=\"async\" width=\"1024\" height=\"680\" class=\"wp-block-cover__image-background wp-image-9322 lazyload\" alt=\"\" data-src=\"https:\/\/pedrocasiano.es\/wp-content\/uploads\/2024\/08\/DSC_0042peque.jpg\" data-object-fit=\"cover\" src=\"data:image\/svg+xml;base64,PHN2ZyB3aWR0aD0iMSIgaGVpZ2h0PSIxIiB4bWxucz0iaHR0cDovL3d3dy53My5vcmcvMjAwMC9zdmciPjwvc3ZnPg==\" style=\"--smush-placeholder-width: 1024px; --smush-placeholder-aspect-ratio: 1024\/680;\" \/><div class=\"wp-block-cover__inner-container has-global-padding is-layout-constrained wp-block-cover-is-layout-constrained\">\n<ul class=\"wp-block-list\">\n<li><a href=\"https:\/\/pedrocasiano.es\/?p=6519\" target=\"_blank\" rel=\"noreferrer noopener\">Plaza Can\u00f3nigo Torres Molina <\/a><\/li>\n\n\n\n<li><a href=\"https:\/\/pedrocasiano.es\/?p=6524\" target=\"_blank\" rel=\"noreferrer noopener\">Plaza de la Agrupaci\u00f3n de Cofrad\u00edas<\/a><\/li>\n\n\n\n<li><a href=\"https:\/\/pedrocasiano.es\/?p=6529\" target=\"_blank\" rel=\"noreferrer noopener\">Plaza Alh\u00f3ndiga <\/a><\/li>\n\n\n\n<li><a href=\"https:\/\/pedrocasiano.es\/?p=6533\" target=\"_blank\" rel=\"noreferrer noopener\">Plaza de Capuchinas<\/a><\/li>\n\n\n\n<li><a href=\"https:\/\/pedrocasiano.es\/?p=6545\" target=\"_blank\" rel=\"noreferrer noopener\">Plaza de Capuchinos<\/a><\/li>\n\n\n\n<li><a href=\"https:\/\/pedrocasiano.es\/?p=6551\" target=\"_blank\" rel=\"noreferrer noopener\">Plaza de Capuchinos. Cristo de los Faroles<\/a><\/li>\n\n\n\n<li><a href=\"https:\/\/pedrocasiano.es\/?p=6558\" target=\"_blank\" rel=\"noreferrer noopener\">Plaza de Capuchinos. Iglesia de los Dolores<\/a><\/li>\n\n\n\n<li><a href=\"https:\/\/pedrocasiano.es\/?p=6565\" target=\"_blank\" rel=\"noreferrer noopener\">Plaza de Capuchinos. Hospital de San Jacinto<\/a><\/li>\n\n\n\n<li><a href=\"https:\/\/pedrocasiano.es\/?p=6573\" target=\"_blank\" rel=\"noreferrer noopener\">Plaza de Capuchinos. Convento de Capuchinos<\/a><\/li>\n\n\n\n<li><a href=\"https:\/\/pedrocasiano.es\/?p=6577\" target=\"_blank\" rel=\"noreferrer noopener\">Plaza del Conde de Gavia<\/a><\/li>\n\n\n\n<li><a href=\"https:\/\/pedrocasiano.es\/?p=6584\" target=\"_blank\" rel=\"noreferrer noopener\">Plaza de Don Gome. Palacio de Viana<\/a><\/li>\n\n\n\n<li><a href=\"https:\/\/pedrocasiano.es\/?p=9403\" data-type=\"post\" data-id=\"9403\" target=\"_blank\" rel=\"noreferrer noopener\">Plaza de Do\u00f1a Engracia<\/a><\/li>\n\n\n\n<li><a href=\"https:\/\/pedrocasiano.es\/?p=6590\" target=\"_blank\" rel=\"noreferrer noopener\">Plaza de Santa Teresa. Monumento a Fray Albino<\/a><\/li>\n\n\n\n<li><a href=\"https:\/\/pedrocasiano.es\/?p=6594\" target=\"_blank\" rel=\"noreferrer noopener\">Plaza de Jer\u00f3nimo P\u00e1ez<\/a><\/li>\n\n\n\n<li><a href=\"https:\/\/pedrocasiano.es\/?p=6599\" target=\"_blank\" rel=\"noreferrer noopener\">Plaza de Jer\u00f3nimo P\u00e1ez. Palacete de los Burgos<\/a><\/li>\n\n\n\n<li><a href=\"https:\/\/pedrocasiano.es\/?p=6604\" target=\"_blank\" rel=\"noreferrer noopener\">Plaza de Jer\u00f3nimo P\u00e1ez. Palacio de los P\u00e1ez de Castillejo<\/a><\/li>\n\n\n\n<li><a href=\"https:\/\/pedrocasiano.es\/?p=6611\" target=\"_blank\" rel=\"noreferrer noopener\">Plaza de Jer\u00f3nimo P\u00e1ez. Casa del Jud\u00edo<\/a><\/li>\n\n\n\n<li><a href=\"https:\/\/pedrocasiano.es\/?p=7087\" target=\"_blank\" rel=\"noreferrer noopener\">Plaza de la Almagra<\/a><\/li>\n\n\n\n<li><a href=\"https:\/\/pedrocasiano.es\/?p=7097\" target=\"_blank\" rel=\"noreferrer noopener\">Plaza de la Concha<\/a><\/li>\n<\/ul>\n<\/div><\/div>\n","protected":false},"excerpt":{"rendered":"","protected":false},"author":1,"featured_media":0,"parent":0,"menu_order":0,"comment_status":"closed","ping_status":"closed","template":"","meta":{"inspiro_hide_title":false,"footnotes":""},"class_list":["post-7082","page","type-page","status-publish","hentry"],"featured_media_urls":[],"_links":{"self":[{"href":"https:\/\/pedrocasiano.es\/index.php?rest_route=\/wp\/v2\/pages\/7082","targetHints":{"allow":["GET"]}}],"collection":[{"href":"https:\/\/pedrocasiano.es\/index.php?rest_route=\/wp\/v2\/pages"}],"about":[{"href":"https:\/\/pedrocasiano.es\/index.php?rest_route=\/wp\/v2\/types\/page"}],"author":[{"embeddable":true,"href":"https:\/\/pedrocasiano.es\/index.php?rest_route=\/wp\/v2\/users\/1"}],"replies":[{"embeddable":true,"href":"https:\/\/pedrocasiano.es\/index.php?rest_route=%2Fwp%2Fv2%2Fcomments&post=7082"}],"version-history":[{"count":35,"href":"https:\/\/pedrocasiano.es\/index.php?rest_route=\/wp\/v2\/pages\/7082\/revisions"}],"predecessor-version":[{"id":11476,"href":"https:\/\/pedrocasiano.es\/index.php?rest_route=\/wp\/v2\/pages\/7082\/revisions\/11476"}],"wp:attachment":[{"href":"https:\/\/pedrocasiano.es\/index.php?rest_route=%2Fwp%2Fv2%2Fmedia&parent=7082"}],"curies":[{"name":"wp","href":"https:\/\/api.w.org\/{rel}","templated":true}]}}