{"id":6340,"date":"2024-04-01T07:05:34","date_gmt":"2024-04-01T07:05:34","guid":{"rendered":"https:\/\/pedrocasiano.es\/?page_id=6340"},"modified":"2024-04-01T07:05:35","modified_gmt":"2024-04-01T07:05:35","slug":"roce-las-alas-de-los-angeles","status":"publish","type":"page","link":"https:\/\/pedrocasiano.es\/?page_id=6340","title":{"rendered":"Roc\u00e9 las Alas de los \u00c1ngeles"},"content":{"rendered":"\n<div class=\"wp-block-media-text is-stacked-on-mobile is-vertically-aligned-top\"><figure class=\"wp-block-media-text__media\"><img decoding=\"async\" width=\"640\" height=\"366\" data-src=\"https:\/\/pedrocasiano.es\/wp-content\/uploads\/2024\/04\/ai-generated-8662413peque.jpg\" alt=\"\" class=\"wp-image-6341 size-full lazyload\" src=\"data:image\/svg+xml;base64,PHN2ZyB3aWR0aD0iMSIgaGVpZ2h0PSIxIiB4bWxucz0iaHR0cDovL3d3dy53My5vcmcvMjAwMC9zdmciPjwvc3ZnPg==\" style=\"--smush-placeholder-width: 640px; --smush-placeholder-aspect-ratio: 640\/366;\" \/><\/figure><div class=\"wp-block-media-text__content\">\n<p>Roc\u00e9 las alas de los \u00e1ngeles<\/p>\n\n\n\n<p>Pero ca\u00ed de nuevo en el infierno<\/p>\n\n\n\n<p>Me llamaron por mi nombre<\/p>\n\n\n\n<p>Me quisieron llevar en volandas<\/p>\n\n\n\n<p>Me encontr\u00e9 con que subir no pod\u00eda<\/p>\n\n\n\n<p>Y quedarme no quer\u00eda<\/p>\n\n\n\n<p>\u00bfQu\u00e9 hacer, en esta agon\u00eda?<\/p>\n\n\n\n<p>Pues manchado al cielo no se entra<\/p>\n\n\n\n<p>Y no quer\u00eda vivir en la porquer\u00eda<\/p>\n\n\n\n<p>Me agach\u00e9, doble la espalda y supliqu\u00e9<\/p>\n\n\n\n<p>Pero nadie oy\u00f3 mis plegarias<\/p>\n\n\n\n<p>Y mi alma, ennegreci\u00f3, y me derrot\u00e9<\/p>\n\n\n\n<p>Me deje llevar por mis ansias<\/p>\n\n\n\n<p>Y como humano err\u00e9<\/p>\n\n\n\n<p>Ment\u00ed, castigu\u00e9, y profan\u00e9<\/p>\n\n\n\n<p>Pues aqu\u00ed est\u00e1 mi estancia<\/p>\n\n\n\n<p>Ya no hay \u00e1ngeles llamado<\/p>\n\n\n\n<p>Sino caliente sima del infierno<\/p>\n\n\n\n<p>Miro al cielo y no veo nada<\/p>\n\n\n\n<p>Mientras espero que la tierra se abra<\/p>\n\n\n\n<p>Y si en el averno me preguntan<\/p>\n\n\n\n<p>Que hago all\u00ed, porque all\u00ed estoy<\/p>\n\n\n\n<p>No mirare al cielo, no esperar\u00e9 la clemencia<\/p>\n\n\n\n<p>Ni siquiera aducir\u00e9 que padec\u00eda demencia<\/p>\n\n\n\n<p>Que un d\u00eda de locura escuch\u00e9<\/p>\n\n\n\n<p>De los \u00e1ngeles su llamada<\/p>\n\n\n\n<p>Y dejar\u00e9 que mi alma arda<\/p>\n\n\n\n<p>Que la devoren las llamas<\/p>\n\n\n\n<p>En un ciclo sin fin<\/p>\n\n\n\n<p>Sin termino, sin parada<\/p>\n\n\n\n<p>Pues mejor un cierto enfermo<\/p>\n\n\n\n<p>Que un cielo que a fin de cuentas no es, sino nada.<\/p>\n<\/div><\/div>\n","protected":false},"excerpt":{"rendered":"<p>Roc\u00e9 las alas de los \u00e1ngeles Pero ca\u00ed de nuevo en el infierno Me llamaron por mi nombre Me quisieron llevar en volandas Me encontr\u00e9 con que subir no pod\u00eda Y quedarme no quer\u00eda \u00bfQu\u00e9 hacer, en esta agon\u00eda? Pues manchado al cielo no se entra Y no quer\u00eda vivir en la porquer\u00eda Me agach\u00e9, &hellip; <\/p>\n<p class=\"link-more\"><a href=\"https:\/\/pedrocasiano.es\/?page_id=6340\" class=\"more-link\">Leer m\u00e1s<span class=\"screen-reader-text\"> \u00abRoc\u00e9 las Alas de los \u00c1ngeles\u00bb<\/span><\/a><\/p>\n","protected":false},"author":1,"featured_media":0,"parent":0,"menu_order":0,"comment_status":"closed","ping_status":"closed","template":"","meta":{"inspiro_hide_title":false,"footnotes":""},"class_list":["post-6340","page","type-page","status-publish","hentry"],"featured_media_urls":[],"_links":{"self":[{"href":"https:\/\/pedrocasiano.es\/index.php?rest_route=\/wp\/v2\/pages\/6340","targetHints":{"allow":["GET"]}}],"collection":[{"href":"https:\/\/pedrocasiano.es\/index.php?rest_route=\/wp\/v2\/pages"}],"about":[{"href":"https:\/\/pedrocasiano.es\/index.php?rest_route=\/wp\/v2\/types\/page"}],"author":[{"embeddable":true,"href":"https:\/\/pedrocasiano.es\/index.php?rest_route=\/wp\/v2\/users\/1"}],"replies":[{"embeddable":true,"href":"https:\/\/pedrocasiano.es\/index.php?rest_route=%2Fwp%2Fv2%2Fcomments&post=6340"}],"version-history":[{"count":1,"href":"https:\/\/pedrocasiano.es\/index.php?rest_route=\/wp\/v2\/pages\/6340\/revisions"}],"predecessor-version":[{"id":6342,"href":"https:\/\/pedrocasiano.es\/index.php?rest_route=\/wp\/v2\/pages\/6340\/revisions\/6342"}],"wp:attachment":[{"href":"https:\/\/pedrocasiano.es\/index.php?rest_route=%2Fwp%2Fv2%2Fmedia&parent=6340"}],"curies":[{"name":"wp","href":"https:\/\/api.w.org\/{rel}","templated":true}]}}