{"id":6332,"date":"2024-03-31T09:55:00","date_gmt":"2024-03-31T09:55:00","guid":{"rendered":"https:\/\/pedrocasiano.es\/?page_id=6332"},"modified":"2024-03-31T09:55:01","modified_gmt":"2024-03-31T09:55:01","slug":"al-son-de-las-olas-entre-las-canas","status":"publish","type":"page","link":"https:\/\/pedrocasiano.es\/?page_id=6332","title":{"rendered":"Al Son de las Olas, entre las Ca\u00f1as"},"content":{"rendered":"\n<div class=\"wp-block-media-text is-stacked-on-mobile is-vertically-aligned-top\"><figure class=\"wp-block-media-text__media\"><img decoding=\"async\" width=\"640\" height=\"640\" data-src=\"https:\/\/pedrocasiano.es\/wp-content\/uploads\/2024\/03\/ai-generated-8607305peque.jpg\" alt=\"\" class=\"wp-image-6333 size-full lazyload\" data-srcset=\"https:\/\/pedrocasiano.es\/wp-content\/uploads\/2024\/03\/ai-generated-8607305peque.jpg 640w, https:\/\/pedrocasiano.es\/wp-content\/uploads\/2024\/03\/ai-generated-8607305peque-300x300.jpg 300w, https:\/\/pedrocasiano.es\/wp-content\/uploads\/2024\/03\/ai-generated-8607305peque-150x150.jpg 150w\" data-sizes=\"(max-width: 640px) 100vw, 640px\" src=\"data:image\/svg+xml;base64,PHN2ZyB3aWR0aD0iMSIgaGVpZ2h0PSIxIiB4bWxucz0iaHR0cDovL3d3dy53My5vcmcvMjAwMC9zdmciPjwvc3ZnPg==\" style=\"--smush-placeholder-width: 640px; --smush-placeholder-aspect-ratio: 640\/640;\" \/><\/figure><div class=\"wp-block-media-text__content\">\n<p><strong>Al Son de las Olas, entre las Ca\u00f1as<\/strong><\/p>\n\n\n\n<p>Soy de un pa\u00eds,<\/p>\n\n\n\n<p>en el que el amor se hac\u00eda,<\/p>\n\n\n\n<p>entre las ca\u00f1as,<\/p>\n\n\n\n<p>en el calor del verano,<\/p>\n\n\n\n<p>cerca de la playa,<\/p>\n\n\n\n<p>cuando el calor entraba en el cuerpo<\/p>\n\n\n\n<p>y no sal\u00eda,<\/p>\n\n\n\n<p>cuando llenaba la cabeza,<\/p>\n\n\n\n<p>y te llevaba al \u00e9xtasis,<\/p>\n\n\n\n<p>a la locura,<\/p>\n\n\n\n<p>cuando tu cuerpo joven,<\/p>\n\n\n\n<p>abrazaba otro de diosa impensable,<\/p>\n\n\n\n<p>cuando los labios eran m\u00e1s carnosos que el pecado<\/p>\n\n\n\n<p>&nbsp;y la fiebre del amor tomaba el control del desenfreno.<\/p>\n\n\n\n<p>La locura de la humedad<\/p>\n\n\n\n<p>&nbsp;y de los pechos turgentes,<\/p>\n\n\n\n<p>de la celeridad en el amor imposible,<\/p>\n\n\n\n<p>en la arena copulada,<\/p>\n\n\n\n<p>en la belleza entre las ca\u00f1as a ti abrazada,<\/p>\n\n\n\n<p>en la luna mentirosa,<\/p>\n\n\n\n<p>celosa de la celebraci\u00f3n de la conjunci\u00f3n de cuerpos.<\/p>\n\n\n\n<p>Y ahora en la senectud,<\/p>\n\n\n\n<p>cuando el cuerpo rendirse quiere,<\/p>\n\n\n\n<p>&nbsp;rememoro,<\/p>\n\n\n\n<p>&nbsp;las ca\u00f1as, la playa, el mar,<\/p>\n\n\n\n<p>&nbsp;y los amores perdidos,<\/p>\n\n\n\n<p>&nbsp;nunca olvidados,<\/p>\n\n\n\n<p>cuando hac\u00edas el amor entre las ca\u00f1as,<\/p>\n\n\n\n<p>cuando la arena quer\u00eda abrazar el cuerpo de los amantes,<\/p>\n\n\n\n<p>&nbsp;y la luna celosa en nubes se envolv\u00eda,<\/p>\n\n\n\n<p>pero miraba de reojo,<\/p>\n\n\n\n<p>excitada por ese amor mundano<\/p>\n\n\n\n<p>que hoy, sue\u00f1as con a\u00f1oranza, y suspiras.<\/p>\n<\/div><\/div>\n","protected":false},"excerpt":{"rendered":"<p>Al Son de las Olas, entre las Ca\u00f1as Soy de un pa\u00eds, en el que el amor se hac\u00eda, entre las ca\u00f1as, en el calor del verano, cerca de la playa, cuando el calor entraba en el cuerpo y no sal\u00eda, cuando llenaba la cabeza, y te llevaba al \u00e9xtasis, a la locura, cuando tu &hellip; <\/p>\n<p class=\"link-more\"><a href=\"https:\/\/pedrocasiano.es\/?page_id=6332\" class=\"more-link\">Leer m\u00e1s<span class=\"screen-reader-text\"> \u00abAl Son de las Olas, entre las Ca\u00f1as\u00bb<\/span><\/a><\/p>\n","protected":false},"author":1,"featured_media":0,"parent":0,"menu_order":0,"comment_status":"closed","ping_status":"closed","template":"","meta":{"inspiro_hide_title":false,"footnotes":""},"class_list":["post-6332","page","type-page","status-publish","hentry"],"featured_media_urls":[],"_links":{"self":[{"href":"https:\/\/pedrocasiano.es\/index.php?rest_route=\/wp\/v2\/pages\/6332","targetHints":{"allow":["GET"]}}],"collection":[{"href":"https:\/\/pedrocasiano.es\/index.php?rest_route=\/wp\/v2\/pages"}],"about":[{"href":"https:\/\/pedrocasiano.es\/index.php?rest_route=\/wp\/v2\/types\/page"}],"author":[{"embeddable":true,"href":"https:\/\/pedrocasiano.es\/index.php?rest_route=\/wp\/v2\/users\/1"}],"replies":[{"embeddable":true,"href":"https:\/\/pedrocasiano.es\/index.php?rest_route=%2Fwp%2Fv2%2Fcomments&post=6332"}],"version-history":[{"count":2,"href":"https:\/\/pedrocasiano.es\/index.php?rest_route=\/wp\/v2\/pages\/6332\/revisions"}],"predecessor-version":[{"id":10143,"href":"https:\/\/pedrocasiano.es\/index.php?rest_route=\/wp\/v2\/pages\/6332\/revisions\/10143"}],"wp:attachment":[{"href":"https:\/\/pedrocasiano.es\/index.php?rest_route=%2Fwp%2Fv2%2Fmedia&parent=6332"}],"curies":[{"name":"wp","href":"https:\/\/api.w.org\/{rel}","templated":true}]}}