{"id":6288,"date":"2024-03-28T03:48:21","date_gmt":"2024-03-28T03:48:21","guid":{"rendered":"https:\/\/pedrocasiano.es\/?page_id=6288"},"modified":"2024-03-28T03:48:22","modified_gmt":"2024-03-28T03:48:22","slug":"soledades-esperpentos","status":"publish","type":"page","link":"https:\/\/pedrocasiano.es\/?page_id=6288","title":{"rendered":"Soledades, Esperpentos"},"content":{"rendered":"\n<div class=\"wp-block-media-text is-stacked-on-mobile is-vertically-aligned-top\" style=\"grid-template-columns:42% auto\"><figure class=\"wp-block-media-text__media\"><img decoding=\"async\" width=\"640\" height=\"640\" data-src=\"https:\/\/pedrocasiano.es\/wp-content\/uploads\/2024\/03\/ai-generated-8655845peque.jpg\" alt=\"\" class=\"wp-image-6289 size-full lazyload\" data-srcset=\"https:\/\/pedrocasiano.es\/wp-content\/uploads\/2024\/03\/ai-generated-8655845peque.jpg 640w, https:\/\/pedrocasiano.es\/wp-content\/uploads\/2024\/03\/ai-generated-8655845peque-300x300.jpg 300w, https:\/\/pedrocasiano.es\/wp-content\/uploads\/2024\/03\/ai-generated-8655845peque-150x150.jpg 150w\" data-sizes=\"(max-width: 640px) 100vw, 640px\" src=\"data:image\/svg+xml;base64,PHN2ZyB3aWR0aD0iMSIgaGVpZ2h0PSIxIiB4bWxucz0iaHR0cDovL3d3dy53My5vcmcvMjAwMC9zdmciPjwvc3ZnPg==\" style=\"--smush-placeholder-width: 640px; --smush-placeholder-aspect-ratio: 640\/640;\" \/><\/figure><div class=\"wp-block-media-text__content\">\n<p>Soledades, esperpentos<\/p>\n\n\n\n<p>Esperanza de seres muertos<\/p>\n\n\n\n<p>Inquietudes, llantos, quebrantos<\/p>\n\n\n\n<p>Aguas salvajes, remansos<\/p>\n\n\n\n<p>Paces muertas, ag\u00f3nicas peguntas<\/p>\n\n\n\n<p>Quieren ser preciosas, y no son nada<\/p>\n\n\n\n<p>Preguntas a quien nadie responde<\/p>\n\n\n\n<p>Desde que nace el d\u00eda y la noche llega<\/p>\n\n\n\n<p>Siempre la respuesta hueca, llena de nada<\/p>\n\n\n\n<p>M\u00e1s preguntas, oraciones, tratados, elucubraciones<\/p>\n\n\n\n<p>Y de respuesta, como siempre, nada<\/p>\n\n\n\n<p>Dedicar la vida, matar por la callada<\/p>\n\n\n\n<p>Sufrir, padecer, partir, y la respuesta\u2026 nada<\/p>\n\n\n\n<p>Alzar las manos al cielo, llorando por la llamada<\/p>\n\n\n\n<p>De la que nadie oy\u00f3 el sonido<\/p>\n\n\n\n<p>Esa llamada, que, en el silencio de la respuesta, calla.<\/p>\n\n\n\n<p>Y los ej\u00e9rcitos que en su nombre matan<\/p>\n\n\n\n<p>Y los que en su s\u00edmbolo se ensalzan<\/p>\n\n\n\n<p>Continuar\u00e1n esperando la respuesta<\/p>\n\n\n\n<p>Y a\u00fan no han o\u00eddo la llamada<\/p>\n\n\n\n<p>Miran al cielo y esperan en medio de la matanza<\/p>\n\n\n\n<p>la respuesta que no llega<\/p>\n\n\n\n<p>bestias, crey\u00e9ndose<\/p>\n\n\n\n<p>elevadas en la llamada<\/p>\n\n\n\n<p>cuando al fin\u2026, no hay nada<\/p>\n<\/div><\/div>\n","protected":false},"excerpt":{"rendered":"<p>Soledades, esperpentos Esperanza de seres muertos Inquietudes, llantos, quebrantos Aguas salvajes, remansos Paces muertas, ag\u00f3nicas peguntas Quieren ser preciosas, y no son nada Preguntas a quien nadie responde Desde que nace el d\u00eda y la noche llega Siempre la respuesta hueca, llena de nada M\u00e1s preguntas, oraciones, tratados, elucubraciones Y de respuesta, como siempre, nada &hellip; <\/p>\n<p class=\"link-more\"><a href=\"https:\/\/pedrocasiano.es\/?page_id=6288\" class=\"more-link\">Leer m\u00e1s<span class=\"screen-reader-text\"> \u00abSoledades, Esperpentos\u00bb<\/span><\/a><\/p>\n","protected":false},"author":1,"featured_media":0,"parent":0,"menu_order":0,"comment_status":"closed","ping_status":"closed","template":"","meta":{"inspiro_hide_title":false,"footnotes":""},"class_list":["post-6288","page","type-page","status-publish","hentry"],"featured_media_urls":[],"_links":{"self":[{"href":"https:\/\/pedrocasiano.es\/index.php?rest_route=\/wp\/v2\/pages\/6288","targetHints":{"allow":["GET"]}}],"collection":[{"href":"https:\/\/pedrocasiano.es\/index.php?rest_route=\/wp\/v2\/pages"}],"about":[{"href":"https:\/\/pedrocasiano.es\/index.php?rest_route=\/wp\/v2\/types\/page"}],"author":[{"embeddable":true,"href":"https:\/\/pedrocasiano.es\/index.php?rest_route=\/wp\/v2\/users\/1"}],"replies":[{"embeddable":true,"href":"https:\/\/pedrocasiano.es\/index.php?rest_route=%2Fwp%2Fv2%2Fcomments&post=6288"}],"version-history":[{"count":2,"href":"https:\/\/pedrocasiano.es\/index.php?rest_route=\/wp\/v2\/pages\/6288\/revisions"}],"predecessor-version":[{"id":10751,"href":"https:\/\/pedrocasiano.es\/index.php?rest_route=\/wp\/v2\/pages\/6288\/revisions\/10751"}],"wp:attachment":[{"href":"https:\/\/pedrocasiano.es\/index.php?rest_route=%2Fwp%2Fv2%2Fmedia&parent=6288"}],"curies":[{"name":"wp","href":"https:\/\/api.w.org\/{rel}","templated":true}]}}