{"id":6278,"date":"2024-03-27T09:11:35","date_gmt":"2024-03-27T09:11:35","guid":{"rendered":"https:\/\/pedrocasiano.es\/?page_id=6278"},"modified":"2024-12-03T06:58:07","modified_gmt":"2024-12-03T06:58:07","slug":"una-sensata-locura","status":"publish","type":"page","link":"https:\/\/pedrocasiano.es\/?page_id=6278","title":{"rendered":"Una Sensata Locura"},"content":{"rendered":"\n<figure class=\"wp-block-image alignleft size-full\"><img decoding=\"async\" width=\"482\" height=\"640\" data-src=\"https:\/\/pedrocasiano.es\/wp-content\/uploads\/2024\/03\/ai-generated-8080474peque.jpg\" alt=\"\" class=\"wp-image-6279 lazyload\" src=\"data:image\/svg+xml;base64,PHN2ZyB3aWR0aD0iMSIgaGVpZ2h0PSIxIiB4bWxucz0iaHR0cDovL3d3dy53My5vcmcvMjAwMC9zdmciPjwvc3ZnPg==\" style=\"--smush-placeholder-width: 482px; --smush-placeholder-aspect-ratio: 482\/640;\" \/><\/figure>\n\n\n\n<p>La vieja Roc\u00edo esper\u00f3, como siempre, con una paciencia infinita en la sucursal del Banco, ya hab\u00edan pasado, sobre su turno a dos agobiados hombres de negocios, que supuso que no ser\u00edan como ella, ir\u00edan a llevar dinero, que no lamentos y quejas.<\/p>\n\n\n\n<p>Mir\u00f3 el viejo reloj, regalo de su fallecido esposo, que aun funcionaba, dos horas ya, \u00bfQu\u00e9 tendr\u00edan que hacer de nuevo\u2026?<\/p>\n\n\n\n<p>Una de las chicas con mala cara, levantando el brazo con malos modos que le indica que se acerque.<\/p>\n\n\n\n<p>Con respeto, con tranquilidad, lo hace, est\u00e1 nerviosa, como siempre, cansada, como siempre, y esperando que la leyenda, lo que va escuchar, cambie.<\/p>\n\n\n\n<p>&#8211; \u00bfQue deseaba?, -es un soplido de cansancio m\u00e1s que una petici\u00f3n, por supuesto la cordialidad desapareci\u00f3 con la \u00faltima persona que trajo dinero, los que se lo llevan no existen, y los que piden, la mayor\u00eda, morralla.<\/p>\n\n\n\n<p>-Ver\u00e1 es sobre el embargo\u2026<\/p>\n\n\n\n<p>-No me diga.<\/p>\n\n\n\n<p>-Si le digo, me han embargado otra vez los seiscientos euros\u2026<\/p>\n\n\n\n<p>&#8211; \u00bfY a m\u00ed que me cuenta?, demande al banco, a quien sea, yo no puedo hacer nada.<\/p>\n\n\n\n<p>-Pero es la d\u00e9cima vez que os llev\u00e1is, que me rob\u00e1is el dinero\u2026<\/p>\n\n\n\n<p>-No lo robamos, es nuestro, -sonr\u00ede con maldad la banquera.<\/p>\n\n\n\n<p>-No, no pod\u00e9is, hasta el l\u00edmite de sueldo m\u00ednimo\u2026<\/p>\n\n\n\n<p>-Y una mierda, vieja, -sonr\u00ede con m\u00e1s maldad a\u00fan-, si avalaste al mierda de tu hijo, te jodes y pagas.<\/p>\n\n\n\n<p>-A mi hijo ni mentarlo.<\/p>\n\n\n\n<p>-Pues mira como te ha dejado, -nueva sonrisa, esta disfrutando como lo que es, una puerca lasciva.<\/p>\n\n\n\n<p>-Pero no pueden\u2026<\/p>\n\n\n\n<p>&#8211; \u00bfQu\u00e9 no?, mira la cuenta, vieja, ni telara\u00f1as.<\/p>\n\n\n\n<p>-Pero, \u00bfde que como?<\/p>\n\n\n\n<p>&#8211; \u00bfY a m\u00ed, que co\u00f1o me cuentas?, al juzgado.<\/p>\n\n\n\n<p>-No tengo dinero.<\/p>\n\n\n\n<p>-El siguiente, -grita, Roc\u00edo la mira, la mataba.<\/p>\n\n\n\n<p>-No me pienso mover.<\/p>\n\n\n\n<p>La chica se levanta, entra en el despacho del director, no se corta, es algo com\u00fan.<\/p>\n\n\n\n<p>-La vieja co\u00f1era, Javier.<\/p>\n\n\n\n<p>&#8211; \u00bfLa vieja de los putos embargos?<\/p>\n\n\n\n<p>Se ve desde fuera como la chica asiente.<\/p>\n\n\n\n<p>-Joder, otra vez, -es lo que se oye del interior del despacho.<\/p>\n\n\n\n<p>&nbsp;&nbsp;&nbsp;&nbsp;&nbsp;&nbsp;&nbsp;&nbsp;&nbsp;&nbsp;&nbsp;&nbsp; Un hombre que sale, es alto y joven, pero ya no sonr\u00ede, a todos los que han entrado les ha dedicado la sonrisa mejor ensayada del mundo, pero ahora no es eso.<\/p>\n\n\n\n<p>Se acerca, coge a Roc\u00edo del brazo.<\/p>\n\n\n\n<p>-Abuela, a la puta calle.<\/p>\n\n\n\n<p>-Me rob\u00e1is todos los meses.<\/p>\n\n\n\n<p>-Pues a Caritas, que para eso est\u00e1.<\/p>\n\n\n\n<p>-No, es mi dinero.<\/p>\n\n\n\n<p>-Nos cobramos lo que nos debes, vieja, te jodes, si no comes, mu\u00e9rete, ya es hora.<\/p>\n\n\n\n<p>&nbsp;&nbsp;&nbsp;&nbsp;&nbsp;&nbsp;&nbsp;&nbsp;&nbsp;&nbsp;&nbsp;&nbsp; Nuevo tir\u00f3n, la vieja se agarra a la mesa que se mueve, la gente se empieza a acercar, y eso que no est\u00e1 llena la sucursal.<\/p>\n\n\n\n<p>-No pod\u00e9is robarme, -grita Roc\u00edo.<\/p>\n\n\n\n<p>-Al juzgado a poner las quejas.<\/p>\n\n\n\n<p>-Me hab\u00e9is dejado sin dinero, \u00bfc\u00f3mo puedo ir a juzgado?<\/p>\n\n\n\n<p>-La gratuita o lo que sea, a m\u00ed que me cuentas, puta vieja.<\/p>\n\n\n\n<p>Roc\u00edo siente que algo se ha roto, durante un segundo piensa en que le han quitado el piso, que la paga, ni seiscientos euros, se la quita del banco, aunque sea ilegal, que reclame, y a la cola de Caritas, donde las marroqu\u00edes tiran lo que no pueden vender, y el alma se le muere, abre el bolso, siente el frio del acero japon\u00e9s del cuchillo que hace a\u00f1os le regalo su hijo ya muerto, y sin darse cuenta, ve como se mueve con velocidad de rayo, y se clava varias veces en el est\u00f3mago del director del banco.<\/p>\n\n\n\n<p>-Vieja, me has matado.<\/p>\n\n\n\n<p>-Ya sabes, al juzgado.<\/p>\n\n\n\n<p>-Mi mujer, mis hijas\u2026<\/p>\n\n\n\n<p>-Que sepan lo que es llorar por las esquinas.<\/p>\n\n\n\n<p>-Te joder\u00e1n, puta vieja.<\/p>\n\n\n\n<p>-No, por fin comer\u00e9 todos los d\u00edas, tres comidas calientes, que tengo derecho, mu\u00e9rete, te lo mereces, todos os lo merec\u00e9is, la poca alma que ten\u00edas te la quitaron hace tiempo, al infierno, -le escupe en la cara, se levanta y se marcha, mientras que se oyen las sirenas.<\/p>\n\n\n\n<p>Roc\u00edo sale de la entidad bancaria, nadie se lo ha intentado impedir, un silencio sepulcral, roto por el susurro de una persona, que no sabe qui\u00e9n es.<\/p>\n\n\n\n<p>-Con dos cojones, abuela, si todos fu\u00e9ramos as\u00ed\u2026<\/p>\n\n\n\n<p>Y Roc\u00edo sonr\u00ede, con la medio sonrisa del que sabe que vienen tiempos peores, o quiz\u00e1s no, suspira, una nueva etapa en la vida, algo que agradecer a los bancos, que est\u00e1n para todo, pero en sobremanera, para ayudar a las personas, sobre todo a la tercera edad; se sienta en la gradilla, y espera a que aparezcan los coches patrulla, a los que se les oye la sirena, y tambi\u00e9n oye los estertores del director del banco; con solo eso, ya es feliz, si encima come tres veces al d\u00eda, una bicoca, lo tendr\u00eda que haber hecho antes.<\/p>\n","protected":false},"excerpt":{"rendered":"<p>La vieja Roc\u00edo esper\u00f3, como siempre, con una paciencia infinita en la sucursal del Banco, ya hab\u00edan pasado, sobre su turno a dos agobiados hombres de negocios, que supuso que no ser\u00edan como ella, ir\u00edan a llevar dinero, que no lamentos y quejas. Mir\u00f3 el viejo reloj, regalo de su fallecido esposo, que aun funcionaba, &hellip; <\/p>\n<p class=\"link-more\"><a href=\"https:\/\/pedrocasiano.es\/?page_id=6278\" class=\"more-link\">Leer m\u00e1s<span class=\"screen-reader-text\"> \u00abUna Sensata Locura\u00bb<\/span><\/a><\/p>\n","protected":false},"author":1,"featured_media":0,"parent":0,"menu_order":0,"comment_status":"closed","ping_status":"closed","template":"","meta":{"inspiro_hide_title":false,"footnotes":""},"class_list":["post-6278","page","type-page","status-publish","hentry"],"featured_media_urls":[],"_links":{"self":[{"href":"https:\/\/pedrocasiano.es\/index.php?rest_route=\/wp\/v2\/pages\/6278","targetHints":{"allow":["GET"]}}],"collection":[{"href":"https:\/\/pedrocasiano.es\/index.php?rest_route=\/wp\/v2\/pages"}],"about":[{"href":"https:\/\/pedrocasiano.es\/index.php?rest_route=\/wp\/v2\/types\/page"}],"author":[{"embeddable":true,"href":"https:\/\/pedrocasiano.es\/index.php?rest_route=\/wp\/v2\/users\/1"}],"replies":[{"embeddable":true,"href":"https:\/\/pedrocasiano.es\/index.php?rest_route=%2Fwp%2Fv2%2Fcomments&post=6278"}],"version-history":[{"count":4,"href":"https:\/\/pedrocasiano.es\/index.php?rest_route=\/wp\/v2\/pages\/6278\/revisions"}],"predecessor-version":[{"id":12005,"href":"https:\/\/pedrocasiano.es\/index.php?rest_route=\/wp\/v2\/pages\/6278\/revisions\/12005"}],"wp:attachment":[{"href":"https:\/\/pedrocasiano.es\/index.php?rest_route=%2Fwp%2Fv2%2Fmedia&parent=6278"}],"curies":[{"name":"wp","href":"https:\/\/api.w.org\/{rel}","templated":true}]}}