{"id":6254,"date":"2024-03-26T07:42:57","date_gmt":"2024-03-26T07:42:57","guid":{"rendered":"https:\/\/pedrocasiano.es\/?page_id=6254"},"modified":"2024-03-26T07:42:57","modified_gmt":"2024-03-26T07:42:57","slug":"naci-a-la-orilla-de-un-rio-2","status":"publish","type":"page","link":"https:\/\/pedrocasiano.es\/?page_id=6254","title":{"rendered":"Nac\u00ed A La Orilla De Un Rio"},"content":{"rendered":"\n<div class=\"wp-block-media-text is-stacked-on-mobile is-vertically-aligned-top\" style=\"grid-template-columns:41% auto\"><figure class=\"wp-block-media-text__media\"><img decoding=\"async\" width=\"540\" height=\"359\" data-src=\"https:\/\/pedrocasiano.es\/wp-content\/uploads\/2024\/03\/DSC_2294-1.jpg\" alt=\"\" class=\"wp-image-6255 size-full lazyload\" src=\"data:image\/svg+xml;base64,PHN2ZyB3aWR0aD0iMSIgaGVpZ2h0PSIxIiB4bWxucz0iaHR0cDovL3d3dy53My5vcmcvMjAwMC9zdmciPjwvc3ZnPg==\" style=\"--smush-placeholder-width: 540px; --smush-placeholder-aspect-ratio: 540\/359;\" \/><\/figure><div class=\"wp-block-media-text__content\">\n<p>Nac\u00ed a la orilla de un rio<\/p>\n\n\n\n<p>Viejo como la vida misma<\/p>\n\n\n\n<p>Cansado, cansino<\/p>\n\n\n\n<p>suave, ladino<\/p>\n\n\n\n<p>a la ribera del rio<\/p>\n\n\n\n<p>de las ca\u00f1as<\/p>\n\n\n\n<p>de los \u00e1lamos erguidos<\/p>\n\n\n\n<p>a la sombra de los granados<\/p>\n\n\n\n<p>de los que ba\u00f1aba el rio<\/p>\n\n\n\n<p>entre molinos viejos<\/p>\n\n\n\n<p>de Lope Garc\u00eda<\/p>\n\n\n\n<p>donde las grullas<\/p>\n\n\n\n<p>en los campos<\/p>\n\n\n\n<p>tras los tractores<\/p>\n\n\n\n<p>con sus picos<\/p>\n\n\n\n<p>levantaban los bichos<\/p>\n\n\n\n<p>entre bueyeros<\/p>\n\n\n\n<p>entre garcillas<\/p>\n\n\n\n<p>entre palomas torcaces<\/p>\n\n\n\n<p>a la ribera del rio<\/p>\n\n\n\n<p>bebederos de agua<\/p>\n\n\n\n<p>remansos de peces perdidos<\/p>\n\n\n\n<p>entre alerces y juncos<\/p>\n\n\n\n<p>entre \u00e1rboles densos<\/p>\n\n\n\n<p>entre troncos ca\u00eddos<\/p>\n\n\n\n<p>donde la lluvia<\/p>\n\n\n\n<p>levantaba el ras de agua<\/p>\n\n\n\n<p>y nos anclaba a la casa<\/p>\n\n\n\n<p>con las botas altas<\/p>\n\n\n\n<p>mojadas hasta la ca\u00f1a<\/p>\n\n\n\n<p>cuando las sillas<\/p>\n\n\n\n<p>a la noche sal\u00edan<\/p>\n\n\n\n<p>al ritmo de las historias<\/p>\n\n\n\n<p>de rostros cansados<\/p>\n\n\n\n<p>viejos, arrugados<\/p>\n\n\n\n<p>a la ca\u00edda de la noche<\/p>\n\n\n\n<p>entre frescos botijos<\/p>\n\n\n\n<p>de agua fr\u00eda<\/p>\n\n\n\n<p>de medios de vino<\/p>\n\n\n\n<p>de sonrisas<\/p>\n\n\n\n<p>de olor a zotal,<\/p>\n\n\n\n<p>a la misma vida<\/p>\n\n\n\n<p>de gradillas llenas de ni\u00f1os<\/p>\n\n\n\n<p>de empedradas calles<\/p>\n\n\n\n<p>alimentadas de las historias<\/p>\n\n\n\n<p>de los viejos, los que sab\u00edan<\/p>\n\n\n\n<p>ahora olvidados<\/p>\n\n\n\n<p>como si no supi\u00e9ramos<\/p>\n\n\n\n<p>que, de ellos, es la vida<\/p>\n\n\n\n<p>la que nos toca vivir<\/p>\n\n\n\n<p>ser\u00e1 nuestra<\/p>\n\n\n\n<p>la suya, lo es, seguro<\/p>\n\n\n\n<p>faroles viejos<\/p>\n\n\n\n<p>de luz vencida<\/p>\n\n\n\n<p>de pelar la pava<\/p>\n\n\n\n<p>de carabinas<\/p>\n\n\n\n<p>de exaltaci\u00f3n de vida,<\/p>\n\n\n\n<p>de renacida<\/p>\n\n\n\n<p>de cuando los ni\u00f1os<\/p>\n\n\n\n<p>parec\u00edan salir<\/p>\n\n\n\n<p>de todos los sitios,<\/p>\n\n\n\n<p>cuando la vida<\/p>\n\n\n\n<p>reventaba a pesar de todo<\/p>\n\n\n\n<p>cuando nada era previsto<\/p>\n\n\n\n<p>era lo que Dios quer\u00eda<\/p>\n\n\n\n<p>y si ven\u00eda, ven\u00eda<\/p>\n\n\n\n<p>y con ellos la esperanza<\/p>\n\n\n\n<p>o quiz\u00e1s la desesperaci\u00f3n<\/p>\n\n\n\n<p>el pan bajo el brazo<\/p>\n\n\n\n<p>o la maldici\u00f3n<\/p>\n\n\n\n<p>Orilla del rio<\/p>\n\n\n\n<p>De pobres<\/p>\n\n\n\n<p>De pobres de comida<\/p>\n\n\n\n<p>De humedades<\/p>\n\n\n\n<p>En casas vencidas<\/p>\n\n\n\n<p>De paredes gruesas<\/p>\n\n\n\n<p>Casi ca\u00eddas<\/p>\n\n\n\n<p>De cielos de palos de madera<\/p>\n\n\n\n<p>De terrizos de tierra vista<\/p>\n\n\n\n<p>De ropa de domingo<\/p>\n\n\n\n<p>\u00bfDe qui\u00e9n eres hijo?<\/p>\n\n\n\n<p>Tu familia es\u2026<\/p>\n\n\n\n<p>La de los muertos de hambre<\/p>\n\n\n\n<p>De los de toda la vida<\/p>\n\n\n\n<p>De cuando se levantaba el brazo<\/p>\n\n\n\n<p>Y se bajaba la vista<\/p>\n\n\n\n<p>A la orilla del rio<\/p>\n\n\n\n<p>Que de todo ha visto<\/p>\n\n\n\n<p>Tiempos lejanos<\/p>\n\n\n\n<p>Vividos, no olvidados<\/p>\n\n\n\n<p>En la penumbra que el tiempo<\/p>\n\n\n\n<p>Da a lo acontecido<\/p>\n\n\n\n<p>Entre callejas y callejones<\/p>\n\n\n\n<p>En plazas empedradas<\/p>\n\n\n\n<p>A la sombra de las iglesias<\/p>\n\n\n\n<p>De colegios de curas<\/p>\n\n\n\n<p>De ira reprimida<\/p>\n\n\n\n<p>De sexo olvidado<\/p>\n\n\n\n<p>De vida encarrilada<\/p>\n\n\n\n<p>De cuando el hombre<\/p>\n\n\n\n<p>Era solo\u2026<\/p>\n\n\n\n<p>Como ahora, algo nimio<\/p>\n\n\n\n<p>Y el rio corre,<\/p>\n\n\n\n<p>Viejo como la vida misma<\/p>\n\n\n\n<p>Cansado, cansino<\/p>\n\n\n\n<p>suave, ladino<\/p>\n\n\n\n<p>y aqu\u00ed sigo, aun,<\/p>\n\n\n\n<p>en la ribera de rio<strong><br><\/strong><\/p>\n<\/div><\/div>\n","protected":false},"excerpt":{"rendered":"<p>Nac\u00ed a la orilla de un rio Viejo como la vida misma Cansado, cansino suave, ladino a la ribera del rio de las ca\u00f1as de los \u00e1lamos erguidos a la sombra de los granados de los que ba\u00f1aba el rio entre molinos viejos de Lope Garc\u00eda donde las grullas en los campos tras los tractores &hellip; <\/p>\n<p class=\"link-more\"><a href=\"https:\/\/pedrocasiano.es\/?page_id=6254\" class=\"more-link\">Leer m\u00e1s<span class=\"screen-reader-text\"> \u00abNac\u00ed A La Orilla De Un Rio\u00bb<\/span><\/a><\/p>\n","protected":false},"author":1,"featured_media":0,"parent":0,"menu_order":0,"comment_status":"closed","ping_status":"closed","template":"","meta":{"inspiro_hide_title":false,"footnotes":""},"class_list":["post-6254","page","type-page","status-publish","hentry"],"featured_media_urls":[],"_links":{"self":[{"href":"https:\/\/pedrocasiano.es\/index.php?rest_route=\/wp\/v2\/pages\/6254","targetHints":{"allow":["GET"]}}],"collection":[{"href":"https:\/\/pedrocasiano.es\/index.php?rest_route=\/wp\/v2\/pages"}],"about":[{"href":"https:\/\/pedrocasiano.es\/index.php?rest_route=\/wp\/v2\/types\/page"}],"author":[{"embeddable":true,"href":"https:\/\/pedrocasiano.es\/index.php?rest_route=\/wp\/v2\/users\/1"}],"replies":[{"embeddable":true,"href":"https:\/\/pedrocasiano.es\/index.php?rest_route=%2Fwp%2Fv2%2Fcomments&post=6254"}],"version-history":[{"count":2,"href":"https:\/\/pedrocasiano.es\/index.php?rest_route=\/wp\/v2\/pages\/6254\/revisions"}],"predecessor-version":[{"id":10592,"href":"https:\/\/pedrocasiano.es\/index.php?rest_route=\/wp\/v2\/pages\/6254\/revisions\/10592"}],"wp:attachment":[{"href":"https:\/\/pedrocasiano.es\/index.php?rest_route=%2Fwp%2Fv2%2Fmedia&parent=6254"}],"curies":[{"name":"wp","href":"https:\/\/api.w.org\/{rel}","templated":true}]}}