{"id":6238,"date":"2024-03-26T07:26:27","date_gmt":"2024-03-26T07:26:27","guid":{"rendered":"https:\/\/pedrocasiano.es\/?page_id=6238"},"modified":"2024-03-26T07:26:28","modified_gmt":"2024-03-26T07:26:28","slug":"largo-cabello","status":"publish","type":"page","link":"https:\/\/pedrocasiano.es\/?page_id=6238","title":{"rendered":"Largo Cabello"},"content":{"rendered":"\n<div class=\"wp-block-media-text is-stacked-on-mobile is-vertically-aligned-top\" style=\"grid-template-columns:43% auto\"><figure class=\"wp-block-media-text__media\"><img decoding=\"async\" width=\"480\" height=\"640\" data-src=\"https:\/\/pedrocasiano.es\/wp-content\/uploads\/2024\/03\/ai-generated-8208064_1920peque.jpg\" alt=\"\" class=\"wp-image-6239 size-full lazyload\" src=\"data:image\/svg+xml;base64,PHN2ZyB3aWR0aD0iMSIgaGVpZ2h0PSIxIiB4bWxucz0iaHR0cDovL3d3dy53My5vcmcvMjAwMC9zdmciPjwvc3ZnPg==\" style=\"--smush-placeholder-width: 480px; --smush-placeholder-aspect-ratio: 480\/640;\" \/><\/figure><div class=\"wp-block-media-text__content\">\n<p>Largo cabello<\/p>\n\n\n\n<p>Sobre los hombros ca\u00eddo<\/p>\n\n\n\n<p>Cara blanca de pintada<\/p>\n\n\n\n<p>Marfile\u00f1a en la ma\u00f1ana<\/p>\n\n\n\n<p>Ojos negros y rasgados<\/p>\n\n\n\n<p>Al asombro grandes<\/p>\n\n\n\n<p>A la vida ensombrecidos<\/p>\n\n\n\n<p>Labios marcados por pincel fino<\/p>\n\n\n\n<p>Dibujados al mil\u00edmetro<strong><br><\/strong><\/p>\n<\/div><\/div>\n","protected":false},"excerpt":{"rendered":"<p>Largo cabello Sobre los hombros ca\u00eddo Cara blanca de pintada Marfile\u00f1a en la ma\u00f1ana Ojos negros y rasgados Al asombro grandes A la vida ensombrecidos Labios marcados por pincel fino Dibujados al mil\u00edmetro<\/p>\n","protected":false},"author":1,"featured_media":0,"parent":0,"menu_order":0,"comment_status":"closed","ping_status":"closed","template":"","meta":{"inspiro_hide_title":false,"footnotes":""},"class_list":["post-6238","page","type-page","status-publish","hentry"],"featured_media_urls":[],"_links":{"self":[{"href":"https:\/\/pedrocasiano.es\/index.php?rest_route=\/wp\/v2\/pages\/6238","targetHints":{"allow":["GET"]}}],"collection":[{"href":"https:\/\/pedrocasiano.es\/index.php?rest_route=\/wp\/v2\/pages"}],"about":[{"href":"https:\/\/pedrocasiano.es\/index.php?rest_route=\/wp\/v2\/types\/page"}],"author":[{"embeddable":true,"href":"https:\/\/pedrocasiano.es\/index.php?rest_route=\/wp\/v2\/users\/1"}],"replies":[{"embeddable":true,"href":"https:\/\/pedrocasiano.es\/index.php?rest_route=%2Fwp%2Fv2%2Fcomments&post=6238"}],"version-history":[{"count":2,"href":"https:\/\/pedrocasiano.es\/index.php?rest_route=\/wp\/v2\/pages\/6238\/revisions"}],"predecessor-version":[{"id":10502,"href":"https:\/\/pedrocasiano.es\/index.php?rest_route=\/wp\/v2\/pages\/6238\/revisions\/10502"}],"wp:attachment":[{"href":"https:\/\/pedrocasiano.es\/index.php?rest_route=%2Fwp%2Fv2%2Fmedia&parent=6238"}],"curies":[{"name":"wp","href":"https:\/\/api.w.org\/{rel}","templated":true}]}}