{"id":6116,"date":"2024-03-21T06:49:58","date_gmt":"2024-03-21T06:49:58","guid":{"rendered":"https:\/\/pedrocasiano.es\/?page_id=6116"},"modified":"2024-03-21T06:49:58","modified_gmt":"2024-03-21T06:49:58","slug":"cordoba","status":"publish","type":"page","link":"https:\/\/pedrocasiano.es\/?page_id=6116","title":{"rendered":"C\u00f3rdoba"},"content":{"rendered":"\n<figure class=\"wp-block-image alignleft size-full is-resized\"><img decoding=\"async\" width=\"640\" height=\"425\" data-src=\"https:\/\/pedrocasiano.es\/wp-content\/uploads\/2024\/03\/DSC_2304-1peque.jpg\" alt=\"\" class=\"wp-image-6117 lazyload\" style=\"--smush-placeholder-width: 640px; --smush-placeholder-aspect-ratio: 640\/425;width:459px;height:auto\" src=\"data:image\/svg+xml;base64,PHN2ZyB3aWR0aD0iMSIgaGVpZ2h0PSIxIiB4bWxucz0iaHR0cDovL3d3dy53My5vcmcvMjAwMC9zdmciPjwvc3ZnPg==\" \/><\/figure>\n\n\n\n<p>Amante fr\u00eda, distante, que te alejas con el frio, como una diosa de obsidiana, g\u00e9lida, distante, con apenas las ramas yertas de tus geranios bald\u00edos.<\/p>\n\n\n\n<p>Balcones muertos, callejas fr\u00edas, de piedra tus caminos, desiguales y malvados, que te invitan a seguir por otros lares, amor m\u00edo.<\/p>\n\n\n\n<p>El aire se embravece en las apenas abiertas callejas, haciendo que tu coraz\u00f3n se encoja al sentirlo, ese aire de la sierra, que viene queriendo helar tu alma.<\/p>\n\n\n\n<p>Amante antigua, hembra cerrada a cualquier sentimiento, escarcha, hielo sobre los bordillos.<\/p>\n\n\n\n<p>Esqueletos de \u00e1rboles en edificios antiguos, casi a caerse decididos, color albero apagado, de su brillante color extinguido.<\/p>\n\n\n\n<p>Im\u00e1genes de v\u00edrgenes, de santos de blanco sucio, y en las callejas estrechas el susurro del aire que te congela el vah\u00eddo.<\/p>\n\n\n\n<p>Solo flores de Pascua en alg\u00fan balc\u00f3n perdido, el \u00fanico color, el rojo que ha permanecido.<\/p>\n\n\n\n<p>Queda mirar tras de las ventanas abiertas como pasa rudo el frio, por los cristales de vaho translucidos.<\/p>\n\n\n\n<p>Y mi amante se encierra tras el m\u00e1s triste vestido, perdido cualquier amago de amor, de cualquier m\u00edsero sentido.<\/p>\n\n\n\n<p>El agua corre por todos los sitios, y mi alma al verte se ha encogido, de tristeza, de sin sentido, \u00bfcu\u00e1nto he de esperar amor m\u00edo?<\/p>\n\n\n\n<p>Tu candor ha desaparecido, como si nunca hubiera existido, \u00bfd\u00f3nde est\u00e1n tus colores, tu calidez, tu amor\u00edo?<\/p>\n\n\n\n<p>San Rafael, all\u00ed arriba, en su columna, mecido por los mil vientos, la sonrisa parece haber perdido.<\/p>\n\n\n\n<p>La mezquita, soberana de este sitio, bajo el color de negras nubes, parece triste, abatida, que por el sol naci\u00f3, y ahora sola se protege de la lluvia, de negro colorido.<\/p>\n\n\n\n<p>Solo el sonar de tacones, de pisadas, cortas, r\u00e1pidas, del tiempo huidas, hacen resonar tus calles, en otro momento llenas de vida y colores.<\/p>\n\n\n\n<p>Hasta el sol se ha escondido, llora de pena de quitarte el colorido.<\/p>\n\n\n\n<p>Parece que nunca, que no has tenido, lo que conservo en la mente, el color de tu vestido.<\/p>\n","protected":false},"excerpt":{"rendered":"<p>Amante fr\u00eda, distante, que te alejas con el frio, como una diosa de obsidiana, g\u00e9lida, distante, con apenas las ramas yertas de tus geranios bald\u00edos. Balcones muertos, callejas fr\u00edas, de piedra tus caminos, desiguales y malvados, que te invitan a seguir por otros lares, amor m\u00edo. El aire se embravece en las apenas abiertas callejas, &hellip; <\/p>\n<p class=\"link-more\"><a href=\"https:\/\/pedrocasiano.es\/?page_id=6116\" class=\"more-link\">Leer m\u00e1s<span class=\"screen-reader-text\"> \u00abC\u00f3rdoba\u00bb<\/span><\/a><\/p>\n","protected":false},"author":1,"featured_media":0,"parent":0,"menu_order":0,"comment_status":"closed","ping_status":"closed","template":"","meta":{"inspiro_hide_title":false,"footnotes":""},"class_list":["post-6116","page","type-page","status-publish","hentry"],"featured_media_urls":[],"_links":{"self":[{"href":"https:\/\/pedrocasiano.es\/index.php?rest_route=\/wp\/v2\/pages\/6116","targetHints":{"allow":["GET"]}}],"collection":[{"href":"https:\/\/pedrocasiano.es\/index.php?rest_route=\/wp\/v2\/pages"}],"about":[{"href":"https:\/\/pedrocasiano.es\/index.php?rest_route=\/wp\/v2\/types\/page"}],"author":[{"embeddable":true,"href":"https:\/\/pedrocasiano.es\/index.php?rest_route=\/wp\/v2\/users\/1"}],"replies":[{"embeddable":true,"href":"https:\/\/pedrocasiano.es\/index.php?rest_route=%2Fwp%2Fv2%2Fcomments&post=6116"}],"version-history":[{"count":2,"href":"https:\/\/pedrocasiano.es\/index.php?rest_route=\/wp\/v2\/pages\/6116\/revisions"}],"predecessor-version":[{"id":10245,"href":"https:\/\/pedrocasiano.es\/index.php?rest_route=\/wp\/v2\/pages\/6116\/revisions\/10245"}],"wp:attachment":[{"href":"https:\/\/pedrocasiano.es\/index.php?rest_route=%2Fwp%2Fv2%2Fmedia&parent=6116"}],"curies":[{"name":"wp","href":"https:\/\/api.w.org\/{rel}","templated":true}]}}