{"id":6102,"date":"2024-03-21T06:38:50","date_gmt":"2024-03-21T06:38:50","guid":{"rendered":"https:\/\/pedrocasiano.es\/?page_id=6102"},"modified":"2024-03-21T06:38:50","modified_gmt":"2024-03-21T06:38:50","slug":"alondras-vi-el-otro-dia","status":"publish","type":"page","link":"https:\/\/pedrocasiano.es\/?page_id=6102","title":{"rendered":"Alondras vi el otro D\u00eda"},"content":{"rendered":"\n<div class=\"wp-block-media-text is-stacked-on-mobile is-vertically-aligned-top\" style=\"grid-template-columns:41% auto\"><figure class=\"wp-block-media-text__media\"><img decoding=\"async\" width=\"427\" height=\"640\" data-src=\"https:\/\/pedrocasiano.es\/wp-content\/uploads\/2024\/03\/lark-8173639_1920peque.jpg\" alt=\"\" class=\"wp-image-6103 size-full lazyload\" src=\"data:image\/svg+xml;base64,PHN2ZyB3aWR0aD0iMSIgaGVpZ2h0PSIxIiB4bWxucz0iaHR0cDovL3d3dy53My5vcmcvMjAwMC9zdmciPjwvc3ZnPg==\" style=\"--smush-placeholder-width: 427px; --smush-placeholder-aspect-ratio: 427\/640;\" \/><\/figure><div class=\"wp-block-media-text__content\">\n<p>Alondras vi el otro d\u00eda<\/p>\n\n\n\n<p>En la atardec\u00eda<\/p>\n\n\n\n<p>Con los buches llenos<\/p>\n\n\n\n<p>De agua de vida<\/p>\n\n\n\n<p>A sus nidos llenar<\/p>\n\n\n\n<p>Y me sent\u00e9 en la plaza<\/p>\n\n\n\n<p>Para verlas volar<\/p>\n\n\n\n<p>Y me quede esperando el fresco<\/p>\n\n\n\n<p>Que se hizo de rogar<\/p>\n\n\n\n<p>La fuente cantaba humedad<\/p>\n\n\n\n<p>Que el calor echaba a callar<\/p>\n\n\n\n<p>Pero el rumor de agua cayendo<\/p>\n\n\n\n<p>Me iba diciendo<\/p>\n\n\n\n<p>Que la noche en su frescura<\/p>\n\n\n\n<p>Pronto, negra y oscura<\/p>\n\n\n\n<p>Traer\u00eda con ella<\/p>\n\n\n\n<p>La tranquilidad<\/p>\n\n\n\n<p>Despu\u00e9s de una velada dura<\/p>\n\n\n\n<p>Al sol de esta Andaluc\u00eda<\/p>\n\n\n\n<p>Que parece que en verano<\/p>\n\n\n\n<p>Con todos quiere acabar<\/p>\n\n\n\n<p>Y me pregunta la gente<\/p>\n\n\n\n<p>Cuando digo de donde ven\u00eda<\/p>\n\n\n\n<p>Como podremos aguantar<\/p>\n\n\n\n<p>Esta tierra tan caliente y fr\u00eda<\/p>\n\n\n\n<p>Y no se responder al extra\u00f1o<\/p>\n\n\n\n<p>Solo que cuando miro<\/p>\n\n\n\n<p>Creo que pasan d\u00edas y son a\u00f1os<\/p>\n\n\n\n<p>Y la juventud perd\u00eda<\/p>\n\n\n\n<p>A tu gente que aqu\u00ed cr\u00edas<\/p>\n\n\n\n<p>Y a la vejez te preguntas<\/p>\n\n\n\n<p>\u00bfPorque yo la cambiaria?<\/p>\n\n\n\n<p>A esta calurosa tierra<\/p>\n\n\n\n<p>Coraz\u00f3n de Andaluc\u00eda<strong><br><\/strong><\/p>\n<\/div><\/div>\n","protected":false},"excerpt":{"rendered":"<p>Alondras vi el otro d\u00eda En la atardec\u00eda Con los buches llenos De agua de vida A sus nidos llenar Y me sent\u00e9 en la plaza Para verlas volar Y me quede esperando el fresco Que se hizo de rogar La fuente cantaba humedad Que el calor echaba a callar Pero el rumor de agua &hellip; <\/p>\n<p class=\"link-more\"><a href=\"https:\/\/pedrocasiano.es\/?page_id=6102\" class=\"more-link\">Leer m\u00e1s<span class=\"screen-reader-text\"> \u00abAlondras vi el otro D\u00eda\u00bb<\/span><\/a><\/p>\n","protected":false},"author":1,"featured_media":0,"parent":0,"menu_order":0,"comment_status":"closed","ping_status":"closed","template":"","meta":{"inspiro_hide_title":false,"footnotes":""},"class_list":["post-6102","page","type-page","status-publish","hentry"],"featured_media_urls":[],"_links":{"self":[{"href":"https:\/\/pedrocasiano.es\/index.php?rest_route=\/wp\/v2\/pages\/6102","targetHints":{"allow":["GET"]}}],"collection":[{"href":"https:\/\/pedrocasiano.es\/index.php?rest_route=\/wp\/v2\/pages"}],"about":[{"href":"https:\/\/pedrocasiano.es\/index.php?rest_route=\/wp\/v2\/types\/page"}],"author":[{"embeddable":true,"href":"https:\/\/pedrocasiano.es\/index.php?rest_route=\/wp\/v2\/users\/1"}],"replies":[{"embeddable":true,"href":"https:\/\/pedrocasiano.es\/index.php?rest_route=%2Fwp%2Fv2%2Fcomments&post=6102"}],"version-history":[{"count":2,"href":"https:\/\/pedrocasiano.es\/index.php?rest_route=\/wp\/v2\/pages\/6102\/revisions"}],"predecessor-version":[{"id":10122,"href":"https:\/\/pedrocasiano.es\/index.php?rest_route=\/wp\/v2\/pages\/6102\/revisions\/10122"}],"wp:attachment":[{"href":"https:\/\/pedrocasiano.es\/index.php?rest_route=%2Fwp%2Fv2%2Fmedia&parent=6102"}],"curies":[{"name":"wp","href":"https:\/\/api.w.org\/{rel}","templated":true}]}}