{"id":5712,"date":"2024-03-08T08:21:29","date_gmt":"2024-03-08T08:21:29","guid":{"rendered":"https:\/\/pedrocasiano.es\/?page_id=5712"},"modified":"2024-03-08T08:21:29","modified_gmt":"2024-03-08T08:21:29","slug":"hoy-me-preguntaba","status":"publish","type":"page","link":"https:\/\/pedrocasiano.es\/?page_id=5712","title":{"rendered":"Hoy me Preguntaba&#8230;"},"content":{"rendered":"\n<figure class=\"wp-block-image alignright size-full is-resized\"><img decoding=\"async\" width=\"800\" height=\"495\" data-src=\"https:\/\/pedrocasiano.es\/wp-content\/uploads\/2024\/03\/alone-8603184_1920peque.jpg\" alt=\"\" class=\"wp-image-5713 lazyload\" style=\"--smush-placeholder-width: 800px; --smush-placeholder-aspect-ratio: 800\/495;width:596px;height:auto\" src=\"data:image\/svg+xml;base64,PHN2ZyB3aWR0aD0iMSIgaGVpZ2h0PSIxIiB4bWxucz0iaHR0cDovL3d3dy53My5vcmcvMjAwMC9zdmciPjwvc3ZnPg==\" \/><\/figure>\n\n\n\n<p>Hoy me preguntaba porque la mayor\u00eda de mis reflexiones son tristes, quiz\u00e1s he tardado en responder una mil\u00e9sima de segundo, quiz\u00e1s menos, era f\u00e1cil, mi mente la devolvi\u00f3 como si fuera una pelota contra la pared, cuando estoy feliz, no necesito escribirlo.<\/p>\n\n\n\n<p>Respuesta f\u00e1cil, quiz\u00e1s demasiado, para m\u00ed no existe la felicidad absoluta, que no sea la de aquellos que perdieron la mente en su totalidad, y no recuerdan lo que era, la infelicidad, m\u00e1s de lo mismo, la tristeza, se replica en la misma respuesta, tiene grados, de m\u00e1s, de menos, es imposible ser completamente feliz, pero la tristeza es abierta a ser m\u00e1s o menos, as\u00ed que cuando escribo, en este como en muchos casos, mirando por el cristal a la calle, no es que sea infeliz, que est\u00e9 triste, es como si algo, consiguiera que las ruedas de mi vida, no se deslizaran con comodidad por la vida.<\/p>\n\n\n\n<p>Hoy, me siento as\u00ed, miro la ventana, como siempre, no tengo muchas m\u00e1s opciones, y lo que veo a trav\u00e9s de los cristales, es lo mismo de d\u00edas anteriores, de d\u00edas precedentes, de \u00e9pocas atr\u00e1s, y se repite, con la constancia de la sencillez, y como casi siempre, suspiro, hoy tambi\u00e9n, el frio no lo veo, pero ah\u00ed est\u00e1, la gente que pasea por la calle, no es la misma, seguro que no se repite, pero a fin de cuentas, no es importante, como todo, como el acontecer diario, y contin\u00fao mirando por los cristales, contemplando las volutas del humo de un cigarro que mata y da la vida, cosas extra\u00f1as de los fumadores, que saben, y no quieren saber, y adem\u00e1s de regalo, el vaho que llena el cristal pidi\u00e9ndome, como si estuviera de nuevo en la infancia, que escriba, \u00bfel qu\u00e9?, no lo s\u00e9, pero muevo los dedos, \u00bfqu\u00e9 sale?, solo unas formas infantiles de alguien que hace mucho que dejo de serlo, y adem\u00e1s, peor a\u00fan, me ha gustado.<\/p>\n\n\n\n<p>Todo se retrata en s\u00ed mismo, mi reflejo en el cristal, apenas desva\u00eddo, el aliento, las volutas\u2026, acompa\u00f1antes cotidianos para unos minutos, cuando no horas, de contemplar lo mismo, como si hubiera perdido la cordura, pero no, no es eso, es simplemente\u2026, no s\u00e9 lo que es\u2026, y bien es cierto que no me importa, me gusta mirar, como si fuera importante, el vidrio que me separa de la realidad, pero que me permite contemplarla.<\/p>\n","protected":false},"excerpt":{"rendered":"<p>Hoy me preguntaba porque la mayor\u00eda de mis reflexiones son tristes, quiz\u00e1s he tardado en responder una mil\u00e9sima de segundo, quiz\u00e1s menos, era f\u00e1cil, mi mente la devolvi\u00f3 como si fuera una pelota contra la pared, cuando estoy feliz, no necesito escribirlo. Respuesta f\u00e1cil, quiz\u00e1s demasiado, para m\u00ed no existe la felicidad absoluta, que no &hellip; <\/p>\n<p class=\"link-more\"><a href=\"https:\/\/pedrocasiano.es\/?page_id=5712\" class=\"more-link\">Leer m\u00e1s<span class=\"screen-reader-text\"> \u00abHoy me Preguntaba&#8230;\u00bb<\/span><\/a><\/p>\n","protected":false},"author":1,"featured_media":0,"parent":0,"menu_order":0,"comment_status":"closed","ping_status":"closed","template":"","meta":{"inspiro_hide_title":false,"footnotes":""},"class_list":["post-5712","page","type-page","status-publish","hentry"],"featured_media_urls":[],"_links":{"self":[{"href":"https:\/\/pedrocasiano.es\/index.php?rest_route=\/wp\/v2\/pages\/5712","targetHints":{"allow":["GET"]}}],"collection":[{"href":"https:\/\/pedrocasiano.es\/index.php?rest_route=\/wp\/v2\/pages"}],"about":[{"href":"https:\/\/pedrocasiano.es\/index.php?rest_route=\/wp\/v2\/types\/page"}],"author":[{"embeddable":true,"href":"https:\/\/pedrocasiano.es\/index.php?rest_route=\/wp\/v2\/users\/1"}],"replies":[{"embeddable":true,"href":"https:\/\/pedrocasiano.es\/index.php?rest_route=%2Fwp%2Fv2%2Fcomments&post=5712"}],"version-history":[{"count":1,"href":"https:\/\/pedrocasiano.es\/index.php?rest_route=\/wp\/v2\/pages\/5712\/revisions"}],"predecessor-version":[{"id":5714,"href":"https:\/\/pedrocasiano.es\/index.php?rest_route=\/wp\/v2\/pages\/5712\/revisions\/5714"}],"wp:attachment":[{"href":"https:\/\/pedrocasiano.es\/index.php?rest_route=%2Fwp%2Fv2%2Fmedia&parent=5712"}],"curies":[{"name":"wp","href":"https:\/\/api.w.org\/{rel}","templated":true}]}}