{"id":5691,"date":"2024-03-08T07:54:42","date_gmt":"2024-03-08T07:54:42","guid":{"rendered":"https:\/\/pedrocasiano.es\/?page_id=5691"},"modified":"2024-03-08T07:54:43","modified_gmt":"2024-03-08T07:54:43","slug":"hace-un-par-de-dias","status":"publish","type":"page","link":"https:\/\/pedrocasiano.es\/?page_id=5691","title":{"rendered":"Hace un Par de D\u00edas"},"content":{"rendered":"\n<figure class=\"wp-block-image alignleft size-full is-resized\"><img decoding=\"async\" width=\"800\" height=\"450\" data-src=\"https:\/\/pedrocasiano.es\/wp-content\/uploads\/2024\/03\/nerve-cells-2213009_1920peque.jpg\" alt=\"\" class=\"wp-image-5692 lazyload\" style=\"--smush-placeholder-width: 800px; --smush-placeholder-aspect-ratio: 800\/450;width:581px;height:auto\" src=\"data:image\/svg+xml;base64,PHN2ZyB3aWR0aD0iMSIgaGVpZ2h0PSIxIiB4bWxucz0iaHR0cDovL3d3dy53My5vcmcvMjAwMC9zdmciPjwvc3ZnPg==\" \/><\/figure>\n\n\n\n<p>Hace un par de d\u00edas termine otro libro, si, otro m\u00e1s, no se publicar\u00e1n, pero por lo menos me liberan la mente de otros pensamientos a los que soy dado a enfangarme en ellos.<\/p>\n\n\n\n<p>Despu\u00e9s del esfuerzo, con la satisfacci\u00f3n de que lo que has hecho est\u00e1 bien, que con eso es suficiente, te viene lo que llamo momentos \u201cChof\u201d, los de la depre, aquellos en los que todo parec\u00eda todo maravilloso, se cambian por fragmentos escritos por un Dante fumado.<\/p>\n\n\n\n<p>\u00a1Como es el cerebro humano!, no vale la continuidad, siempre tienes que llevar la espada levantada, mientras escribes te sientes animado, todo te parece poco, no duermes, la cabeza vuela como un dardo disparado y el coraz\u00f3n se te sale por la boca, y corres, como si fuera lo \u00fanico necesario en tu mini cosmos, y terminas, y sin darte cuenta te quedas mirando a la pared, sin nada que hacer, ni en la cabeza un argumento, ni una sola l\u00ednea por escribir, y la vida te cae con su malvado peso, en un momento, en un instante te das cuenta de que est\u00e1s viejo, de que nada de lo que has hecho vale para nada, sientes ganas de borrar el libro, de destruirlo, y en las noches no cuentas las veces que volteas en la cama, pero son muchas, tantas, que la marea rula menos, y el coraz\u00f3n se te vuelve a salir por la boca, de angustia, de sofoco, de pedir que por la ma\u00f1ana no despiertes, y de vez en cuando, salvador reflejo, piensas que con los d\u00edas se pasar\u00e1, que no es miedo a la muerte sino al sufrimiento, de&nbsp; que la \u00fanica validez que hace falta es la tuya, que a fin de cuentas\u2026<\/p>\n\n\n\n<p>Por eso, pienso, en mi ego\u00edsmo, que, si me hubieran pedido nacer, hubiera dicho que no, a pesar de que la vida me ha dado todo, pero tambi\u00e9n me lo ha quitado, me ha dado salud, que he reventado de tanto trabajar, y al final, una vida a la que le ves el final, incierto, triste, de manual de recetas de termomix, pagina 25, accesorios, la muerte le sobrevendr\u00e1\u2026<\/p>\n\n\n\n<p>Otra locura m\u00e1s, y sigues mirando a la pared, esperando que te conteste a la pregunta que hiciste mil a\u00f1os atr\u00e1s, \u00bfy qu\u00e9?<\/p>\n","protected":false},"excerpt":{"rendered":"<p>Hace un par de d\u00edas termine otro libro, si, otro m\u00e1s, no se publicar\u00e1n, pero por lo menos me liberan la mente de otros pensamientos a los que soy dado a enfangarme en ellos. Despu\u00e9s del esfuerzo, con la satisfacci\u00f3n de que lo que has hecho est\u00e1 bien, que con eso es suficiente, te viene &hellip; <\/p>\n<p class=\"link-more\"><a href=\"https:\/\/pedrocasiano.es\/?page_id=5691\" class=\"more-link\">Leer m\u00e1s<span class=\"screen-reader-text\"> \u00abHace un Par de D\u00edas\u00bb<\/span><\/a><\/p>\n","protected":false},"author":1,"featured_media":0,"parent":0,"menu_order":0,"comment_status":"closed","ping_status":"closed","template":"","meta":{"inspiro_hide_title":false,"footnotes":""},"class_list":["post-5691","page","type-page","status-publish","hentry"],"featured_media_urls":[],"_links":{"self":[{"href":"https:\/\/pedrocasiano.es\/index.php?rest_route=\/wp\/v2\/pages\/5691","targetHints":{"allow":["GET"]}}],"collection":[{"href":"https:\/\/pedrocasiano.es\/index.php?rest_route=\/wp\/v2\/pages"}],"about":[{"href":"https:\/\/pedrocasiano.es\/index.php?rest_route=\/wp\/v2\/types\/page"}],"author":[{"embeddable":true,"href":"https:\/\/pedrocasiano.es\/index.php?rest_route=\/wp\/v2\/users\/1"}],"replies":[{"embeddable":true,"href":"https:\/\/pedrocasiano.es\/index.php?rest_route=%2Fwp%2Fv2%2Fcomments&post=5691"}],"version-history":[{"count":1,"href":"https:\/\/pedrocasiano.es\/index.php?rest_route=\/wp\/v2\/pages\/5691\/revisions"}],"predecessor-version":[{"id":5693,"href":"https:\/\/pedrocasiano.es\/index.php?rest_route=\/wp\/v2\/pages\/5691\/revisions\/5693"}],"wp:attachment":[{"href":"https:\/\/pedrocasiano.es\/index.php?rest_route=%2Fwp%2Fv2%2Fmedia&parent=5691"}],"curies":[{"name":"wp","href":"https:\/\/api.w.org\/{rel}","templated":true}]}}