{"id":5579,"date":"2024-03-04T15:34:21","date_gmt":"2024-03-04T15:34:21","guid":{"rendered":"https:\/\/pedrocasiano.es\/?page_id=5579"},"modified":"2024-03-04T15:34:22","modified_gmt":"2024-03-04T15:34:22","slug":"hoy-te-he-visto-pasear-cerca-de-los-setos","status":"publish","type":"page","link":"https:\/\/pedrocasiano.es\/?page_id=5579","title":{"rendered":"Hoy Te He Visto Pasear Cerca De Los Setos"},"content":{"rendered":"\n<figure class=\"wp-block-image alignleft size-full\"><img decoding=\"async\" width=\"600\" height=\"400\" data-src=\"https:\/\/pedrocasiano.es\/wp-content\/uploads\/2024\/03\/vietnamese-woman-7775904_1920peque.jpg\" alt=\"\" class=\"wp-image-5580 lazyload\" src=\"data:image\/svg+xml;base64,PHN2ZyB3aWR0aD0iMSIgaGVpZ2h0PSIxIiB4bWxucz0iaHR0cDovL3d3dy53My5vcmcvMjAwMC9zdmciPjwvc3ZnPg==\" style=\"--smush-placeholder-width: 600px; --smush-placeholder-aspect-ratio: 600\/400;\" \/><\/figure>\n\n\n\n<p>Hoy te he visto pasear cerca de los setos, en el jard\u00edn que bordea tu casa, cerca de la fuente que corona una cruz oxidada.<\/p>\n\n\n\n<p>&nbsp;&nbsp;&nbsp;&nbsp;&nbsp;&nbsp;&nbsp;&nbsp;&nbsp;&nbsp;&nbsp;&nbsp;&nbsp; El sol te ba\u00f1aba la cara, haciendo que los bucles de tu pelo fueran a\u00fan m\u00e1s rubios, m\u00e1s claros, m\u00e1s bellos.<\/p>\n\n\n\n<p>&nbsp;&nbsp;&nbsp;&nbsp;&nbsp;&nbsp;&nbsp;&nbsp;&nbsp;&nbsp;&nbsp;&nbsp;&nbsp; Te mir\u00e9 y no me viste, hablabas con tus dos amigas, y sonre\u00edas, y el cielo se abri\u00f3 como si tuvieras la llave de \u00e9l escondida tras de tus labios.<\/p>\n\n\n\n<p>&nbsp;&nbsp;&nbsp;&nbsp;&nbsp;&nbsp;&nbsp;&nbsp;&nbsp;&nbsp;&nbsp;&nbsp;&nbsp; Te tapabas con los libros, que suerte la de ellos, que pod\u00edan estar cerca de ti, sentirte, y not\u00e9 como la envidia surg\u00eda en m\u00ed, como la que no he sentido en mi vida, algo extra\u00f1o me recorri\u00f3 el cuerpo, como si odiara el contacto de ellos sobre tu pecho.<\/p>\n\n\n\n<p>&nbsp;&nbsp;&nbsp;&nbsp;&nbsp;&nbsp;&nbsp;&nbsp;&nbsp;&nbsp;&nbsp;&nbsp;&nbsp; Locuras, solo locuras, son lo que mi mete teje en el telar de tu belleza, y te miro, incansablemente, inadvertidamente, con la pasi\u00f3n del que nada espera y todo quiere.<\/p>\n\n\n\n<p>&nbsp;&nbsp;&nbsp;&nbsp;&nbsp;&nbsp;&nbsp;&nbsp;&nbsp;&nbsp;&nbsp;&nbsp;&nbsp; Mi pecho se llena de aire, y despu\u00e9s como si fuera tu aliento, intento no dejarlo escapar de dentro, pero huye, como t\u00fa, que nada sabes, que nada temes, que\u2026 solo te miro, y me siento feliz\u2026 y triste, no me ves, soy invisible, como si fuera aire, como si fuera\u2026 mejor como si no fuera, y caminas, sonr\u00edes, ajena a m\u00ed, y lloro, sin l\u00e1grimas, desconsoladamente, pues no hay nada m\u00e1s horrible que no ser capaz de dar ese salto, peque\u00f1o e inconmensurable, de acercarme a ti.<\/p>\n\n\n\n<p>&nbsp;&nbsp;&nbsp;&nbsp;&nbsp;&nbsp;&nbsp;&nbsp;&nbsp;&nbsp;&nbsp;&nbsp;&nbsp; Suspiro, y veo c\u00f3mo te alejas, camino arriba, rodeada de tus amigas, tu silueta se pierde en el vano del fulgor de los destellos del sol de la ma\u00f1ana, y\u2026<strong><br><\/strong><\/p>\n","protected":false},"excerpt":{"rendered":"<p>Hoy te he visto pasear cerca de los setos, en el jard\u00edn que bordea tu casa, cerca de la fuente que corona una cruz oxidada. &nbsp;&nbsp;&nbsp;&nbsp;&nbsp;&nbsp;&nbsp;&nbsp;&nbsp;&nbsp;&nbsp;&nbsp;&nbsp; El sol te ba\u00f1aba la cara, haciendo que los bucles de tu pelo fueran a\u00fan m\u00e1s rubios, m\u00e1s claros, m\u00e1s bellos. &nbsp;&nbsp;&nbsp;&nbsp;&nbsp;&nbsp;&nbsp;&nbsp;&nbsp;&nbsp;&nbsp;&nbsp;&nbsp; Te mir\u00e9 y no me viste, hablabas &hellip; <\/p>\n<p class=\"link-more\"><a href=\"https:\/\/pedrocasiano.es\/?page_id=5579\" class=\"more-link\">Leer m\u00e1s<span class=\"screen-reader-text\"> \u00abHoy Te He Visto Pasear Cerca De Los Setos\u00bb<\/span><\/a><\/p>\n","protected":false},"author":1,"featured_media":0,"parent":0,"menu_order":0,"comment_status":"closed","ping_status":"closed","template":"","meta":{"inspiro_hide_title":false,"footnotes":""},"class_list":["post-5579","page","type-page","status-publish","hentry"],"featured_media_urls":[],"_links":{"self":[{"href":"https:\/\/pedrocasiano.es\/index.php?rest_route=\/wp\/v2\/pages\/5579","targetHints":{"allow":["GET"]}}],"collection":[{"href":"https:\/\/pedrocasiano.es\/index.php?rest_route=\/wp\/v2\/pages"}],"about":[{"href":"https:\/\/pedrocasiano.es\/index.php?rest_route=\/wp\/v2\/types\/page"}],"author":[{"embeddable":true,"href":"https:\/\/pedrocasiano.es\/index.php?rest_route=\/wp\/v2\/users\/1"}],"replies":[{"embeddable":true,"href":"https:\/\/pedrocasiano.es\/index.php?rest_route=%2Fwp%2Fv2%2Fcomments&post=5579"}],"version-history":[{"count":1,"href":"https:\/\/pedrocasiano.es\/index.php?rest_route=\/wp\/v2\/pages\/5579\/revisions"}],"predecessor-version":[{"id":5581,"href":"https:\/\/pedrocasiano.es\/index.php?rest_route=\/wp\/v2\/pages\/5579\/revisions\/5581"}],"wp:attachment":[{"href":"https:\/\/pedrocasiano.es\/index.php?rest_route=%2Fwp%2Fv2%2Fmedia&parent=5579"}],"curies":[{"name":"wp","href":"https:\/\/api.w.org\/{rel}","templated":true}]}}