{"id":5573,"date":"2024-03-04T15:27:45","date_gmt":"2024-03-04T15:27:45","guid":{"rendered":"https:\/\/pedrocasiano.es\/?page_id=5573"},"modified":"2024-03-04T15:27:45","modified_gmt":"2024-03-04T15:27:45","slug":"la-maldicion-de-cordoba","status":"publish","type":"page","link":"https:\/\/pedrocasiano.es\/?page_id=5573","title":{"rendered":"La Maldici\u00f3n De C\u00f3rdoba"},"content":{"rendered":"\n<figure class=\"wp-block-image alignleft size-full\"><img decoding=\"async\" width=\"600\" height=\"400\" data-src=\"https:\/\/pedrocasiano.es\/wp-content\/uploads\/2024\/03\/boxing-4339271_1920peque.jpg\" alt=\"\" class=\"wp-image-5574 lazyload\" src=\"data:image\/svg+xml;base64,PHN2ZyB3aWR0aD0iMSIgaGVpZ2h0PSIxIiB4bWxucz0iaHR0cDovL3d3dy53My5vcmcvMjAwMC9zdmciPjwvc3ZnPg==\" style=\"--smush-placeholder-width: 600px; --smush-placeholder-aspect-ratio: 600\/400;\" \/><\/figure>\n\n\n\n<p>Somos gente muy v\u00e1lida, no lo digo por m\u00ed, sino porque todo el que se va de aqu\u00ed, triunfa, y es bien valorado.<\/p>\n\n\n\n<p>&nbsp;&nbsp;&nbsp;&nbsp;&nbsp;&nbsp;&nbsp;&nbsp;&nbsp;&nbsp;&nbsp;&nbsp;&nbsp; \u00bfEn ese caso que es lo que le pasa a C\u00f3rdoba, que adem\u00e1s est\u00e1 llena de esa gente v\u00e1lida y triunfadora, es decir cordobeses?<\/p>\n\n\n\n<p>&nbsp;&nbsp;&nbsp;&nbsp;&nbsp;&nbsp;&nbsp;&nbsp;&nbsp;&nbsp;&nbsp;&nbsp;&nbsp; Por supuesto yo no tengo cualificaci\u00f3n profesional para realizar dict\u00e1menes acad\u00e9micos de psicolog\u00eda ni similares, pero como aqu\u00ed decimos, \u201cm\u00e1s sabe el diablo por viejo, que por diablo\u201d, y permiti\u00e9ndome, creo, la cantidad de trienios que llevo en la funci\u00f3n de cordob\u00e9s a tiempo completo, me voy a permitir dar mi opini\u00f3n, que, por supuesto nadie me ha pedido, adem\u00e1s bas\u00e1ndome en la premisa \u201cConsejos vendo, que para m\u00ed no tengo\u201d.<\/p>\n\n\n\n<p>&nbsp;&nbsp;&nbsp;&nbsp;&nbsp;&nbsp;&nbsp;&nbsp;&nbsp;&nbsp;&nbsp;&nbsp;&nbsp; Dicho esto, como preliminar a la seguramente err\u00f3nea opini\u00f3n, paso a desarrollarla en muy pocas palabras \u201ctenemos muy mala leche\u201d.<\/p>\n\n\n\n<p>&nbsp;&nbsp;&nbsp;&nbsp;&nbsp;&nbsp;&nbsp;&nbsp;&nbsp;&nbsp;&nbsp;&nbsp;&nbsp; Dicho as\u00ed, suena mal, pero mi intenci\u00f3n al escribirlas, se queda corta. \u201cM\u00e1s mala leche que un rezno cabreado\u201d<\/p>\n\n\n\n<p>&nbsp;&nbsp;&nbsp;&nbsp;&nbsp;&nbsp;&nbsp;&nbsp;&nbsp;&nbsp;&nbsp;&nbsp;&nbsp; Ahondando en los ep\u00edtetos, a\u00f1adir\u00eda prepotentes, atravesados y bastante chulos.<\/p>\n\n\n\n<p>&nbsp;&nbsp;&nbsp;&nbsp;&nbsp;&nbsp;&nbsp;&nbsp;&nbsp;&nbsp;&nbsp;&nbsp;&nbsp; \u00bfEn que se basa tan rotunda afirmaci\u00f3n?, \u00bfnadie ha sentido cuando una opini\u00f3n que nos habr\u00eda gustado fuera nuestra, las irrefrenables ganas de refutarla?, por supuesto lo ha hecho. Atravesados.<\/p>\n\n\n\n<p>&nbsp;&nbsp;&nbsp;&nbsp;&nbsp;&nbsp;&nbsp;&nbsp;&nbsp;&nbsp;&nbsp;&nbsp;&nbsp; \u00bfCu\u00e1ndo alguien ha presentado de cualquier forma su fortuna en la vida, no hemos alardeado de mejores lauros, hasta alturas que nos provocan el v\u00e9rtigo? Prepotentes.<\/p>\n\n\n\n<p>&nbsp;&nbsp;&nbsp;&nbsp;&nbsp;&nbsp;&nbsp;&nbsp;&nbsp;&nbsp;&nbsp;&nbsp;&nbsp; \u00bfAlguna vez, y aunque supi\u00e9ramos que el resultado cuando menos seria incierto, no hemos atacado previamente, intentando evitar la confrontaci\u00f3n? Chulos.<strong><br><\/strong><\/p>\n","protected":false},"excerpt":{"rendered":"<p>Somos gente muy v\u00e1lida, no lo digo por m\u00ed, sino porque todo el que se va de aqu\u00ed, triunfa, y es bien valorado. &nbsp;&nbsp;&nbsp;&nbsp;&nbsp;&nbsp;&nbsp;&nbsp;&nbsp;&nbsp;&nbsp;&nbsp;&nbsp; \u00bfEn ese caso que es lo que le pasa a C\u00f3rdoba, que adem\u00e1s est\u00e1 llena de esa gente v\u00e1lida y triunfadora, es decir cordobeses? &nbsp;&nbsp;&nbsp;&nbsp;&nbsp;&nbsp;&nbsp;&nbsp;&nbsp;&nbsp;&nbsp;&nbsp;&nbsp; Por supuesto yo no tengo cualificaci\u00f3n &hellip; <\/p>\n<p class=\"link-more\"><a href=\"https:\/\/pedrocasiano.es\/?page_id=5573\" class=\"more-link\">Leer m\u00e1s<span class=\"screen-reader-text\"> \u00abLa Maldici\u00f3n De C\u00f3rdoba\u00bb<\/span><\/a><\/p>\n","protected":false},"author":1,"featured_media":0,"parent":0,"menu_order":0,"comment_status":"closed","ping_status":"closed","template":"","meta":{"inspiro_hide_title":false,"footnotes":""},"class_list":["post-5573","page","type-page","status-publish","hentry"],"featured_media_urls":[],"_links":{"self":[{"href":"https:\/\/pedrocasiano.es\/index.php?rest_route=\/wp\/v2\/pages\/5573","targetHints":{"allow":["GET"]}}],"collection":[{"href":"https:\/\/pedrocasiano.es\/index.php?rest_route=\/wp\/v2\/pages"}],"about":[{"href":"https:\/\/pedrocasiano.es\/index.php?rest_route=\/wp\/v2\/types\/page"}],"author":[{"embeddable":true,"href":"https:\/\/pedrocasiano.es\/index.php?rest_route=\/wp\/v2\/users\/1"}],"replies":[{"embeddable":true,"href":"https:\/\/pedrocasiano.es\/index.php?rest_route=%2Fwp%2Fv2%2Fcomments&post=5573"}],"version-history":[{"count":1,"href":"https:\/\/pedrocasiano.es\/index.php?rest_route=\/wp\/v2\/pages\/5573\/revisions"}],"predecessor-version":[{"id":5575,"href":"https:\/\/pedrocasiano.es\/index.php?rest_route=\/wp\/v2\/pages\/5573\/revisions\/5575"}],"wp:attachment":[{"href":"https:\/\/pedrocasiano.es\/index.php?rest_route=%2Fwp%2Fv2%2Fmedia&parent=5573"}],"curies":[{"name":"wp","href":"https:\/\/api.w.org\/{rel}","templated":true}]}}