{"id":5555,"date":"2024-03-03T09:24:48","date_gmt":"2024-03-03T09:24:48","guid":{"rendered":"https:\/\/pedrocasiano.es\/?page_id=5555"},"modified":"2024-03-03T09:24:48","modified_gmt":"2024-03-03T09:24:48","slug":"ubicaciones-de-las-antiguas-ciudades-en-el-valle-de-los-pedroches","status":"publish","type":"page","link":"https:\/\/pedrocasiano.es\/?page_id=5555","title":{"rendered":"Ubicaciones de las Antiguas Ciudades en el Valle De Los Pedroches"},"content":{"rendered":"\n<figure class=\"wp-block-image alignleft size-full is-resized\"><img decoding=\"async\" width=\"800\" height=\"450\" data-src=\"https:\/\/pedrocasiano.es\/wp-content\/uploads\/2024\/03\/tree-3775188_1920peque.jpg\" alt=\"\" class=\"wp-image-5556 lazyload\" style=\"--smush-placeholder-width: 800px; --smush-placeholder-aspect-ratio: 800\/450;width:562px;height:auto\" src=\"data:image\/svg+xml;base64,PHN2ZyB3aWR0aD0iMSIgaGVpZ2h0PSIxIiB4bWxucz0iaHR0cDovL3d3dy53My5vcmcvMjAwMC9zdmciPjwvc3ZnPg==\" \/><\/figure>\n\n\n\n<p>Con respecto a las ubicaciones de las antiguas ciudades en el valle de los Pedroches, tal como se conoce ahora, y a m\u00ed me gusta llamar Fahs Al Ballut (el valle de las Bellotas), es un tema que ha hecho correr litros de tinta, o sudor de tecla, llevando a muy dignos pareceres que distan, cundo no entran, en colisi\u00f3n o colusi\u00f3n unos con otros.<\/p>\n\n\n\n<p>El que me conoce, sabe que no soy persona reconocida por mis estudios ni nada similar, sea que soy, o quiero ser, un enamorado de esa singular tierra, por ello, apoy\u00e1ndome en mi pedestre inteligencia, nada digno de rese\u00f1ar, bajo a tierra y utilizo lo que ha hecho al hombre progresar, la torpe l\u00f3gica de andar por casa.<\/p>\n\n\n\n<p>Mis preguntas podr\u00e1n ser las mismas que insignes historiadores, mis respuestas, lo son en castellano, pues darlas en lat\u00edn, o incluso griego, me parece m\u00e1s que pedanter\u00eda, intento de cubrir con oropel, lo que no tiene esencia.<\/p>\n\n\n\n<p>Vayamos pues a la respuesta de este pobrecito junta palabras. Realmente, a m\u00ed, colocar las ciudades en un sitio o en otro es tarea f\u00e1cil cuando la informaci\u00f3n que se tiene, a m\u00e1s de dif\u00edcil de contrastar, es adem\u00e1s lata en cuanto a su exactitud.<\/p>\n\n\n\n<p>Los antiguos viajeros, que no eran en su mayor\u00eda personas de academicismo laico, tra\u00edan con sus relatos, los intentos de agradar, de vender, de sobresalir, tal como hacemos ahora, la vida no cambia,(si alguien as\u00ed lo desea, lo puedo poner en lat\u00edn); eran producto de su momento, de una situaci\u00f3n pol\u00edtica, ideol\u00f3gica o religiosa, que hacia engrandecer lo necesario por los poderes, as\u00ed como denostar lo no deseado, de tal manera que dilucidar qu\u00e9 es lo que era el esqueleto de su descripci\u00f3n, es tarea, para m\u00ed, cuando no dif\u00edcil, imposible.<\/p>\n\n\n\n<p>\u00bfCu\u00e1l ser\u00eda la forma de poder saber, no con exactitud, pero sin crear elucubraciones?; para m\u00ed es f\u00e1cil, los caminos, los medios de comunicaci\u00f3n, sean fluviales, terrestres o cualesquiera que comuniquen grupos de poblaci\u00f3n.<\/p>\n\n\n\n<p>Me explico, podemos situar lo que queramos en cualquier lugar que deseemos, es f\u00e1cil, pero para poder hablar de algo, debemos de pensar que los caminos, que nacen por necesidades militares, despu\u00e9s son refrendados para su esplendor, y engrandecimiento, por el comercio que nace en la comunicaci\u00f3n con el resto del imperio, regi\u00f3n, pa\u00eds, o como lo que queramos llamar.<\/p>\n\n\n\n<p>El comercio, es el que marca, salvo excepci\u00f3n, la grandeza de una ciudad, y este se realiza por medio de los caminos que comunican, como neuronas, unos lugares con otros. Esas rutas, son espec\u00edficas, y cambian dependiendo de cada momento hist\u00f3rico, por lo cual, ubicar una gran ciudad sin un camino de entidad, ser\u00eda un descalabro mental, (que los hay), pero, \u00bfC\u00f3mo poder saber qu\u00e9 entidad tiene un medio de comunicaci\u00f3n?, v\u00e1monos a la l\u00f3gica pedestre, sujeta a la m\u00e1s rigurosa invalidez absoluta.<\/p>\n\n\n\n<p>La necesidad de proteger el comercio, la cantidad de lugares de defensa que custodiaban los caminos, la indispensable anchura y cuidado del mismo, y los lugares necesarios para el almacenamiento e intercambio de bienes y productos, as\u00ed como el acomodo de viajeros, si, exactamente como ahora mismo.<\/p>\n\n\n\n<p>Es por ello, que querer construir un aeropuerto sin viajeros, es colocar una gran ciudad en un momento hist\u00f3rico en el que no exist\u00eda esa comunicaci\u00f3n.<\/p>\n\n\n\n<p>Otra de mis dudas nace, cuando se coloca una ubicaci\u00f3n y esplendor dentro de un concepto lato, \u00e9poca romana, tardo romana,\u2026 no me vale, son cientos de a\u00f1os los que abarca cada una, y no es lo mismo hablar del a\u00f1o uno de nuestra era que del cien, aun siendo los dos son del mismo per\u00edodo hist\u00f3rico, pues la vida, solo cambia en el exterior, el ser humano es el mismo, y no puede estar quieto, por lo que los seculares caminos, nunca lo son, cambian al ritmo de la vida, y la vida, cuando es buena, es tumultuosa, y transforma continuamente todo lo que tiene alrededor.<\/p>\n\n\n\n<p>Hemos encontrado la ciudad, \u00bfC\u00f3mo la llamamos?, me da igual, \u00bfest\u00e1 datada en el contexto hist\u00f3rico por medios que nos permitan afirmarla contundentemente?, mucho me temo que no, solo son conjeturas, con m\u00e1s o menos base cient\u00edfica.<\/p>\n\n\n\n<p>Aun de las cosas buenas, o singulares de esta tierra, es que las rutas son m\u00e1s o menos definidas, tres principales, cada una con sus calzadas, con su consistencia a trav\u00e9s de los siglos, pero que son cambiantes en importancia, por motivos pol\u00edticos, militares, ideol\u00f3gicos, comerciales, y m\u00e1s, y a partir de ah\u00ed, dependiendo de esos factores, se extienden las ramas neuronales de la l\u00f3gica humana de comunicaci\u00f3n, y es de l\u00f3gica, valga la redundancia, que lugares en los que poco ramal llega, intentar construir enormes ciudades es un cuento no oriental, sino chino. (No me imagino a los habitantes de la C\u00f3rdoba Califal, saliendo de la Mezquita Alhama en fila india, por un camino de un metro de ancho, lleno de barro y baches)<\/p>\n\n\n\n<p>Y cambia, dependiendo tambi\u00e9n del desarrollo de los cuatro puntos cardinales, que todos sabemos cu\u00e1les son, si vienen del norte, todo varia, si es del sur, otra voltereta; y por todas estas razones, caminos son olvidados, cuando otros son engrandecidos, y a su derredor, como un racimo de uvas, los frutos que cuelgan de ella, que, si son redondos, nos hablan del esplendor, y coloquemos all\u00ed algo de valor, pero si es pasa arrugada, no vendamos la capital de ning\u00fan imperio.<\/p>\n\n\n\n<p>Todo esto viene a colaci\u00f3n, de que esta zona, a mi entender maravillosa, es tan desconocida en aquellas \u00e9pocas, ahora tan lejanas, que querer distraer la mente de aquellos que la amamos, montando espect\u00e1culos pirot\u00e9cnicos sin base cient\u00edfica, es olvidarnos de lo que conocemos, y obviarlo, \u00bfsabemos a conciencia la \u00e9poca en que fue reino independiente, con sus reyes?, \u00bfque fue uno de los m\u00e1s tard\u00edos en perderla, debido a la consistencia militar de sus moradores?, y cientos de momentos que la engrandecen y que se pierden en la conciencia colectiva, simplemente por el hecho de que la \u00e9poca, el contexto hist\u00f3rico en que se desenvuelve, no es oportuno en este momento.<\/p>\n\n\n\n<p>Voy a contar un secreto, me toca los genuinos, que todo el mundo intente engrandecer algo con la esencia griega, ibera, visigoda, y por supuesto romana, cuando por realidad hist\u00f3rica, el per\u00edodo mas \u00e1lgido de esta zona, como de la mayor\u00eda de la tierra que nos rodea, es el que corresponde a la \u00e9poca Hispano \u00c1rabe, pero no es de gusto, suena mal, es como mezclarnos con chuchos de calle, cuando no tenemos ya nada de esa sangre, por aconteceres hist\u00f3ricos, siendo que en Galicia hay m\u00e1s genotipo \u00e1rabe que en C\u00f3rdoba, pero si nos queda ese trasfondo de grandeza hist\u00f3rica, de cuando fuimos la capital del mundo. Ah\u00ed queda eso.<strong><br><\/strong><\/p>\n","protected":false},"excerpt":{"rendered":"<p>Con respecto a las ubicaciones de las antiguas ciudades en el valle de los Pedroches, tal como se conoce ahora, y a m\u00ed me gusta llamar Fahs Al Ballut (el valle de las Bellotas), es un tema que ha hecho correr litros de tinta, o sudor de tecla, llevando a muy dignos pareceres que distan, &hellip; <\/p>\n<p class=\"link-more\"><a href=\"https:\/\/pedrocasiano.es\/?page_id=5555\" class=\"more-link\">Leer m\u00e1s<span class=\"screen-reader-text\"> \u00abUbicaciones de las Antiguas Ciudades en el Valle De Los Pedroches\u00bb<\/span><\/a><\/p>\n","protected":false},"author":1,"featured_media":0,"parent":0,"menu_order":0,"comment_status":"closed","ping_status":"closed","template":"","meta":{"inspiro_hide_title":false,"footnotes":""},"class_list":["post-5555","page","type-page","status-publish","hentry"],"featured_media_urls":[],"_links":{"self":[{"href":"https:\/\/pedrocasiano.es\/index.php?rest_route=\/wp\/v2\/pages\/5555","targetHints":{"allow":["GET"]}}],"collection":[{"href":"https:\/\/pedrocasiano.es\/index.php?rest_route=\/wp\/v2\/pages"}],"about":[{"href":"https:\/\/pedrocasiano.es\/index.php?rest_route=\/wp\/v2\/types\/page"}],"author":[{"embeddable":true,"href":"https:\/\/pedrocasiano.es\/index.php?rest_route=\/wp\/v2\/users\/1"}],"replies":[{"embeddable":true,"href":"https:\/\/pedrocasiano.es\/index.php?rest_route=%2Fwp%2Fv2%2Fcomments&post=5555"}],"version-history":[{"count":1,"href":"https:\/\/pedrocasiano.es\/index.php?rest_route=\/wp\/v2\/pages\/5555\/revisions"}],"predecessor-version":[{"id":5557,"href":"https:\/\/pedrocasiano.es\/index.php?rest_route=\/wp\/v2\/pages\/5555\/revisions\/5557"}],"wp:attachment":[{"href":"https:\/\/pedrocasiano.es\/index.php?rest_route=%2Fwp%2Fv2%2Fmedia&parent=5555"}],"curies":[{"name":"wp","href":"https:\/\/api.w.org\/{rel}","templated":true}]}}