{"id":5552,"date":"2024-03-03T09:21:20","date_gmt":"2024-03-03T09:21:20","guid":{"rendered":"https:\/\/pedrocasiano.es\/?page_id=5552"},"modified":"2024-03-03T09:21:20","modified_gmt":"2024-03-03T09:21:20","slug":"necesitamos-eliminar","status":"publish","type":"page","link":"https:\/\/pedrocasiano.es\/?page_id=5552","title":{"rendered":"Necesitamos Eliminar"},"content":{"rendered":"\n<figure class=\"wp-block-image alignleft size-full is-resized\"><img decoding=\"async\" width=\"600\" height=\"317\" data-src=\"https:\/\/pedrocasiano.es\/wp-content\/uploads\/2024\/03\/box-1514845_1920peque.jpg\" alt=\"\" class=\"wp-image-5553 lazyload\" style=\"--smush-placeholder-width: 600px; --smush-placeholder-aspect-ratio: 600\/317;width:568px;height:auto\" src=\"data:image\/svg+xml;base64,PHN2ZyB3aWR0aD0iMSIgaGVpZ2h0PSIxIiB4bWxucz0iaHR0cDovL3d3dy53My5vcmcvMjAwMC9zdmciPjwvc3ZnPg==\" \/><\/figure>\n\n\n\n<p>Necesitamos eliminar a los elementos de nuestra sociedad que suponen una r\u00e9mora para que nuestra comunidad pueda alcanzar cotas superiores, de prosperidad y de desarrollo.<\/p>\n\n\n\n<p>&nbsp;&nbsp;&nbsp;&nbsp;&nbsp;&nbsp;&nbsp;&nbsp;&nbsp;&nbsp;&nbsp;&nbsp;&nbsp; Eliminemos aquellos que simplemente por el hecho de estar no hacen nada, ocupan cargos de responsabilidad sin hacer uso de ella.<\/p>\n\n\n\n<p>&nbsp;&nbsp;&nbsp;&nbsp;&nbsp;&nbsp;&nbsp;&nbsp;&nbsp;&nbsp;&nbsp;&nbsp;&nbsp; Eliminemos a los ladrones de aquello que roban a los m\u00e1s pobres, para juntando poco de muchos gastarlo en dispendios y estupideces, o para darlos a sus amos, los cuales como antiguos aztecas sacrifican a sus propios ciudadanos.<\/p>\n\n\n\n<p>&nbsp;&nbsp;&nbsp;&nbsp;&nbsp;&nbsp;&nbsp;&nbsp;&nbsp;&nbsp;&nbsp;&nbsp;&nbsp; Eliminemos a aquellos que nos quitan gran parte de lo que ganamos con esfuerzo, simplemente para malgastarlo, mientras nos mantienen asustados y atados por normas que, como antiguos sacerdotes, solo conocen e interpretan ellos, seg\u00fan el designio de sus demoniacos amos.<\/p>\n\n\n\n<p>&nbsp;&nbsp;&nbsp;&nbsp;&nbsp;&nbsp;&nbsp;&nbsp;&nbsp;&nbsp;&nbsp;&nbsp;&nbsp; Sacrifiquemos en el fuego aquellos que en la bondad de la demagogia nos roban, nos ofenden y nos mutilan tanto f\u00edsica como mentalmente.<\/p>\n\n\n\n<p>&nbsp;&nbsp;&nbsp;&nbsp;&nbsp;&nbsp;&nbsp;&nbsp;&nbsp;&nbsp;&nbsp;&nbsp;&nbsp; Destruyamos de ra\u00edz todo aquello que nos recuerde a los que se arrogan el derecho, sin tenerlo, de ser nuestros amos.<\/p>\n\n\n\n<p>&nbsp;&nbsp;&nbsp;&nbsp;&nbsp;&nbsp;&nbsp;&nbsp;&nbsp;&nbsp;&nbsp;&nbsp;&nbsp; Colguemos de altos \u00e1rboles, a los se\u00f1ores sin esfuerzo, a los superiores sin serlo, a los hijos de los s\u00e1trapas, a los s\u00e1trapas mismos.<\/p>\n\n\n\n<p>&nbsp;&nbsp;&nbsp;&nbsp;&nbsp;&nbsp;&nbsp;&nbsp;&nbsp;&nbsp;&nbsp;&nbsp;&nbsp; Creemos riqueza, y repart\u00e1mosla equitativamente, una vez que las sanguijuelas especuladoras y corruptas hayan quedado reducidas a cenizas.<\/p>\n\n\n\n<p>&nbsp;&nbsp;&nbsp;&nbsp;&nbsp;&nbsp;&nbsp;&nbsp;&nbsp;&nbsp;&nbsp;&nbsp;&nbsp; No toleremos la molicie, la maldad, y la falta de empat\u00eda, eliminemos a aquellos que adoran al Dios del ego\u00edsmo.<\/p>\n\n\n\n<p>&nbsp;&nbsp;&nbsp;&nbsp;&nbsp;&nbsp;&nbsp;&nbsp;&nbsp;&nbsp;&nbsp;&nbsp;&nbsp; Excelente ensayo de alguien que bebe de las fuentes de\u2026 ya saben quien<\/p>\n","protected":false},"excerpt":{"rendered":"<p>Necesitamos eliminar a los elementos de nuestra sociedad que suponen una r\u00e9mora para que nuestra comunidad pueda alcanzar cotas superiores, de prosperidad y de desarrollo. &nbsp;&nbsp;&nbsp;&nbsp;&nbsp;&nbsp;&nbsp;&nbsp;&nbsp;&nbsp;&nbsp;&nbsp;&nbsp; Eliminemos aquellos que simplemente por el hecho de estar no hacen nada, ocupan cargos de responsabilidad sin hacer uso de ella. &nbsp;&nbsp;&nbsp;&nbsp;&nbsp;&nbsp;&nbsp;&nbsp;&nbsp;&nbsp;&nbsp;&nbsp;&nbsp; Eliminemos a los ladrones de aquello que &hellip; <\/p>\n<p class=\"link-more\"><a href=\"https:\/\/pedrocasiano.es\/?page_id=5552\" class=\"more-link\">Leer m\u00e1s<span class=\"screen-reader-text\"> \u00abNecesitamos Eliminar\u00bb<\/span><\/a><\/p>\n","protected":false},"author":1,"featured_media":0,"parent":0,"menu_order":0,"comment_status":"closed","ping_status":"closed","template":"","meta":{"inspiro_hide_title":false,"footnotes":""},"class_list":["post-5552","page","type-page","status-publish","hentry"],"featured_media_urls":[],"_links":{"self":[{"href":"https:\/\/pedrocasiano.es\/index.php?rest_route=\/wp\/v2\/pages\/5552","targetHints":{"allow":["GET"]}}],"collection":[{"href":"https:\/\/pedrocasiano.es\/index.php?rest_route=\/wp\/v2\/pages"}],"about":[{"href":"https:\/\/pedrocasiano.es\/index.php?rest_route=\/wp\/v2\/types\/page"}],"author":[{"embeddable":true,"href":"https:\/\/pedrocasiano.es\/index.php?rest_route=\/wp\/v2\/users\/1"}],"replies":[{"embeddable":true,"href":"https:\/\/pedrocasiano.es\/index.php?rest_route=%2Fwp%2Fv2%2Fcomments&post=5552"}],"version-history":[{"count":1,"href":"https:\/\/pedrocasiano.es\/index.php?rest_route=\/wp\/v2\/pages\/5552\/revisions"}],"predecessor-version":[{"id":5554,"href":"https:\/\/pedrocasiano.es\/index.php?rest_route=\/wp\/v2\/pages\/5552\/revisions\/5554"}],"wp:attachment":[{"href":"https:\/\/pedrocasiano.es\/index.php?rest_route=%2Fwp%2Fv2%2Fmedia&parent=5552"}],"curies":[{"name":"wp","href":"https:\/\/api.w.org\/{rel}","templated":true}]}}