{"id":5546,"date":"2024-03-03T08:57:01","date_gmt":"2024-03-03T08:57:01","guid":{"rendered":"https:\/\/pedrocasiano.es\/?page_id=5546"},"modified":"2024-03-03T08:57:01","modified_gmt":"2024-03-03T08:57:01","slug":"hoy-como-no-era-menos-la-noche","status":"publish","type":"page","link":"https:\/\/pedrocasiano.es\/?page_id=5546","title":{"rendered":"Hoy, Como No Era Menos, La Noche"},"content":{"rendered":"\n<figure class=\"wp-block-image alignleft size-full is-resized\"><img decoding=\"async\" width=\"600\" height=\"400\" data-src=\"https:\/\/pedrocasiano.es\/wp-content\/uploads\/2024\/03\/man-2915187_1920peque.jpg\" alt=\"\" class=\"wp-image-5547 lazyload\" style=\"--smush-placeholder-width: 600px; --smush-placeholder-aspect-ratio: 600\/400;width:446px;height:auto\" src=\"data:image\/svg+xml;base64,PHN2ZyB3aWR0aD0iMSIgaGVpZ2h0PSIxIiB4bWxucz0iaHR0cDovL3d3dy53My5vcmcvMjAwMC9zdmciPjwvc3ZnPg==\" \/><\/figure>\n\n\n\n<p>Hoy, como no era menos, la noche, y con ella, la sensaci\u00f3n de que las cosas, lo sucedido, debe de ser puesto en orden.<\/p>\n\n\n\n<p>&nbsp;&nbsp;&nbsp;&nbsp;&nbsp;&nbsp;&nbsp;&nbsp;&nbsp;&nbsp;&nbsp;&nbsp;&nbsp; Vienen nubes, el aire se ha tornado h\u00famedo, con la densidad de la tormenta que se aproxima, \u00bfQu\u00e9 poner en orden?, no lo s\u00e9, \u00bfde cu\u00e1ndo?, menos a\u00fan.<\/p>\n\n\n\n<p>&nbsp;&nbsp;&nbsp;&nbsp;&nbsp;&nbsp;&nbsp;&nbsp;&nbsp;&nbsp;&nbsp;&nbsp;&nbsp; Miro el teclado con sus luces anaranjadas, puestas al m\u00ednimo de luminosidad, y es como si quisiera preguntarle, que me respondiera a una pregunta que no le he hecho, dime, \u00bfQu\u00e9 es lo que tengo que poner en orden? No me responde, un cl\u00e1sico.<\/p>\n\n\n\n<p>&nbsp;&nbsp;&nbsp;&nbsp;&nbsp;&nbsp;&nbsp;&nbsp;&nbsp;&nbsp;&nbsp;&nbsp;&nbsp; Supongo que todo es cuesti\u00f3n de balance, de ying y de yang, del equilibrio universal, \u00bfes necesario?, no creo, el mundo es inestable, el dominio de los desequilibrados, es lo que hay, no relato, solo constato.<\/p>\n\n\n\n<p>&nbsp;&nbsp;&nbsp;&nbsp;&nbsp;&nbsp;&nbsp;&nbsp;&nbsp;&nbsp;&nbsp;&nbsp;&nbsp; El mundo est\u00e1 ensoberbecido en su prepotencia; quiz\u00e1s el virus nos ponga en nuestro sitio, \u00bfCu\u00e1l es?, el de m\u00edseros animales, porque el que se comporta como algo, al final, es ese algo.<\/p>\n\n\n\n<p>&nbsp;&nbsp;&nbsp;&nbsp;&nbsp;&nbsp;&nbsp;&nbsp;&nbsp;&nbsp;&nbsp;&nbsp;&nbsp; \u00bfQue poner en claro?, \u00bfla miseria de las vacunas?, no, ya estoy cansado de que aquellos que tienen que defendernos, se dediquen a maldecirme por opinar, por ello, solo digo que es de justicia la barrabasada que est\u00e1 haciendo, \u00bfo no haciendo?, \u00a1qu\u00e9 m\u00e1s da!, lo \u00fanico cierto, es que estamos en la loter\u00eda de morir, abandonados a la suerte por unos cuantos\u2026 dej\u00e9moslo, el caso, es que espero que no te toque, \u00bfo quiz\u00e1s, mejor t\u00fa que yo?&#8230;<\/p>\n\n\n\n<p>&nbsp;&nbsp;&nbsp;&nbsp;&nbsp;&nbsp;&nbsp;&nbsp;&nbsp;&nbsp;&nbsp;&nbsp;&nbsp; No lo s\u00e9, es complicado, puedes ser altruista mientras que el dolor y la enfermedad no te devoren las tripas, cuando eso sucede, te lo aseguro, sale un animal que no sabes que llevas dentro y\u2026 ese quiere sobrevivir a toda costa. Lo \u00fanico bueno, por lo menos en mi caso, es que apenas han sido un par de veces las que ha aparecido, la mayor\u00eda de los que se dicen humanos, lo llevan por bandera, as\u00ed nos va, y lo peor por llegar, \u00bfo no?, quien sabe.<\/p>\n\n\n\n<p>&nbsp;&nbsp;&nbsp;&nbsp;&nbsp;&nbsp;&nbsp;&nbsp;&nbsp;&nbsp;&nbsp;&nbsp;&nbsp; Lo \u00fanico que sale de este soliloquio\u2026 no tengo ni idea, \u00a1la noche que mala es!, cuantas cosas aparecen cuando estar\u00edan mejor en el limbo de la inocencia, pero ya se sabe, no escarmiento.<\/p>\n","protected":false},"excerpt":{"rendered":"<p>Hoy, como no era menos, la noche, y con ella, la sensaci\u00f3n de que las cosas, lo sucedido, debe de ser puesto en orden. &nbsp;&nbsp;&nbsp;&nbsp;&nbsp;&nbsp;&nbsp;&nbsp;&nbsp;&nbsp;&nbsp;&nbsp;&nbsp; Vienen nubes, el aire se ha tornado h\u00famedo, con la densidad de la tormenta que se aproxima, \u00bfQu\u00e9 poner en orden?, no lo s\u00e9, \u00bfde cu\u00e1ndo?, menos a\u00fan. &nbsp;&nbsp;&nbsp;&nbsp;&nbsp;&nbsp;&nbsp;&nbsp;&nbsp;&nbsp;&nbsp;&nbsp;&nbsp; Miro &hellip; <\/p>\n<p class=\"link-more\"><a href=\"https:\/\/pedrocasiano.es\/?page_id=5546\" class=\"more-link\">Leer m\u00e1s<span class=\"screen-reader-text\"> \u00abHoy, Como No Era Menos, La Noche\u00bb<\/span><\/a><\/p>\n","protected":false},"author":1,"featured_media":0,"parent":0,"menu_order":0,"comment_status":"closed","ping_status":"closed","template":"","meta":{"inspiro_hide_title":false,"footnotes":""},"class_list":["post-5546","page","type-page","status-publish","hentry"],"featured_media_urls":[],"_links":{"self":[{"href":"https:\/\/pedrocasiano.es\/index.php?rest_route=\/wp\/v2\/pages\/5546","targetHints":{"allow":["GET"]}}],"collection":[{"href":"https:\/\/pedrocasiano.es\/index.php?rest_route=\/wp\/v2\/pages"}],"about":[{"href":"https:\/\/pedrocasiano.es\/index.php?rest_route=\/wp\/v2\/types\/page"}],"author":[{"embeddable":true,"href":"https:\/\/pedrocasiano.es\/index.php?rest_route=\/wp\/v2\/users\/1"}],"replies":[{"embeddable":true,"href":"https:\/\/pedrocasiano.es\/index.php?rest_route=%2Fwp%2Fv2%2Fcomments&post=5546"}],"version-history":[{"count":1,"href":"https:\/\/pedrocasiano.es\/index.php?rest_route=\/wp\/v2\/pages\/5546\/revisions"}],"predecessor-version":[{"id":5548,"href":"https:\/\/pedrocasiano.es\/index.php?rest_route=\/wp\/v2\/pages\/5546\/revisions\/5548"}],"wp:attachment":[{"href":"https:\/\/pedrocasiano.es\/index.php?rest_route=%2Fwp%2Fv2%2Fmedia&parent=5546"}],"curies":[{"name":"wp","href":"https:\/\/api.w.org\/{rel}","templated":true}]}}