{"id":4890,"date":"2024-02-28T08:10:51","date_gmt":"2024-02-28T08:10:51","guid":{"rendered":"https:\/\/pedrocasiano.es\/?page_id=4890"},"modified":"2024-02-28T08:10:52","modified_gmt":"2024-02-28T08:10:52","slug":"un-dia-de-recalmon","status":"publish","type":"page","link":"https:\/\/pedrocasiano.es\/?page_id=4890","title":{"rendered":"Un D\u00eda De Recalm\u00f3n"},"content":{"rendered":"\n<div class=\"wp-block-media-text is-stacked-on-mobile is-vertically-aligned-top\" style=\"grid-template-columns:29% auto\"><figure class=\"wp-block-media-text__media\"><img decoding=\"async\" width=\"640\" height=\"480\" data-src=\"https:\/\/pedrocasiano.es\/wp-content\/uploads\/2024\/02\/white-926202_640.jpg\" alt=\"\" class=\"wp-image-4891 size-full lazyload\" src=\"data:image\/svg+xml;base64,PHN2ZyB3aWR0aD0iMSIgaGVpZ2h0PSIxIiB4bWxucz0iaHR0cDovL3d3dy53My5vcmcvMjAwMC9zdmciPjwvc3ZnPg==\" style=\"--smush-placeholder-width: 640px; --smush-placeholder-aspect-ratio: 640\/480;\" \/><\/figure><div class=\"wp-block-media-text__content\">\n<p>Un d\u00eda de recalm\u00f3n, como dir\u00eda mi abuela, el calor que no se va, y el fresco que no llega, algo que se da por supuesto, y cuando falta, lo echamos de menos\u2026 y como.<\/p>\n\n\n\n<p>&nbsp;&nbsp;&nbsp;&nbsp;&nbsp;&nbsp;&nbsp;&nbsp;&nbsp;&nbsp;&nbsp;&nbsp;&nbsp; \u00bfVentilador?, \u00bfaire acondicionado?, \u00bfabre las ventanas?, aire a\u00fan caliente, la sensaci\u00f3n de que nunca va a acabar, y sabemos que llegar\u00e1, pero es como cuando vienes de la feria, \u00a1que largos se hacen los pocos metros que quedan!<\/p>\n\n\n\n<p>&nbsp;&nbsp;&nbsp;&nbsp;&nbsp;&nbsp;&nbsp;&nbsp;&nbsp;&nbsp;&nbsp;&nbsp;&nbsp; El humo sale a trav\u00e9s de la ventana, no es de tabaco, no puedo permit\u00edrmelo, por salud, y por econom\u00eda mayormente, as\u00ed que lo que sale es el suced\u00e1neo, el de un vaper que quiere hacer lo mismo, pero no puede.<\/p>\n\n\n\n<p>&nbsp;&nbsp;&nbsp;&nbsp;&nbsp;&nbsp;&nbsp;&nbsp;&nbsp;&nbsp;&nbsp;&nbsp;&nbsp; \u201cTe veo mejor desde que no fumas\u201d, comentan, y \u2026, voy para viejo, y el tabaco mata, y pagarlo a\u00fan m\u00e1s, eso y tener que cuidarte, me mata.<\/p>\n\n\n\n<p>&nbsp;&nbsp;&nbsp;&nbsp;&nbsp;&nbsp;&nbsp;&nbsp;&nbsp;&nbsp;&nbsp;&nbsp;&nbsp; No soy de los que quieren vivir para siempre, as\u00ed que lo de cortarme con la comida, no beber, no comer alimentos de los buenos, me jode, no solo me molesta, porque es algo que siempre he hecho, comer copiosamente, con todo lo dem\u00e1s, lo que me ha dado la gana, beber, no es lo m\u00edo, pero si se tercia\u2026 tampoco, no me gusta a estas alturas, pero lo del ejercicio, pod\u00edan haber inventado algo menos cruel, y adem\u00e1s, todos los d\u00edas, que locura, yo que he sido de los de deporte por delegaci\u00f3n, de los que no lo ve\u00edan ni en la tele, fuera a ser que se pegara algo, y ahora, \u201ccu\u00eddate\u201d, no, si yo me cuido, pero a mi manera.<\/p>\n\n\n\n<p>&nbsp;&nbsp;&nbsp;&nbsp;&nbsp;&nbsp;&nbsp;&nbsp;&nbsp;&nbsp;&nbsp;&nbsp;&nbsp; Quiz\u00e1s dure menos, tampoco voy a hacer exageraciones, pero lo de cambiar totalmente mi vida, va a ser que no, que la edad hay que llevarla como los cuernos, con dignidad, y si hay que morir, pues va uno y se muere, pero sin acojonar, que al final todos en la misma fila, antes o despu\u00e9s, y lo de despu\u00e9s que no sea a base de vivir una vida que es infumable, de las de pr\u00edvate de todo, que vas a durar m\u00e1s, no, tambi\u00e9n es natural, en principio, morirse, vaya que si lo es.<\/p>\n\n\n\n<p>&nbsp;&nbsp;&nbsp;&nbsp;&nbsp;&nbsp;&nbsp;&nbsp;&nbsp;&nbsp;&nbsp;&nbsp;&nbsp; Lo siento, me gustar\u00eda seguir la corriente de los alimentos caros de cojones que te prometen que las venas van a ser como las que ten\u00edas con veinte a\u00f1os (quien se lo crea), que la grasa es tu enemigo, no, la grasa es un amigo con el que hay que tener precauciones, y que un buen plato de jam\u00f3n serrano a uno de jam\u00f3n york, es lo que un Vel\u00e1zquez a el garabato de un ni\u00f1o de teta, si puede coger el l\u00e1piz.<\/p>\n\n\n\n<p>&nbsp;&nbsp;&nbsp;&nbsp;&nbsp;&nbsp;&nbsp;&nbsp;&nbsp;&nbsp;&nbsp;&nbsp;&nbsp; En fin, centr\u00e9monos, o mejor dicho no, no quiero fomentar la dejadez, pero tampoco que florezca lo absurdo de cualquier moda bien cara surgida de mentes prodigiosas, mi abuelo se daba la gran vida, y aguant\u00f3 m\u00e1s que un martillo enterrado en manteca; s\u00e9 que la vida ha cambiado, ellos estaban hechos a mano, pero yo tampoco tengo la culpa, as\u00ed que perdonadme, pero voy a seguir haciendo lo que me da la gana\u2026si puedo.<strong><br><\/strong><\/p>\n<\/div><\/div>\n","protected":false},"excerpt":{"rendered":"<p>Un d\u00eda de recalm\u00f3n, como dir\u00eda mi abuela, el calor que no se va, y el fresco que no llega, algo que se da por supuesto, y cuando falta, lo echamos de menos\u2026 y como. &nbsp;&nbsp;&nbsp;&nbsp;&nbsp;&nbsp;&nbsp;&nbsp;&nbsp;&nbsp;&nbsp;&nbsp;&nbsp; \u00bfVentilador?, \u00bfaire acondicionado?, \u00bfabre las ventanas?, aire a\u00fan caliente, la sensaci\u00f3n de que nunca va a acabar, y sabemos &hellip; <\/p>\n<p class=\"link-more\"><a href=\"https:\/\/pedrocasiano.es\/?page_id=4890\" class=\"more-link\">Leer m\u00e1s<span class=\"screen-reader-text\"> \u00abUn D\u00eda De Recalm\u00f3n\u00bb<\/span><\/a><\/p>\n","protected":false},"author":1,"featured_media":0,"parent":0,"menu_order":0,"comment_status":"closed","ping_status":"closed","template":"","meta":{"inspiro_hide_title":false,"footnotes":""},"class_list":["post-4890","page","type-page","status-publish","hentry"],"featured_media_urls":[],"_links":{"self":[{"href":"https:\/\/pedrocasiano.es\/index.php?rest_route=\/wp\/v2\/pages\/4890","targetHints":{"allow":["GET"]}}],"collection":[{"href":"https:\/\/pedrocasiano.es\/index.php?rest_route=\/wp\/v2\/pages"}],"about":[{"href":"https:\/\/pedrocasiano.es\/index.php?rest_route=\/wp\/v2\/types\/page"}],"author":[{"embeddable":true,"href":"https:\/\/pedrocasiano.es\/index.php?rest_route=\/wp\/v2\/users\/1"}],"replies":[{"embeddable":true,"href":"https:\/\/pedrocasiano.es\/index.php?rest_route=%2Fwp%2Fv2%2Fcomments&post=4890"}],"version-history":[{"count":1,"href":"https:\/\/pedrocasiano.es\/index.php?rest_route=\/wp\/v2\/pages\/4890\/revisions"}],"predecessor-version":[{"id":4892,"href":"https:\/\/pedrocasiano.es\/index.php?rest_route=\/wp\/v2\/pages\/4890\/revisions\/4892"}],"wp:attachment":[{"href":"https:\/\/pedrocasiano.es\/index.php?rest_route=%2Fwp%2Fv2%2Fmedia&parent=4890"}],"curies":[{"name":"wp","href":"https:\/\/api.w.org\/{rel}","templated":true}]}}