{"id":4669,"date":"2024-02-27T09:41:46","date_gmt":"2024-02-27T09:41:46","guid":{"rendered":"https:\/\/pedrocasiano.es\/?page_id=4669"},"modified":"2024-02-27T09:41:47","modified_gmt":"2024-02-27T09:41:47","slug":"morire-vacio-en-esta-esquina","status":"publish","type":"page","link":"https:\/\/pedrocasiano.es\/?page_id=4669","title":{"rendered":"Morir\u00e9 Vac\u00edo en esta Esquina"},"content":{"rendered":"\n<div class=\"wp-block-media-text is-stacked-on-mobile is-vertically-aligned-top\"><figure class=\"wp-block-media-text__media\"><img decoding=\"async\" width=\"1024\" height=\"1024\" data-src=\"https:\/\/pedrocasiano.es\/wp-content\/uploads\/2024\/02\/work-8396636_1920-1024x1024.jpg\" alt=\"\" class=\"wp-image-4670 size-full lazyload\" src=\"data:image\/svg+xml;base64,PHN2ZyB3aWR0aD0iMSIgaGVpZ2h0PSIxIiB4bWxucz0iaHR0cDovL3d3dy53My5vcmcvMjAwMC9zdmciPjwvc3ZnPg==\" style=\"--smush-placeholder-width: 1024px; --smush-placeholder-aspect-ratio: 1024\/1024;\" \/><\/figure><div class=\"wp-block-media-text__content\">\n<p>Morir\u00e9 vac\u00edo en esta esquina<\/p>\n\n\n\n<p>Donde la soledad agoniza conmigo<\/p>\n\n\n\n<p>Olvidado de todos, ya sin abrigo<\/p>\n\n\n\n<p>Descarnado de cuerpo, de a poco vivo.<\/p>\n\n\n\n<p>Guard\u00e9 la vida mientras la tuve<\/p>\n\n\n\n<p>Y hoy miro por las ventanas sucias<\/p>\n\n\n\n<p>La calle h\u00fameda de lluvia rancia<\/p>\n\n\n\n<p>Y caen sobre los nubarrones<\/p>\n\n\n\n<p>Mis sentimientos, los del que muere<\/p>\n\n\n\n<p>Del que solo espera que se le vaya la vida<\/p>\n\n\n\n<p>Y la soledad anima a que parta el alma<\/p>\n\n\n\n<p>Y el cuerpo como si quisiera hacer da\u00f1o, aguanta<\/p>\n\n\n\n<p>Y el tiempo que no pasa<\/p>\n\n\n\n<p>Cuando ya todo ha pasado<\/p>\n\n\n\n<p>Cuando al espejo te miras<\/p>\n\n\n\n<p>Y no ves nada conocido<\/p>\n\n\n\n<p>Fue la vida que viviste<\/p>\n\n\n\n<p>El \u00fanico amigo, y compa\u00f1ero<\/p>\n\n\n\n<p>Que te aguanta aun en la esquina<\/p>\n\n\n\n<p>Mir\u00e1ndote con desasosiego<\/p>\n\n\n\n<p>\u00bfMe voy?, \u00bfme quedo?<\/p>\n\n\n\n<p>Y sonr\u00edes, qu\u00e9 m\u00e1s da, me muero<\/p>\n\n\n\n<p>Quiero morir, y que conmigo<\/p>\n\n\n\n<p>Muera mi recuerdo<\/p>\n\n\n\n<p>Nada fui, nada soy<\/p>\n\n\n\n<p>Nada quiero ser, por mucho que quiera<\/p>\n\n\n\n<p>Me ir de esta vida como vine, sin nada<\/p>\n\n\n\n<p>Y se olvidar\u00e1n los azares de mis acontecimientos<\/p>\n\n\n\n<p>La vida dura de los tajos, de la muerte del pensamiento<\/p>\n\n\n\n<p>Y se olvidar\u00e1 mi esfuerzo<\/p>\n\n\n\n<p>Mi arrostrar el yugo,<\/p>\n\n\n\n<p>Mi ponerme erguido<\/p>\n\n\n\n<p>Hasta la espalda romperme<\/p>\n\n\n\n<p>Nadie recordar\u00e1 mis luchas, mis desaf\u00edos<\/p>\n\n\n\n<p>Mi no creer en nadie, ni en dios<\/p>\n\n\n\n<p>Ni en nada del firmamento<\/p>\n\n\n\n<p>En que sobre m\u00ed, ni el cielo<\/p>\n\n\n\n<p>Ha sido nunca monumento<\/p>\n\n\n\n<p>Y me ir cabeza gacha<\/p>\n\n\n\n<p>Porque est\u00e1 roto mi cuello<\/p>\n\n\n\n<p>Pero sin que se haya agachado<\/p>\n\n\n\n<p>Ni por vivo, ni por muerto<\/p>\n\n\n\n<p>Y me encalmo a la muerte<\/p>\n\n\n\n<p>Si un echar quiere conmigo<\/p>\n\n\n\n<p>Que aunque viejo y ca\u00eddo<\/p>\n\n\n\n<p>Aun jodo, como he jodido<\/p>\n\n\n\n<p>Pues aqu\u00ed, solo, y destruido<\/p>\n\n\n\n<p>Sonr\u00edo, pues amo no he conocido.<\/p>\n<\/div><\/div>\n","protected":false},"excerpt":{"rendered":"<p>Morir\u00e9 vac\u00edo en esta esquina Donde la soledad agoniza conmigo Olvidado de todos, ya sin abrigo Descarnado de cuerpo, de a poco vivo. Guard\u00e9 la vida mientras la tuve Y hoy miro por las ventanas sucias La calle h\u00fameda de lluvia rancia Y caen sobre los nubarrones Mis sentimientos, los del que muere Del que &hellip; <\/p>\n<p class=\"link-more\"><a href=\"https:\/\/pedrocasiano.es\/?page_id=4669\" class=\"more-link\">Leer m\u00e1s<span class=\"screen-reader-text\"> \u00abMorir\u00e9 Vac\u00edo en esta Esquina\u00bb<\/span><\/a><\/p>\n","protected":false},"author":1,"featured_media":0,"parent":0,"menu_order":0,"comment_status":"closed","ping_status":"closed","template":"","meta":{"inspiro_hide_title":false,"footnotes":""},"class_list":["post-4669","page","type-page","status-publish","hentry"],"featured_media_urls":[],"_links":{"self":[{"href":"https:\/\/pedrocasiano.es\/index.php?rest_route=\/wp\/v2\/pages\/4669","targetHints":{"allow":["GET"]}}],"collection":[{"href":"https:\/\/pedrocasiano.es\/index.php?rest_route=\/wp\/v2\/pages"}],"about":[{"href":"https:\/\/pedrocasiano.es\/index.php?rest_route=\/wp\/v2\/types\/page"}],"author":[{"embeddable":true,"href":"https:\/\/pedrocasiano.es\/index.php?rest_route=\/wp\/v2\/users\/1"}],"replies":[{"embeddable":true,"href":"https:\/\/pedrocasiano.es\/index.php?rest_route=%2Fwp%2Fv2%2Fcomments&post=4669"}],"version-history":[{"count":1,"href":"https:\/\/pedrocasiano.es\/index.php?rest_route=\/wp\/v2\/pages\/4669\/revisions"}],"predecessor-version":[{"id":4671,"href":"https:\/\/pedrocasiano.es\/index.php?rest_route=\/wp\/v2\/pages\/4669\/revisions\/4671"}],"wp:attachment":[{"href":"https:\/\/pedrocasiano.es\/index.php?rest_route=%2Fwp%2Fv2%2Fmedia&parent=4669"}],"curies":[{"name":"wp","href":"https:\/\/api.w.org\/{rel}","templated":true}]}}