{"id":4501,"date":"2024-02-26T09:51:39","date_gmt":"2024-02-26T09:51:39","guid":{"rendered":"https:\/\/pedrocasiano.es\/?page_id=4501"},"modified":"2024-02-29T10:42:48","modified_gmt":"2024-02-29T10:42:48","slug":"mi-renuncia","status":"publish","type":"page","link":"https:\/\/pedrocasiano.es\/?page_id=4501","title":{"rendered":"Mi Renuncia"},"content":{"rendered":"\n<figure class=\"wp-block-image alignleft size-large is-resized\"><img decoding=\"async\" width=\"1024\" height=\"960\" data-src=\"https:\/\/pedrocasiano.es\/wp-content\/uploads\/2024\/02\/luggage-6227031_1280-1024x960.jpg\" alt=\"\" class=\"wp-image-4502 lazyload\" style=\"--smush-placeholder-width: 1024px; --smush-placeholder-aspect-ratio: 1024\/960;width:393px;height:auto\" src=\"data:image\/svg+xml;base64,PHN2ZyB3aWR0aD0iMSIgaGVpZ2h0PSIxIiB4bWxucz0iaHR0cDovL3d3dy53My5vcmcvMjAwMC9zdmciPjwvc3ZnPg==\" \/><\/figure>\n\n\n\n<p>Estimados compatriotas borregos, ante la tesitura actual, no tengo mas opci\u00f3n, que plantearme, y afirmar, mi m\u00e1s firme convicci\u00f3n en mi postura de dejar de ser espa\u00f1ol, mas concretamente a ser europeo, o cualquier tipo de asociaci\u00f3n que sea superior a un m\u00ednimo perfecto, que considero es el de una persona, con el m\u00e1ximo en la misma cantidad.<\/p>\n\n\n\n<p>&nbsp;&nbsp;&nbsp;&nbsp;&nbsp;&nbsp;&nbsp;&nbsp;&nbsp;&nbsp;&nbsp;&nbsp;&nbsp; Uno de los motivos de este planteamiento, ha sido el comprobar la cantidad de gilipollas que existen en este pa\u00eds, yo no me excluyo, pero que, a pesar de todo, han votado a seres que podr\u00edamos calificar como alima\u00f1as.<\/p>\n\n\n\n<p>&nbsp;&nbsp;&nbsp;&nbsp;&nbsp;&nbsp;&nbsp;&nbsp;&nbsp;&nbsp;&nbsp;&nbsp;&nbsp; Espec\u00edfico para aquellos que a\u00fan son m\u00e1s imb\u00e9ciles que lo habitual en Espa\u00f1a, lo cual es hablar de algo gordo.<\/p>\n\n\n\n<p>&nbsp;&nbsp;&nbsp;&nbsp;&nbsp;&nbsp;&nbsp;&nbsp;&nbsp;&nbsp;&nbsp;&nbsp;&nbsp; \u00bfA qui\u00e9n se le ocurrir\u00eda votar a alguien, cuyo \u00fanico merito, es sobrevivir, como las ratas y las cucarachas, a cualquier tipo de hecatombe?<\/p>\n\n\n\n<p>&nbsp;&nbsp;&nbsp;&nbsp;&nbsp;&nbsp;&nbsp;&nbsp;&nbsp;&nbsp;&nbsp;&nbsp;&nbsp; A alguien que consiguiendo los n\u00fameros escasos, se aliaria con otro enemigo de lo que conocemos como nuestro pa\u00eds, me refiero, al impresentable de Iglesias, valido para tenerlo en una urna, mientras lanza diatribas sobre todo, a la vez que ponemos en la misma, una mujer de poco cerebro, para que se descarga y siga confiando en su hombr\u00eda \u00bf?, y que se le cambie, de vez en cuando, una intelectual por una cajera del s\u00faper, una doctora, con una celadora, etc. etc. le gustan los extremos a este proletario cambiado a se\u00f1orito.<\/p>\n\n\n\n<p>&nbsp;&nbsp;&nbsp;&nbsp;&nbsp;&nbsp;&nbsp;&nbsp;&nbsp;&nbsp;&nbsp;&nbsp;&nbsp; Callada por respuesta, y besa huevos al Coletas, esa es el relato del onanismo gubernamental, no dar la cara, pero si meter la cabeza entre las piernas de otro, o de otras, que de todo hay.<\/p>\n\n\n\n<p>&nbsp;&nbsp;&nbsp;&nbsp;&nbsp;&nbsp;&nbsp;&nbsp;&nbsp;&nbsp;&nbsp;&nbsp;&nbsp; Orgia y desenfreno de inanes, de desechos de tienta, que nadie salvo nosotros, los imb\u00e9ciles espa\u00f1oles, querr\u00edamos tener a nuestro lado.<\/p>\n\n\n\n<p>&nbsp;&nbsp;&nbsp;&nbsp;&nbsp;&nbsp;&nbsp;&nbsp;&nbsp;&nbsp;&nbsp;&nbsp;&nbsp; Pongamos juguetitos en sus manos, avioncitos, cochecitos,\u2026 manteng\u00e1moslo entretenido, que sufre mucho cuando el coletas le da en los hocicos como a los puercos que se acercan, es pelea entre dos de la misma especie, tan solo que no lo saben.<\/p>\n\n\n\n<p>&nbsp;&nbsp;&nbsp;&nbsp;&nbsp;&nbsp;&nbsp;&nbsp;&nbsp;&nbsp;&nbsp;&nbsp;&nbsp; Eso s\u00ed, de entre las piernas poco, por no decir nada, que a m\u00ed un Holand\u00e9s de mierda me dice que se me muera mi abuelo, y me cago en sus muertos, sus tulipanes, sus p\u00f3lder, y que suba el nivel del mar hasta que se ahoguen como las putas ratas que son. Y despu\u00e9s a meter el dinero en ING, eso s\u00ed.<\/p>\n\n\n\n<p>&nbsp;&nbsp;&nbsp;&nbsp;&nbsp;&nbsp;&nbsp;&nbsp;&nbsp;&nbsp;&nbsp;&nbsp;&nbsp; \u00bfQue tenga que venir un Portugu\u00e9s a defenderme, y demostrarme que tiene m\u00e1s huevos que todo el gobierno de Espa\u00f1a?, bravo por \u00e9l, y verg\u00fcenza para nosotros, \u00bfestas alima\u00f1as me representan?, \u00bflas que han enga\u00f1ado los chinos como si fueran lo que son, imb\u00e9ciles?, \u00bflos de \u201cno pasa nada\u201d?<strong><br><\/strong><\/p>\n","protected":false},"excerpt":{"rendered":"<p>Estimados compatriotas borregos, ante la tesitura actual, no tengo mas opci\u00f3n, que plantearme, y afirmar, mi m\u00e1s firme convicci\u00f3n en mi postura de dejar de ser espa\u00f1ol, mas concretamente a ser europeo, o cualquier tipo de asociaci\u00f3n que sea superior a un m\u00ednimo perfecto, que considero es el de una persona, con el m\u00e1ximo en &hellip; <\/p>\n<p class=\"link-more\"><a href=\"https:\/\/pedrocasiano.es\/?page_id=4501\" class=\"more-link\">Leer m\u00e1s<span class=\"screen-reader-text\"> \u00abMi Renuncia\u00bb<\/span><\/a><\/p>\n","protected":false},"author":1,"featured_media":0,"parent":0,"menu_order":0,"comment_status":"closed","ping_status":"closed","template":"","meta":{"inspiro_hide_title":false,"footnotes":""},"class_list":["post-4501","page","type-page","status-publish","hentry"],"featured_media_urls":[],"_links":{"self":[{"href":"https:\/\/pedrocasiano.es\/index.php?rest_route=\/wp\/v2\/pages\/4501","targetHints":{"allow":["GET"]}}],"collection":[{"href":"https:\/\/pedrocasiano.es\/index.php?rest_route=\/wp\/v2\/pages"}],"about":[{"href":"https:\/\/pedrocasiano.es\/index.php?rest_route=\/wp\/v2\/types\/page"}],"author":[{"embeddable":true,"href":"https:\/\/pedrocasiano.es\/index.php?rest_route=\/wp\/v2\/users\/1"}],"replies":[{"embeddable":true,"href":"https:\/\/pedrocasiano.es\/index.php?rest_route=%2Fwp%2Fv2%2Fcomments&post=4501"}],"version-history":[{"count":2,"href":"https:\/\/pedrocasiano.es\/index.php?rest_route=\/wp\/v2\/pages\/4501\/revisions"}],"predecessor-version":[{"id":5365,"href":"https:\/\/pedrocasiano.es\/index.php?rest_route=\/wp\/v2\/pages\/4501\/revisions\/5365"}],"wp:attachment":[{"href":"https:\/\/pedrocasiano.es\/index.php?rest_route=%2Fwp%2Fv2%2Fmedia&parent=4501"}],"curies":[{"name":"wp","href":"https:\/\/api.w.org\/{rel}","templated":true}]}}