{"id":4488,"date":"2024-02-26T09:39:56","date_gmt":"2024-02-26T09:39:56","guid":{"rendered":"https:\/\/pedrocasiano.es\/?page_id=4488"},"modified":"2024-06-09T04:37:23","modified_gmt":"2024-06-09T04:37:23","slug":"el-hombre-miro-al-mar","status":"publish","type":"page","link":"https:\/\/pedrocasiano.es\/?page_id=4488","title":{"rendered":"El Hombre Mir\u00f3 Al Mar"},"content":{"rendered":"\n<figure class=\"wp-block-image alignleft size-large is-resized\"><img decoding=\"async\" width=\"1024\" height=\"846\" data-src=\"https:\/\/pedrocasiano.es\/wp-content\/uploads\/2024\/02\/sunset-8569636_1280-1024x846.jpg\" alt=\"\" class=\"wp-image-4489 lazyload\" style=\"--smush-placeholder-width: 1024px; --smush-placeholder-aspect-ratio: 1024\/846;width:391px;height:auto\" src=\"data:image\/svg+xml;base64,PHN2ZyB3aWR0aD0iMSIgaGVpZ2h0PSIxIiB4bWxucz0iaHR0cDovL3d3dy53My5vcmcvMjAwMC9zdmciPjwvc3ZnPg==\" \/><\/figure>\n\n\n\n<p>El hombre mir\u00f3 al mar, era bello aun cerrando los ojos, porque a pesar de no verlo, le llegaba el chillido de las gaviotas, el olor del salitre, el viento cargado de sal y humedad, respir\u00f3 todo lo fuerte que pudo, y se sinti\u00f3 satisfecho.<\/p>\n\n\n\n<p>&nbsp;&nbsp;&nbsp;&nbsp;&nbsp;&nbsp;&nbsp;&nbsp;&nbsp;&nbsp;&nbsp;&nbsp;&nbsp; La lucha hab\u00eda terminado, lo hab\u00eda conseguido, despu\u00e9s de a\u00f1os de enfrentarse a todo y a todos, pod\u00eda ver el mar desde su propia casa, construida con sus esfuerzos al borde del mar.<\/p>\n\n\n\n<p>&nbsp;&nbsp;&nbsp;&nbsp;&nbsp;&nbsp;&nbsp;&nbsp;&nbsp;&nbsp;&nbsp;&nbsp;&nbsp;&nbsp;&nbsp;&nbsp;&nbsp;&nbsp;&nbsp;&nbsp;&nbsp;&nbsp;&nbsp;&nbsp;&nbsp;&nbsp;&nbsp; Record\u00f3 su nacimiento, en una familia humilde, tan humilde, que solo llegar al d\u00eda siguiente era una proeza digna de gigantes, de c\u00f3mo su infancia la pas\u00f3 en pantalones cortos aunque el frio le llenara el cuerpo de saba\u00f1ones, de los golpes de los curas, de la indiferencia ante un hijo de la pobreza, de c\u00f3mo se irgui\u00f3, de c\u00f3mo agach\u00f3 la cabeza y se comi\u00f3 todo lo que le dijeron sonriendo.<\/p>\n\n\n\n<p>Y subi\u00f3, siempre dicen que la mierda flota, y poco a poco consigui\u00f3 exprimir todos los conocimientos que pudo, le menospreciaron, le ningunearon, y el esper\u00f3 su oportunidad, y lleg\u00f3, casi cuando desesperaba de que esta apareciera, y se agarr\u00f3 con las fuerzas de un n\u00e1ufrago a una madera, y a partir de all\u00ed empez\u00f3 a germinar, la vida no fue m\u00e1s f\u00e1cil, al contrario fue m\u00e1s dura, m\u00e1s desgarradora, pero sus ra\u00edces eran s\u00f3lidas, estaban trabadas a buena tierra y germin\u00f3, con el duro trabajo germin\u00f3, y el la reg\u00f3 d\u00eda a d\u00eda, casi como si fuera una m\u00e1quina, se esforz\u00f3 en lo que hac\u00eda, volvi\u00f3 a soportar todo lo que le echaron enemigos que d\u00eda a d\u00eda contra m\u00e1s alto llegaba, m\u00e1s salvajes eran, estuvo a punto de tirar la toalla mil veces, le dol\u00edan el cuerpo, la mente, el alma, pero ve\u00eda a sus hijos que iban a buenos colegios, que nadie los miraba mal, y sigui\u00f3 luchando, dej\u00e1ndose la piel, lo que le quedaba de alma, y prosperaron, sus hijos estudiaron lo que quisieron, nunca supieron lo que eran las privaciones ni el hambre, siempre la mesa estaba repleta con lo mejor, y vio c\u00f3mo su familia prosperaba, pero tuvo que seguir, sus hijos no estaban preparados, y luch\u00f3 contra los demonios mientras su cuerpo se consum\u00eda en el proceso, pero no le falt\u00f3 la determinaci\u00f3n, y lo consigui\u00f3, bien que lo consigui\u00f3, hoy miraba al mar, desde su casa, su familia le rodeaba, y \u00e9l se sinti\u00f3 feliz de que nada les faltara, de que la vida les fuera m\u00e1s f\u00e1cil de lo que la suya le hab\u00eda sido, su pecho se hinch\u00f3, se llen\u00f3 de aire, y despu\u00e9s exhal\u00f3 sus \u00faltimo suspiro, su vida se acab\u00f3.<\/p>\n\n\n\n<p>&nbsp;&nbsp;&nbsp;&nbsp;&nbsp;&nbsp;&nbsp;&nbsp;&nbsp;&nbsp;&nbsp;&nbsp;&nbsp; En una esquina sus tres hijos hablaban.<\/p>\n\n\n\n<p>-Menos mal que se ha ido, no lo soportaba m\u00e1s, era una carga, coment\u00f3 su hijo mayor.<\/p>\n\n\n\n<p>-S\u00ed, ahora, veremos a ver como repartimos esto, porque yo no quiero ni un c\u00e9ntimo menos de lo que me pertenece, dijo el mediano.<\/p>\n\n\n\n<p>-A m\u00ed me ha dejado bien, \u00bfpara qu\u00e9 quiero a un padre que nunca estuvo con nosotros?, menos mal que se ha ido.<\/p>\n\n\n\n<p>&nbsp;&nbsp;&nbsp;&nbsp;&nbsp;&nbsp;&nbsp;&nbsp;&nbsp;&nbsp;&nbsp;&nbsp;&nbsp; Pero a \u00e9l le daba igual, no o\u00eda nada, se hab\u00eda ido, y con los deberes hechos, despu\u00e9s que Dios lo juzgara, nadie m\u00e1s pod\u00eda hacerlo, solo sent\u00eda no poder de nuevo ver el mar.<strong><br><\/strong><\/p>\n\n\n\n<p><\/p>\n","protected":false},"excerpt":{"rendered":"<p>El hombre mir\u00f3 al mar, era bello aun cerrando los ojos, porque a pesar de no verlo, le llegaba el chillido de las gaviotas, el olor del salitre, el viento cargado de sal y humedad, respir\u00f3 todo lo fuerte que pudo, y se sinti\u00f3 satisfecho. &nbsp;&nbsp;&nbsp;&nbsp;&nbsp;&nbsp;&nbsp;&nbsp;&nbsp;&nbsp;&nbsp;&nbsp;&nbsp; La lucha hab\u00eda terminado, lo hab\u00eda conseguido, despu\u00e9s de &hellip; <\/p>\n<p class=\"link-more\"><a href=\"https:\/\/pedrocasiano.es\/?page_id=4488\" class=\"more-link\">Leer m\u00e1s<span class=\"screen-reader-text\"> \u00abEl Hombre Mir\u00f3 Al Mar\u00bb<\/span><\/a><\/p>\n","protected":false},"author":1,"featured_media":0,"parent":0,"menu_order":0,"comment_status":"closed","ping_status":"closed","template":"","meta":{"inspiro_hide_title":false,"footnotes":""},"class_list":["post-4488","page","type-page","status-publish","hentry"],"featured_media_urls":[],"_links":{"self":[{"href":"https:\/\/pedrocasiano.es\/index.php?rest_route=\/wp\/v2\/pages\/4488","targetHints":{"allow":["GET"]}}],"collection":[{"href":"https:\/\/pedrocasiano.es\/index.php?rest_route=\/wp\/v2\/pages"}],"about":[{"href":"https:\/\/pedrocasiano.es\/index.php?rest_route=\/wp\/v2\/types\/page"}],"author":[{"embeddable":true,"href":"https:\/\/pedrocasiano.es\/index.php?rest_route=\/wp\/v2\/users\/1"}],"replies":[{"embeddable":true,"href":"https:\/\/pedrocasiano.es\/index.php?rest_route=%2Fwp%2Fv2%2Fcomments&post=4488"}],"version-history":[{"count":4,"href":"https:\/\/pedrocasiano.es\/index.php?rest_route=\/wp\/v2\/pages\/4488\/revisions"}],"predecessor-version":[{"id":7902,"href":"https:\/\/pedrocasiano.es\/index.php?rest_route=\/wp\/v2\/pages\/4488\/revisions\/7902"}],"wp:attachment":[{"href":"https:\/\/pedrocasiano.es\/index.php?rest_route=%2Fwp%2Fv2%2Fmedia&parent=4488"}],"curies":[{"name":"wp","href":"https:\/\/api.w.org\/{rel}","templated":true}]}}