{"id":4476,"date":"2024-02-26T09:30:54","date_gmt":"2024-02-26T09:30:54","guid":{"rendered":"https:\/\/pedrocasiano.es\/?page_id=4476"},"modified":"2024-03-09T08:20:57","modified_gmt":"2024-03-09T08:20:57","slug":"de-los-impuestos-y-otros-males-seculares","status":"publish","type":"page","link":"https:\/\/pedrocasiano.es\/?page_id=4476","title":{"rendered":"De Los Impuestos Y Otros Males Seculares"},"content":{"rendered":"\n<figure class=\"wp-block-image alignleft size-large is-resized\"><img decoding=\"async\" width=\"1024\" height=\"754\" data-src=\"https:\/\/pedrocasiano.es\/wp-content\/uploads\/2024\/02\/calculator-385506_1280-1024x754.jpg\" alt=\"\" class=\"wp-image-4477 lazyload\" style=\"--smush-placeholder-width: 1024px; --smush-placeholder-aspect-ratio: 1024\/754;width:475px;height:auto\" src=\"data:image\/svg+xml;base64,PHN2ZyB3aWR0aD0iMSIgaGVpZ2h0PSIxIiB4bWxucz0iaHR0cDovL3d3dy53My5vcmcvMjAwMC9zdmciPjwvc3ZnPg==\" \/><\/figure>\n\n\n\n<p>Cuando hablo de impuestos, recuerdo los dibujos animados en los cuales se ve\u00eda a un pobre labrador al cual, el Recaudador acompa\u00f1ado de dos esbirros, con coraza, bigote y mal encarados, le quitaban lo poco que ten\u00eda para d\u00e1rselo a un malvado sheriff, alguacil o Delegado del Gobierno del que trataran los citados dibujos, pero, y aqu\u00ed ven\u00eda lo que a todos nos encantaba, aparec\u00eda un Robin Hood, o cualquier personaje inmune a las injustas leyes, decretos Ley o Reglamentos que asaltaba a los malvados personajes, devolvi\u00e9ndoles el dinero, el cerdo o cualesquiera elemento enajenado a los pobres granjeros.<\/p>\n\n\n\n<p>&nbsp;&nbsp;&nbsp;&nbsp;&nbsp;&nbsp;&nbsp;&nbsp;&nbsp;&nbsp;&nbsp;&nbsp;&nbsp; Hoy, hemos de reconocerlo, todo ha cambiado radicalmente, el granjero con el cual te identificas, porque al fin del cabo, eres t\u00fa, que trabajas y pagas, sabes que al final te van quitar gran parte de tu cosecha, por no decirte toda, pero lo que te molesta realmente es que veas en la cerca de la granja, mientras plantas patatas, gram\u00edneas o cualesquiera de los cultivos en los que es necesario dar el callo, a un tropel de individuos, reconoces a unos marroqu\u00edes, uno de ellos est\u00e1 mirando una de las filas que tu aras mientras de tu frente brota el sudor incesantemente.<\/p>\n\n\n\n<p>-Mira F\u00e1tima, t\u00fa ves, esa l\u00ednea de patatas, esa va a ser para nosotros, dice mientras se apoya en la cerca que tanto te ha costado construir.<\/p>\n\n\n\n<p>&nbsp;&nbsp;&nbsp;&nbsp;&nbsp;&nbsp;&nbsp;&nbsp;&nbsp;&nbsp;&nbsp;&nbsp;&nbsp; Unos sirios, mirando varias de las plantas que empiezan a germinar dicen unos a otros.<\/p>\n\n\n\n<p>-Mira, las patatas que saldr\u00e1n de esos brotes, ser\u00e1n para comer nosotros.<\/p>\n\n\n\n<p>-Tambi\u00e9n hay que guardar para el im\u00e1n y para construir Mezquitas, el alimento del alma, le replica el marroqu\u00ed al sirio.<\/p>\n\n\n\n<p>-En el nombre de Ala, le contesta, sabias palabras.<\/p>\n\n\n\n<p>&nbsp;&nbsp;&nbsp;&nbsp;&nbsp;&nbsp;&nbsp;&nbsp;&nbsp;&nbsp;&nbsp;&nbsp;&nbsp; Tu casi no los escuchas, piensas que es mentira, adem\u00e1s estas demasiado ocupado procurando que la filas queden rectas, que no se desv\u00ede mucho tu mula Lucero, que esta vieja y casi en los huesos.<\/p>\n\n\n\n<p>-Mira, dicen unos subsaharianos que se han unido al grupo, de ese animal saldr\u00e1 buena sopa, no nos faltar\u00e1 de comer gracias al amable granjero.<\/p>\n\n\n\n<p>&nbsp;&nbsp;&nbsp;&nbsp;&nbsp;&nbsp;&nbsp;&nbsp;&nbsp;&nbsp;&nbsp;&nbsp;&nbsp; Das la vuelta con la pobre Lucera que casi no puede con el alma, un perro flauta se une a la reuni\u00f3n, apoy\u00e1ndose tambi\u00e9n sobre la cerca, casi para romperse del peso.<\/p>\n\n\n\n<p>-Hola, hermanos, le dice al resto, ved como la clase opresora nos tiene esclavizados, mientras \u00e9l tiene donde guarecerse y se\u00f1ala a tu casa, que est\u00e1 a punto de caerse por el simple peso de la gravedad, y miran a tu hija, delgada y desnutrida que va echando las semillas en el arado.<\/p>\n\n\n\n<p>-Chica guapa, dice el marroqu\u00ed, ya puede casarse. Eso dec\u00eda mientras sus once hijos, gordos y bien cuidados, todos varones, correteaban cerca suya.<\/p>\n\n\n\n<p>&nbsp;&nbsp;&nbsp;&nbsp;&nbsp;&nbsp;&nbsp;&nbsp;&nbsp;&nbsp;&nbsp;&nbsp;&nbsp; Tu aparentas no o\u00edrlo, solo tiene once a\u00f1os. Sigues con el arado intentando hacer l\u00edneas rectas, que cada vez son m\u00e1s dif\u00edciles, y perdonas al perro flauta, a fin de cuentas, el hijo de tu cu\u00f1ado, tu sobrino, es uno de ellos.<\/p>\n\n\n\n<p>&nbsp;&nbsp;&nbsp;&nbsp;&nbsp;&nbsp;&nbsp;&nbsp;&nbsp;&nbsp;&nbsp;&nbsp;&nbsp; El calor aprieta, y todos los que miraban se marchan a comer, a rezarle a su Dios, o a tocar liricas canciones en flautas o similares, pero t\u00fa sigues, sabes que habr\u00e1 cosecha, que reventar\u00e1s pero al final, cuando saques las matas, la vista de los tub\u00e9rculos te alegrar\u00e1 el coraz\u00f3n.<\/p>\n\n\n\n<p>&nbsp;&nbsp;&nbsp;&nbsp;&nbsp;&nbsp;&nbsp;&nbsp;&nbsp;&nbsp;&nbsp;&nbsp;&nbsp; Y sigues, afilas el rej\u00f3n, buscas cualquier cosa verde para que Lucero aguante unos d\u00edas m\u00e1s y te sientas a la mesa para ver como un puchero de agua con agua calma tu vac\u00edo est\u00f3mago, pero sigues, cada d\u00eda es un reto, cada d\u00eda un esfuerzo supremo, te escondes cuando viene el se\u00f1or que te vendi\u00f3 el grano, que de verg\u00fcenza te mueres, pero no puedes pagarle, lo mismo con el veterinario, con el del abono, con todos, y miras a tu familia, y aun el est\u00f3mago gritando, le sonr\u00edes a tu esposa y a tu fam\u00e9lica hija que te sonr\u00ede confiando en ti, y se te viene el mundo encima.<\/p>\n\n\n\n<p>&nbsp;&nbsp;&nbsp;&nbsp;&nbsp;&nbsp;&nbsp;&nbsp;&nbsp;&nbsp;&nbsp;&nbsp;&nbsp; Pero al d\u00eda siguiente te levantas, y piensas que tu padre no ten\u00eda tierras ni casa, que por muy destrozada que est\u00e9, medio embargada y con goteras, es tuya, y contin\u00faas con f\u00e9rrea determinaci\u00f3n, sin importarte nada.<\/p>\n\n\n\n<p>&nbsp;&nbsp;&nbsp;&nbsp;&nbsp;&nbsp;&nbsp;&nbsp;&nbsp;&nbsp;&nbsp;&nbsp;&nbsp; Y llega el d\u00eda en que recoges la cosecha, no has terminado de recoger el \u00faltimo tub\u00e9rculo, cuando el alguacil con dos agentes ahora de otra forma vestidos, pero con bigote, m\u00e1s m\u00fasculo, pero mal encarados, te piden que les des la parte que corresponde a las autoridades.<\/p>\n\n\n\n<p>&nbsp;&nbsp;&nbsp;&nbsp;&nbsp;&nbsp;&nbsp;&nbsp;&nbsp;&nbsp;&nbsp;&nbsp;&nbsp; T\u00fa ya hab\u00edas hecho el c\u00e1lculo, apenas la cosecha te sirve para pagar lo que debes y poder comprar semillas, pero ellos te piden casi toda, aun sabiendo que el precio de la patata ha bajado, se basan en cabal\u00edsticas f\u00f3rmulas que t\u00fa no logras entender, preguntas y te amenazan con poner toda tu vida patas arriba, con una complementaria, con una inspecci\u00f3n salvaje, en definitiva con quitarte todo lo que tienes, lo que tendr\u00e1s, y lo que pudiera ser que tuvieras; ves c\u00f3mo se lo llevan todo, como desaparece el fruto de tu esfuerzo, como el dolor de espalda, el hambre, las vicisitudes, se multiplican mientras la carreta a punto de reventar se aleja por el horizonte.<\/p>\n\n\n\n<p>&nbsp;&nbsp;&nbsp;&nbsp;&nbsp;&nbsp;&nbsp;&nbsp;&nbsp;&nbsp;&nbsp;&nbsp;&nbsp; Te sientas a la puerta de tu casa, y miras en el horizonte como se eleva la Mezquita r\u00e1pidamente a golpe de subvenciones a fondo perdido, como una terrible melod\u00eda emanada de unas manos torpes que tocan una flauta recorre el aire, y hueles la comida que comparten todos lo que se apoyaron en tu cerca, piensas en lo que cuesta, a ti te cuesta, ser pol\u00edticamente correcto, y miras al horizonte al fin y solo te preguntas.<\/p>\n\n\n\n<p>\u201c\u00bfD\u00f3nde co\u00f1o est\u00e1 Robin Hood?\u201d<strong><br><\/strong><\/p>\n","protected":false},"excerpt":{"rendered":"<p>Cuando hablo de impuestos, recuerdo los dibujos animados en los cuales se ve\u00eda a un pobre labrador al cual, el Recaudador acompa\u00f1ado de dos esbirros, con coraza, bigote y mal encarados, le quitaban lo poco que ten\u00eda para d\u00e1rselo a un malvado sheriff, alguacil o Delegado del Gobierno del que trataran los citados dibujos, pero, &hellip; <\/p>\n<p class=\"link-more\"><a href=\"https:\/\/pedrocasiano.es\/?page_id=4476\" class=\"more-link\">Leer m\u00e1s<span class=\"screen-reader-text\"> \u00abDe Los Impuestos Y Otros Males Seculares\u00bb<\/span><\/a><\/p>\n","protected":false},"author":1,"featured_media":0,"parent":0,"menu_order":0,"comment_status":"closed","ping_status":"closed","template":"","meta":{"inspiro_hide_title":false,"footnotes":""},"class_list":["post-4476","page","type-page","status-publish","hentry"],"featured_media_urls":[],"_links":{"self":[{"href":"https:\/\/pedrocasiano.es\/index.php?rest_route=\/wp\/v2\/pages\/4476","targetHints":{"allow":["GET"]}}],"collection":[{"href":"https:\/\/pedrocasiano.es\/index.php?rest_route=\/wp\/v2\/pages"}],"about":[{"href":"https:\/\/pedrocasiano.es\/index.php?rest_route=\/wp\/v2\/types\/page"}],"author":[{"embeddable":true,"href":"https:\/\/pedrocasiano.es\/index.php?rest_route=\/wp\/v2\/users\/1"}],"replies":[{"embeddable":true,"href":"https:\/\/pedrocasiano.es\/index.php?rest_route=%2Fwp%2Fv2%2Fcomments&post=4476"}],"version-history":[{"count":3,"href":"https:\/\/pedrocasiano.es\/index.php?rest_route=\/wp\/v2\/pages\/4476\/revisions"}],"predecessor-version":[{"id":5786,"href":"https:\/\/pedrocasiano.es\/index.php?rest_route=\/wp\/v2\/pages\/4476\/revisions\/5786"}],"wp:attachment":[{"href":"https:\/\/pedrocasiano.es\/index.php?rest_route=%2Fwp%2Fv2%2Fmedia&parent=4476"}],"curies":[{"name":"wp","href":"https:\/\/api.w.org\/{rel}","templated":true}]}}