{"id":4452,"date":"2024-02-26T09:14:20","date_gmt":"2024-02-26T09:14:20","guid":{"rendered":"https:\/\/pedrocasiano.es\/?page_id=4452"},"modified":"2024-03-09T08:21:16","modified_gmt":"2024-03-09T08:21:16","slug":"felicitacion-de-fin-de-ano-17-18","status":"publish","type":"page","link":"https:\/\/pedrocasiano.es\/?page_id=4452","title":{"rendered":"Felicitaci\u00f3n de Fin de A\u00f1o 17\/18"},"content":{"rendered":"\n<figure class=\"wp-block-image alignleft size-large is-resized\"><img decoding=\"async\" width=\"1024\" height=\"852\" data-src=\"https:\/\/pedrocasiano.es\/wp-content\/uploads\/2024\/02\/snowman-8413769_1280-1024x852.jpg\" alt=\"\" class=\"wp-image-4453 lazyload\" style=\"--smush-placeholder-width: 1024px; --smush-placeholder-aspect-ratio: 1024\/852;width:481px;height:auto\" src=\"data:image\/svg+xml;base64,PHN2ZyB3aWR0aD0iMSIgaGVpZ2h0PSIxIiB4bWxucz0iaHR0cDovL3d3dy53My5vcmcvMjAwMC9zdmciPjwvc3ZnPg==\" \/><\/figure>\n\n\n\n<p>Estimados amigos\/as.<\/p>\n\n\n\n<p>&nbsp;&nbsp;&nbsp;&nbsp;&nbsp;&nbsp;&nbsp;&nbsp;&nbsp;&nbsp;&nbsp;&nbsp;&nbsp; Hoy me veo en la obligaci\u00f3n de felicitaros a todos porque el a\u00f1o se acaba, para m\u00ed ha sido un a\u00f1o terrible, as\u00ed que supongo que el que viene ser\u00e1 mejor, casi por cojones, es dif\u00edcil superar tal grado de puteo, aunque en eso tengo mis dudas.<\/p>\n\n\n\n<p>&nbsp;&nbsp;&nbsp;&nbsp;&nbsp;&nbsp;&nbsp;&nbsp;&nbsp;&nbsp;&nbsp;&nbsp;&nbsp; En cuanto a aquellos que me han aceptado o forman parte de mi c\u00edrculo de amigos espero que el a\u00f1o 2.018, sea mejor en todos los aspectos, a pesar de ello, les recomendar\u00eda que tuvieran a bien seguir unos consejillos que a m\u00ed me han servido de poco.<\/p>\n\n\n\n<p>-Hazte el imb\u00e9cil absoluto y cree que todo ir\u00e1 a mejor, por si acaso ponte las manos sobre la cabeza, amortiguan el golpe, aunque sea poco.<\/p>\n\n\n\n<p>-Tu pareja seguir\u00e1 teniendo la mala leche que ten\u00eda antes, tan solo que m\u00e1s refinada.<\/p>\n\n\n\n<p>-Tus hijos crecer\u00e1n, \u00a1Qu\u00e9 alegr\u00eda!, lo cual har\u00e1 que sus problemas contigo crezcan exponencialmente.<\/p>\n\n\n\n<p>-Si alguien quer\u00eda hacerte la vida imposible y no lo ha conseguido, aprovechar\u00e1 el a\u00f1o nuevo para intentarlo con renovados br\u00edos.<\/p>\n\n\n\n<p>-Aquellos que quieres tener cerca, se alejar\u00e1n de ti, en orden inverso aquellos que no quieres tener a tu lado, parecer\u00e1n lapas con Superglue.<\/p>\n\n\n\n<p>-Si t\u00fa y tu pareja ten\u00edais pensado no tener ning\u00fan hijo este a\u00f1o, que las cosas est\u00e1n muy malas, prepara ropa que el ni\u00f1o vendr\u00e1, aunque sea esa noche que\u2026 fue \u00fanica en todo, esencialmente en el n\u00famero.<\/p>\n\n\n\n<p>-Aquellos ahorros que quer\u00edas consolidar este a\u00f1o, el sue\u00f1o que deseabas, ahora, se convertir\u00e1n en pesadilla.<\/p>\n\n\n\n<p>&nbsp;-Esos kilos que quer\u00edas que desaparecieran, son los \u00fanicos que aumentar\u00e1n este a\u00f1o.<\/p>\n\n\n\n<p>-Cuando te mires, despu\u00e9s de las fiestas, y pienses que est\u00e1s m\u00e1s viejo, que sepas que esa s\u00ed es una verdad absoluta.<\/p>\n\n\n\n<p>-Antes de decirle a tu pareja \u201cqu\u00e9 viejo\/a est\u00e1s\u201d, lee la regla anterior, y m\u00edrate t\u00fa en el espejo.<\/p>\n\n\n\n<p>-Cree todo lo que diga el Gobierno, vuelve al futbol, el alcohol, y las drogas de dise\u00f1o, no te ir\u00e1 mejor, pero por lo menos ser\u00e1s parte de la mayor\u00eda de espa\u00f1oles.<\/p>\n\n\n\n<p>-La econom\u00eda va mucho mejor, lo que te pasa a ti, es la excepci\u00f3n que confirma la regla.<\/p>\n\n\n\n<p>-Si piensas cambiar de coche, p\u00eddele a Dios que no se te rompa el que tienes ahora mismo.<\/p>\n\n\n\n<p>-Si tienes una ni\u00f1a en edad de merecer, este a\u00f1o te vendr\u00e1, como a todos, un yerno cabr\u00f3n.<\/p>\n\n\n\n<p>-Si tienes un ni\u00f1o en edad de merecer, este a\u00f1o te vendr\u00e1, como a todos, una nuera controladora, que demostrar\u00e1 al mundo que tu hijo es gilipollas.<\/p>\n\n\n\n<p>-En caso de que seas mujer, que sepas que tus gastos en arreglos, ropa, cosm\u00e9tica, operaciones, etc., crecer\u00e1n m\u00ednimo un porcentaje equivalente a tu edad. (45 a\u00f1os, un 45 por ciento), aunque estas son cifras conservadoras.<\/p>\n\n\n\n<p>-El grado de deterioro de los hombres, se calcula con los mismos porcentajes que el gasto de las mujeres. Cifras m\u00ednimas.<\/p>\n\n\n\n<p>-Ver\u00e1s si eres hombre, como cada vez te ser\u00e1 m\u00e1s dif\u00edcil verte los test\u00edculos, no es p\u00e9rdida de visi\u00f3n, es esa \u201cBarriguita cervecera\u201d, que pasar\u00e1 a convertirse, poco a poco en \u201cBarrig\u00f3n\u201d<\/p>\n\n\n\n<p>-Ver\u00e1s, si eres mujer, como cada vez te es m\u00e1s dif\u00edcil pasar entre dos sillas sin llev\u00e1rtelas ambas, t\u00e9cnicamente es celulitis, aunque se les llame cartucheras (si ese nombre fuera cierto, algunas mujeres podr\u00edan llevar miles y miles de balas)<\/p>\n\n\n\n<p>-P\u00eddele a Dios que este a\u00f1o, no sea un \u201cA\u00f1o Pastillar\u201d, denominado as\u00ed, porque es cuando comienzas a tomar pastillas para tu salud, o a incrementar el n\u00famero de ellas.<\/p>\n\n\n\n<p>-Qu\u00e9 sepas que, si te sale \u201caz\u00facar\u201d, no te va endulzar la vida.<\/p>\n\n\n\n<p>-Cuando el m\u00e9dico te quite del alcohol, de la buena comida, de fumar, t\u00fa s\u00f3lo di \u201cEs que me estoy cuidando\u201d, no queda otro remedio, es duro decir que est\u00e1s medio acabado.<\/p>\n\n\n\n<p>-Si empiezas a hacer deporte por Prescripci\u00f3n Facultativa, di que te has dado cuenta de que tu cuerpo es un Templo (Aunque no sepas de que religi\u00f3n sea, y de que quieras ponerle una bomba de alta potencia en el centro)<\/p>\n\n\n\n<p>-Que no sea este el a\u00f1o en el que descubras que todo lo que te gusta te est\u00e1 matando, es triste saber que tu vida ya no va a ir a mejor.<\/p>\n\n\n\n<p>Ya pesar de todo, olvid\u00e1ndonos de las bromas que os he escrito, deseo, desde lo m\u00e1s profundo de mi coraz\u00f3n (s\u00ed, \u00a1co\u00f1o!, el que todav\u00eda est\u00e1n buscando), que este a\u00f1o, para vosotros y vuestros seres queridos, mis amigos, sea un a\u00f1o de parabienes, donde el anterior sea s\u00f3lo una sombra de este maravilloso a\u00f1o que viene, en cuanto a los dem\u00e1s, \u00a1que se jodan!, porque imaginad, que lo bueno no sea infinito, as\u00ed que mejor para nosotros que para todos, que a lo mejor en ese caso a nosotros nos toca una dosis elevada de excremento en la hora del reparto (con la suerte que tenemos, es lo m\u00e1s probable).<\/p>\n\n\n\n<p>&nbsp;&nbsp;&nbsp;&nbsp;&nbsp;&nbsp;&nbsp;&nbsp;&nbsp;&nbsp;&nbsp;&nbsp;&nbsp; Feliz A\u00f1o Nuevo, mis nuevos amigos, mis viejos amigos, a las familias de vosotros que conozco, a las que no conozco, a todos los que forman parte de vuestro coraz\u00f3n, yo, desde mi rec\u00f3ndito reloj de carne, os deseo lo mejor.<\/p>\n\n\n\n<p>Pedro Casiano Gonz\u00e1lez Cuevas 2.017\/18<\/p>\n","protected":false},"excerpt":{"rendered":"<p>Estimados amigos\/as. &nbsp;&nbsp;&nbsp;&nbsp;&nbsp;&nbsp;&nbsp;&nbsp;&nbsp;&nbsp;&nbsp;&nbsp;&nbsp; Hoy me veo en la obligaci\u00f3n de felicitaros a todos porque el a\u00f1o se acaba, para m\u00ed ha sido un a\u00f1o terrible, as\u00ed que supongo que el que viene ser\u00e1 mejor, casi por cojones, es dif\u00edcil superar tal grado de puteo, aunque en eso tengo mis dudas. &nbsp;&nbsp;&nbsp;&nbsp;&nbsp;&nbsp;&nbsp;&nbsp;&nbsp;&nbsp;&nbsp;&nbsp;&nbsp; En cuanto a aquellos &hellip; <\/p>\n<p class=\"link-more\"><a href=\"https:\/\/pedrocasiano.es\/?page_id=4452\" class=\"more-link\">Leer m\u00e1s<span class=\"screen-reader-text\"> \u00abFelicitaci\u00f3n de Fin de A\u00f1o 17\/18\u00bb<\/span><\/a><\/p>\n","protected":false},"author":1,"featured_media":0,"parent":0,"menu_order":0,"comment_status":"closed","ping_status":"closed","template":"","meta":{"inspiro_hide_title":false,"footnotes":""},"class_list":["post-4452","page","type-page","status-publish","hentry"],"featured_media_urls":[],"_links":{"self":[{"href":"https:\/\/pedrocasiano.es\/index.php?rest_route=\/wp\/v2\/pages\/4452","targetHints":{"allow":["GET"]}}],"collection":[{"href":"https:\/\/pedrocasiano.es\/index.php?rest_route=\/wp\/v2\/pages"}],"about":[{"href":"https:\/\/pedrocasiano.es\/index.php?rest_route=\/wp\/v2\/types\/page"}],"author":[{"embeddable":true,"href":"https:\/\/pedrocasiano.es\/index.php?rest_route=\/wp\/v2\/users\/1"}],"replies":[{"embeddable":true,"href":"https:\/\/pedrocasiano.es\/index.php?rest_route=%2Fwp%2Fv2%2Fcomments&post=4452"}],"version-history":[{"count":3,"href":"https:\/\/pedrocasiano.es\/index.php?rest_route=\/wp\/v2\/pages\/4452\/revisions"}],"predecessor-version":[{"id":5787,"href":"https:\/\/pedrocasiano.es\/index.php?rest_route=\/wp\/v2\/pages\/4452\/revisions\/5787"}],"wp:attachment":[{"href":"https:\/\/pedrocasiano.es\/index.php?rest_route=%2Fwp%2Fv2%2Fmedia&parent=4452"}],"curies":[{"name":"wp","href":"https:\/\/api.w.org\/{rel}","templated":true}]}}