{"id":4440,"date":"2024-02-26T09:07:35","date_gmt":"2024-02-26T09:07:35","guid":{"rendered":"https:\/\/pedrocasiano.es\/?page_id=4440"},"modified":"2024-03-04T10:05:30","modified_gmt":"2024-03-04T10:05:30","slug":"fanatismo","status":"publish","type":"page","link":"https:\/\/pedrocasiano.es\/?page_id=4440","title":{"rendered":"Fanatismo"},"content":{"rendered":"\n<figure class=\"wp-block-image alignleft size-large is-resized\"><img decoding=\"async\" width=\"1024\" height=\"544\" data-src=\"https:\/\/pedrocasiano.es\/wp-content\/uploads\/2024\/02\/crowd-2457625_1920-1024x544.jpg\" alt=\"\" class=\"wp-image-4441 lazyload\" style=\"--smush-placeholder-width: 1024px; --smush-placeholder-aspect-ratio: 1024\/544;width:642px;height:auto\" src=\"data:image\/svg+xml;base64,PHN2ZyB3aWR0aD0iMSIgaGVpZ2h0PSIxIiB4bWxucz0iaHR0cDovL3d3dy53My5vcmcvMjAwMC9zdmciPjwvc3ZnPg==\" \/><\/figure>\n\n\n\n<p>Todo aquel que me conoce, sabe que soy un enamorado del periodo andalus\u00ed, una \u00e9poca de esplendor y de poder, como nunca m\u00e1s ha vuelto a tener, estas, nuestras tierras.<\/p>\n\n\n\n<p>&nbsp;&nbsp;&nbsp;&nbsp;&nbsp;&nbsp;&nbsp;&nbsp;&nbsp;&nbsp;&nbsp;&nbsp;&nbsp; Pues bien, movido por el inter\u00e9s de conocer y compartir, me hice miembro de alg\u00fan que otro grupo que ten\u00eda como motivo, el que he comentado, el per\u00edodo andalus\u00ed.<\/p>\n\n\n\n<p>&nbsp;&nbsp;&nbsp;&nbsp;&nbsp;&nbsp;&nbsp;&nbsp;&nbsp;&nbsp;&nbsp;&nbsp;&nbsp; \u00bfQu\u00e9 esperaba encontrar?, francamente, con la inocencia del que solo piensa en la historia, o en el legado que nos deja, contaba con la idea, esperaba que similar de otras personas, que viven en tierras que fueron andalus\u00edes, de compartir un acervo com\u00fan.<\/p>\n\n\n\n<p>&nbsp;&nbsp;&nbsp;&nbsp;&nbsp;&nbsp;&nbsp;&nbsp;&nbsp;&nbsp;&nbsp;&nbsp;&nbsp; Lejos de eso, mi sorpresa es may\u00fascula, cuando comienzo a comprobar, que mucho del texto es en \u00e1rabe, ya me empieza la cosa a no ser lo que buscaba, pero, continuo en el mismo, esperando ver m\u00e1s antes de poder opinar.<\/p>\n\n\n\n<p>&nbsp;&nbsp;&nbsp;&nbsp;&nbsp;&nbsp;&nbsp;&nbsp;&nbsp;&nbsp;&nbsp;&nbsp;&nbsp; Casi todos, o gran parte, son nombres \u00e1rabes, eso no es importante, pero si, lo que se saca de sus posts, ensalzar el Islam, o reivindicar esta tierra, la nuestra, como Isl\u00e1mica, y por supuesto invadida por nosotros, sus actuales habitantes, que tiene que ser devuelta a aquellos que no la han poblado en ninguna \u00e9poca, pues se equivocan, esta, nuestra tierra, en todo caso, fue, Hispano \u00c1rabe, y durante un tiempo.<\/p>\n\n\n\n<p>&nbsp;&nbsp;&nbsp;&nbsp;&nbsp;&nbsp;&nbsp;&nbsp;&nbsp;&nbsp;&nbsp;&nbsp;&nbsp; En ese grupo, en sus posts, vi reflejado el miedo de los andalus\u00edes, a las invasiones africanas, las de los rigoristas Almohades y Almor\u00e1vides, los cuales, como todo en este lugar, terminaron por hacerse andalus\u00edes, y con el tiempo olvidar la espada, y usar la cabeza.<\/p>\n\n\n\n<p>&nbsp;&nbsp;&nbsp;&nbsp;&nbsp;&nbsp;&nbsp;&nbsp;&nbsp;&nbsp;&nbsp;&nbsp;&nbsp; Por esta y otras razones, me planteo muchas veces el ensalzar, lo que fue una bella \u00e9poca de nuestra historia, con sus blancos y sus negros, pero, a fin de cuentas, necesaria para saber qui\u00e9nes somos. Lo \u00fanico que he deducido, es que, desde luego, lo que no soy, es un fan\u00e1tico.<\/p>\n\n\n\n<p>&nbsp;&nbsp;&nbsp;&nbsp;&nbsp;&nbsp;&nbsp;&nbsp;&nbsp;&nbsp;&nbsp;&nbsp;&nbsp; Soy cristiano viejo, y de pasar por la vida, he descubierto que la radicalidad solo lleva al enfrentamiento, para evitarlo, y de regalo, me dieron iglesias y Mezquitas, castillos y alc\u00e1zares, Medinas y ciudades\u2026<\/p>\n\n\n\n<p>&nbsp;&nbsp;&nbsp;&nbsp;&nbsp;&nbsp;&nbsp;&nbsp;&nbsp;&nbsp;&nbsp;&nbsp;&nbsp; Y lo \u00fanico que he sacado en claro de todo esto, es que estamos rodeados de fan\u00e1ticos con el cerebro lavado, pero tambi\u00e9n, que no les tengo miedo, que nadie ose venir a mi casa, diciendo que es suya.<\/p>\n","protected":false},"excerpt":{"rendered":"<p>Todo aquel que me conoce, sabe que soy un enamorado del periodo andalus\u00ed, una \u00e9poca de esplendor y de poder, como nunca m\u00e1s ha vuelto a tener, estas, nuestras tierras. &nbsp;&nbsp;&nbsp;&nbsp;&nbsp;&nbsp;&nbsp;&nbsp;&nbsp;&nbsp;&nbsp;&nbsp;&nbsp; Pues bien, movido por el inter\u00e9s de conocer y compartir, me hice miembro de alg\u00fan que otro grupo que ten\u00eda como motivo, el que &hellip; <\/p>\n<p class=\"link-more\"><a href=\"https:\/\/pedrocasiano.es\/?page_id=4440\" class=\"more-link\">Leer m\u00e1s<span class=\"screen-reader-text\"> \u00abFanatismo\u00bb<\/span><\/a><\/p>\n","protected":false},"author":1,"featured_media":0,"parent":0,"menu_order":0,"comment_status":"closed","ping_status":"closed","template":"","meta":{"inspiro_hide_title":false,"footnotes":""},"class_list":["post-4440","page","type-page","status-publish","hentry"],"featured_media_urls":[],"_links":{"self":[{"href":"https:\/\/pedrocasiano.es\/index.php?rest_route=\/wp\/v2\/pages\/4440","targetHints":{"allow":["GET"]}}],"collection":[{"href":"https:\/\/pedrocasiano.es\/index.php?rest_route=\/wp\/v2\/pages"}],"about":[{"href":"https:\/\/pedrocasiano.es\/index.php?rest_route=\/wp\/v2\/types\/page"}],"author":[{"embeddable":true,"href":"https:\/\/pedrocasiano.es\/index.php?rest_route=\/wp\/v2\/users\/1"}],"replies":[{"embeddable":true,"href":"https:\/\/pedrocasiano.es\/index.php?rest_route=%2Fwp%2Fv2%2Fcomments&post=4440"}],"version-history":[{"count":3,"href":"https:\/\/pedrocasiano.es\/index.php?rest_route=\/wp\/v2\/pages\/4440\/revisions"}],"predecessor-version":[{"id":5563,"href":"https:\/\/pedrocasiano.es\/index.php?rest_route=\/wp\/v2\/pages\/4440\/revisions\/5563"}],"wp:attachment":[{"href":"https:\/\/pedrocasiano.es\/index.php?rest_route=%2Fwp%2Fv2%2Fmedia&parent=4440"}],"curies":[{"name":"wp","href":"https:\/\/api.w.org\/{rel}","templated":true}]}}