{"id":4414,"date":"2024-02-25T10:44:16","date_gmt":"2024-02-25T10:44:16","guid":{"rendered":"https:\/\/pedrocasiano.es\/?page_id=4414"},"modified":"2024-03-01T06:57:02","modified_gmt":"2024-03-01T06:57:02","slug":"sobre-la-epoca-hispano-musulmana","status":"publish","type":"page","link":"https:\/\/pedrocasiano.es\/?page_id=4414","title":{"rendered":"Sobre la \u00c9poca Hispano Musulmana"},"content":{"rendered":"\n<figure class=\"wp-block-image alignleft size-large is-resized\"><img decoding=\"async\" width=\"1024\" height=\"853\" data-src=\"https:\/\/pedrocasiano.es\/wp-content\/uploads\/2024\/02\/architecture-756146_1280-1024x853.jpg\" alt=\"\" class=\"wp-image-4415 lazyload\" style=\"--smush-placeholder-width: 1024px; --smush-placeholder-aspect-ratio: 1024\/853;width:358px;height:auto\" src=\"data:image\/svg+xml;base64,PHN2ZyB3aWR0aD0iMSIgaGVpZ2h0PSIxIiB4bWxucz0iaHR0cDovL3d3dy53My5vcmcvMjAwMC9zdmciPjwvc3ZnPg==\" \/><\/figure>\n\n\n\n<p>Muy Sres. m\u00edos, m\u00e1s bien a quien corresponda.<\/p>\n\n\n\n<p>&nbsp;&nbsp;&nbsp;&nbsp;&nbsp;&nbsp;&nbsp;&nbsp;&nbsp;&nbsp;&nbsp;&nbsp;&nbsp; Harto he, de que los eruditos y sabedores del conocimiento de nuestra amada ciudad, menosprecien el legado hispano \u00e1rabe de esta, la C\u00f3rdoba de todos.<\/p>\n\n\n\n<p>&nbsp;&nbsp;&nbsp;&nbsp;&nbsp;&nbsp;&nbsp;&nbsp;&nbsp;&nbsp;&nbsp;&nbsp;&nbsp; Loados son aquellos que hablan del lat\u00edn y del m\u00e1rmol de lo que, a fin de cuentas, era solo una colonia romana, colonia, pr\u00f3spera y fecunda, pero, a fin de cuentas, perro con amo.<\/p>\n\n\n\n<p>&nbsp;&nbsp;&nbsp;&nbsp;&nbsp;&nbsp;&nbsp;&nbsp;&nbsp;&nbsp;&nbsp;&nbsp;&nbsp; En mi \u00e1nimo no est\u00e1 menospreciar nada que ennoblezca el blas\u00f3n de nuestra villa, pero voto a todo, \u00bfPor qu\u00e9 aquellos que estudian el per\u00edodo en el que fue casi capital del mundo, donde solo Constantinopolis, pod\u00eda hacerle sombra, son siempre segundones?<\/p>\n\n\n\n<p>&nbsp;&nbsp;&nbsp;&nbsp;&nbsp;&nbsp;&nbsp;&nbsp;&nbsp;&nbsp;&nbsp;&nbsp;&nbsp; \u00bfPor qu\u00e9 aquellos que, orgullosos de nuestro pasado como capital de un imperio, somos, son, pues yo apenas si empiezo, tratados como de corto entendimiento y relegados a esa segunda categor\u00eda?<\/p>\n\n\n\n<p>&nbsp;&nbsp;&nbsp;&nbsp;&nbsp;&nbsp;&nbsp;&nbsp;&nbsp;&nbsp;&nbsp;&nbsp;&nbsp; Qu\u00e9 es, \u00bfque el m\u00e1rmol romano reluc\u00eda m\u00e1s que el que adornaba la Ciudad Brillante?<\/p>\n\n\n\n<p>&nbsp;&nbsp;&nbsp;&nbsp;&nbsp;&nbsp;&nbsp;&nbsp;&nbsp;&nbsp;&nbsp;&nbsp;&nbsp; Por cotidiano, lo hispano \u00e1rabe es relegado, por cantidad, por calidad, por repetici\u00f3n, y sin embargo la letrina romana m\u00e1s deslucida, ocupa portadas de peri\u00f3dicos.<\/p>\n\n\n\n<p>&nbsp;&nbsp;&nbsp;&nbsp;&nbsp;&nbsp;&nbsp;&nbsp;&nbsp;&nbsp;&nbsp;&nbsp;&nbsp; Lo romano es m\u00e1s antiguo, por supuesto, pero por suerte, jalona Europa, parte de Asia y de \u00c1frica, con variaciones que no son cambios esenciales en sus propias ra\u00edces.<\/p>\n\n\n\n<p>&nbsp;&nbsp;&nbsp;&nbsp;&nbsp;&nbsp;&nbsp;&nbsp;&nbsp;&nbsp;&nbsp;&nbsp;&nbsp; Sin embargo, aqu\u00ed, donde se menosprecia, el arte andalus\u00ed, nace como propio, distinto de todo lo conocido, aglutinando distintas formas de crear arte, de construir, de crear, pero\u2026<\/p>\n\n\n\n<p>&nbsp;&nbsp;&nbsp;&nbsp;&nbsp;&nbsp;&nbsp;&nbsp;&nbsp;&nbsp;&nbsp;&nbsp;&nbsp; Y lo m\u00e1s curioso, \u00bfD\u00f3nde existe este tipo de arte?, aqu\u00ed, respondo, solo aqu\u00ed, despu\u00e9s te alejas unos kil\u00f3metros, y todo es distinto, m\u00e1s moderno, cambiado, no menos bello, pero sin el sentir propio de lo creado por una nueva concepci\u00f3n de las cosas.<\/p>\n\n\n\n<p>&nbsp;&nbsp;&nbsp;&nbsp;&nbsp;&nbsp;&nbsp;&nbsp;&nbsp;&nbsp;&nbsp;&nbsp;&nbsp; Haciendo sangre, \u00bfQu\u00e9 har\u00edan los sevillanos si tuvieran lo que nosotros?, no respondo la pregunta, que cada uno la conteste en su opini\u00f3n.<\/p>\n\n\n\n<p>&nbsp;&nbsp;&nbsp;&nbsp;&nbsp;&nbsp;&nbsp;&nbsp;&nbsp;&nbsp;&nbsp;&nbsp;&nbsp; Y henos aqu\u00ed, con It\u00e1lica al lado, buscando teselas romanas como si fueran el mayor de los tesoros, cuando las piezas \u00fanicas, irrepetibles, originarias y originales, yacen a nuestros pies o son corro\u00eddas por el tiempo.<\/p>\n\n\n\n<p>&nbsp;&nbsp;&nbsp;&nbsp;&nbsp;&nbsp;&nbsp;&nbsp;&nbsp;&nbsp;&nbsp;&nbsp;&nbsp; Pidamos que nuestros descendientes no nos maldigan por olvidarnos de un patrimonio, \u00fanico en el mundo, y que dejamos como escoria, una vez atesorado el de otras \u00e9pocas, aunque tampoco sea tratado como se merece, seamos sensatos.<\/p>\n\n\n\n<p>&nbsp;&nbsp;&nbsp;&nbsp;&nbsp;&nbsp;&nbsp;&nbsp;&nbsp;&nbsp;&nbsp;&nbsp;&nbsp; C\u00f3rdoba es la maldici\u00f3n de los constructores, y el para\u00edso de los investigadores, de los arque\u00f3logos, de cualquiera que sue\u00f1e con redescubrir el pasado, pues los conquistadores, se encargaron de que todo fuera destruido.<\/p>\n\n\n\n<p>&nbsp;&nbsp;&nbsp;&nbsp;&nbsp;&nbsp;&nbsp;&nbsp;&nbsp;&nbsp;&nbsp;&nbsp;&nbsp; Ninguno tiene sangre de aquellos hispano musulmanes, por nuestras venas corren otras distintas, pues aquel pueblo fue expulsado, cuando no exterminado, pero lo que no nos podremos raer nunca, es el legado del esp\u00edritu de la C\u00f3rdoba capital del mundo, del orgullo, la mayor\u00eda de las veces soberbia, de la chuler\u00eda mal contenida del que se cree superior a los dem\u00e1s, y por supuesto la de aquel que denuesta su tierra, pues sabe que nada, nada, es mejor que aquella que vilipendia.<\/p>\n\n\n\n<p>Muy Sres. m\u00edos, m\u00e1s bien a quien corresponda.<\/p>\n\n\n\n<p>&nbsp;&nbsp;&nbsp;&nbsp;&nbsp;&nbsp;&nbsp;&nbsp;&nbsp;&nbsp;&nbsp;&nbsp;&nbsp; Harto he, de que los eruditos y sabedores del conocimiento de nuestra amada ciudad, menosprecien el legado hispano \u00e1rabe de esta, la C\u00f3rdoba de todos.<\/p>\n\n\n\n<p>&nbsp;&nbsp;&nbsp;&nbsp;&nbsp;&nbsp;&nbsp;&nbsp;&nbsp;&nbsp;&nbsp;&nbsp;&nbsp; Loados son aquellos que hablan del lat\u00edn y del m\u00e1rmol de lo que, a fin de cuentas, era solo una colonia romana, colonia, pr\u00f3spera y fecunda, pero, a fin de cuentas, perro con amo.<\/p>\n\n\n\n<p>&nbsp;&nbsp;&nbsp;&nbsp;&nbsp;&nbsp;&nbsp;&nbsp;&nbsp;&nbsp;&nbsp;&nbsp;&nbsp; En mi \u00e1nimo no est\u00e1 menospreciar nada que ennoblezca el blas\u00f3n de nuestra villa, pero voto a todo, \u00bfPor qu\u00e9 aquellos que estudian el per\u00edodo en el que fue casi capital del mundo, donde solo Constantinopolis, pod\u00eda hacerle sombra, son siempre segundones?<\/p>\n\n\n\n<p>&nbsp;&nbsp;&nbsp;&nbsp;&nbsp;&nbsp;&nbsp;&nbsp;&nbsp;&nbsp;&nbsp;&nbsp;&nbsp; \u00bfPor qu\u00e9 aquellos que, orgullosos de nuestro pasado como capital de un imperio, somos, son, pues yo apenas si empiezo, tratados como de corto entendimiento y relegados a esa segunda categor\u00eda?<\/p>\n\n\n\n<p>&nbsp;&nbsp;&nbsp;&nbsp;&nbsp;&nbsp;&nbsp;&nbsp;&nbsp;&nbsp;&nbsp;&nbsp;&nbsp; Qu\u00e9 es, \u00bfque el m\u00e1rmol romano reluc\u00eda m\u00e1s que el que adornaba la Ciudad Brillante?<\/p>\n\n\n\n<p>&nbsp;&nbsp;&nbsp;&nbsp;&nbsp;&nbsp;&nbsp;&nbsp;&nbsp;&nbsp;&nbsp;&nbsp;&nbsp; Por cotidiano, lo hispano \u00e1rabe es relegado, por cantidad, por calidad, por repetici\u00f3n, y sin embargo la letrina romana m\u00e1s deslucida, ocupa portadas de peri\u00f3dicos.<\/p>\n\n\n\n<p>&nbsp;&nbsp;&nbsp;&nbsp;&nbsp;&nbsp;&nbsp;&nbsp;&nbsp;&nbsp;&nbsp;&nbsp;&nbsp; Lo romano es m\u00e1s antiguo, por supuesto, pero por suerte, jalona Europa, parte de Asia y de \u00c1frica, con variaciones que no son cambios esenciales en sus propias ra\u00edces.<\/p>\n\n\n\n<p>&nbsp;&nbsp;&nbsp;&nbsp;&nbsp;&nbsp;&nbsp;&nbsp;&nbsp;&nbsp;&nbsp;&nbsp;&nbsp; Sin embargo, aqu\u00ed, donde se menosprecia, el arte andalus\u00ed, nace como propio, distinto de todo lo conocido, aglutinando distintas formas de crear arte, de construir, de crear, pero\u2026<\/p>\n\n\n\n<p>&nbsp;&nbsp;&nbsp;&nbsp;&nbsp;&nbsp;&nbsp;&nbsp;&nbsp;&nbsp;&nbsp;&nbsp;&nbsp; Y lo m\u00e1s curioso, \u00bfD\u00f3nde existe este tipo de arte?, aqu\u00ed, respondo, solo aqu\u00ed, despu\u00e9s te alejas unos kil\u00f3metros, y todo es distinto, m\u00e1s moderno, cambiado, no menos bello, pero sin el sentir propio de lo creado por una nueva concepci\u00f3n de las cosas.<\/p>\n\n\n\n<p>&nbsp;&nbsp;&nbsp;&nbsp;&nbsp;&nbsp;&nbsp;&nbsp;&nbsp;&nbsp;&nbsp;&nbsp;&nbsp; Haciendo sangre, \u00bfQu\u00e9 har\u00edan los sevillanos si tuvieran lo que nosotros?, no respondo la pregunta, que cada uno la conteste en su opini\u00f3n.<\/p>\n\n\n\n<p>&nbsp;&nbsp;&nbsp;&nbsp;&nbsp;&nbsp;&nbsp;&nbsp;&nbsp;&nbsp;&nbsp;&nbsp;&nbsp; Y henos aqu\u00ed, con It\u00e1lica al lado, buscando teselas romanas como si fueran el mayor de los tesoros, cuando las piezas \u00fanicas, irrepetibles, originarias y originales, yacen a nuestros pies o son corro\u00eddas por el tiempo.<\/p>\n\n\n\n<p>&nbsp;&nbsp;&nbsp;&nbsp;&nbsp;&nbsp;&nbsp;&nbsp;&nbsp;&nbsp;&nbsp;&nbsp;&nbsp; Pidamos que nuestros descendientes no nos maldigan por olvidarnos de un patrimonio, \u00fanico en el mundo, y que dejamos como escoria, una vez atesorado el de otras \u00e9pocas, aunque tampoco sea tratado como se merece, seamos sensatos.<\/p>\n\n\n\n<p>&nbsp;&nbsp;&nbsp;&nbsp;&nbsp;&nbsp;&nbsp;&nbsp;&nbsp;&nbsp;&nbsp;&nbsp;&nbsp; C\u00f3rdoba es la maldici\u00f3n de los constructores, y el para\u00edso de los investigadores, de los arque\u00f3logos, de cualquiera que sue\u00f1e con redescubrir el pasado, pues los conquistadores, se encargaron de que todo fuera destruido.<\/p>\n\n\n\n<p>&nbsp;&nbsp;&nbsp;&nbsp;&nbsp;&nbsp;&nbsp;&nbsp;&nbsp;&nbsp;&nbsp;&nbsp;&nbsp; Ninguno tiene sangre de aquellos hispano musulmanes, por nuestras venas corren otras distintas, pues aquel pueblo fue expulsado, cuando no exterminado, pero lo que no nos podremos raer nunca, es el legado del esp\u00edritu de la C\u00f3rdoba capital del mundo, del orgullo, la mayor\u00eda de las veces soberbia, de la chuler\u00eda mal contenida del que se cree superior a los dem\u00e1s, y por supuesto la de aquel que denuesta su tierra, pues sabe que nada, nada, es mejor que aquella que vilipendia.<\/p>\n","protected":false},"excerpt":{"rendered":"<p>Muy Sres. m\u00edos, m\u00e1s bien a quien corresponda. &nbsp;&nbsp;&nbsp;&nbsp;&nbsp;&nbsp;&nbsp;&nbsp;&nbsp;&nbsp;&nbsp;&nbsp;&nbsp; Harto he, de que los eruditos y sabedores del conocimiento de nuestra amada ciudad, menosprecien el legado hispano \u00e1rabe de esta, la C\u00f3rdoba de todos. &nbsp;&nbsp;&nbsp;&nbsp;&nbsp;&nbsp;&nbsp;&nbsp;&nbsp;&nbsp;&nbsp;&nbsp;&nbsp; Loados son aquellos que hablan del lat\u00edn y del m\u00e1rmol de lo que, a fin de cuentas, era solo una &hellip; <\/p>\n<p class=\"link-more\"><a href=\"https:\/\/pedrocasiano.es\/?page_id=4414\" class=\"more-link\">Leer m\u00e1s<span class=\"screen-reader-text\"> \u00abSobre la \u00c9poca Hispano Musulmana\u00bb<\/span><\/a><\/p>\n","protected":false},"author":1,"featured_media":0,"parent":0,"menu_order":0,"comment_status":"closed","ping_status":"closed","template":"","meta":{"inspiro_hide_title":false,"footnotes":""},"class_list":["post-4414","page","type-page","status-publish","hentry"],"featured_media_urls":[],"_links":{"self":[{"href":"https:\/\/pedrocasiano.es\/index.php?rest_route=\/wp\/v2\/pages\/4414","targetHints":{"allow":["GET"]}}],"collection":[{"href":"https:\/\/pedrocasiano.es\/index.php?rest_route=\/wp\/v2\/pages"}],"about":[{"href":"https:\/\/pedrocasiano.es\/index.php?rest_route=\/wp\/v2\/types\/page"}],"author":[{"embeddable":true,"href":"https:\/\/pedrocasiano.es\/index.php?rest_route=\/wp\/v2\/users\/1"}],"replies":[{"embeddable":true,"href":"https:\/\/pedrocasiano.es\/index.php?rest_route=%2Fwp%2Fv2%2Fcomments&post=4414"}],"version-history":[{"count":3,"href":"https:\/\/pedrocasiano.es\/index.php?rest_route=\/wp\/v2\/pages\/4414\/revisions"}],"predecessor-version":[{"id":5406,"href":"https:\/\/pedrocasiano.es\/index.php?rest_route=\/wp\/v2\/pages\/4414\/revisions\/5406"}],"wp:attachment":[{"href":"https:\/\/pedrocasiano.es\/index.php?rest_route=%2Fwp%2Fv2%2Fmedia&parent=4414"}],"curies":[{"name":"wp","href":"https:\/\/api.w.org\/{rel}","templated":true}]}}