{"id":4402,"date":"2024-02-25T10:33:40","date_gmt":"2024-02-25T10:33:40","guid":{"rendered":"https:\/\/pedrocasiano.es\/?page_id=4402"},"modified":"2024-03-01T07:44:54","modified_gmt":"2024-03-01T07:44:54","slug":"el-beso-de-hielo","status":"publish","type":"page","link":"https:\/\/pedrocasiano.es\/?page_id=4402","title":{"rendered":"El Beso De Hielo"},"content":{"rendered":"\n<figure class=\"wp-block-image alignleft size-large is-resized\"><img decoding=\"async\" width=\"1024\" height=\"853\" data-src=\"https:\/\/pedrocasiano.es\/wp-content\/uploads\/2024\/02\/cemetery-2650712_1280-1024x853.jpg\" alt=\"\" class=\"wp-image-4403 lazyload\" style=\"--smush-placeholder-width: 1024px; --smush-placeholder-aspect-ratio: 1024\/853;width:511px;height:auto\" src=\"data:image\/svg+xml;base64,PHN2ZyB3aWR0aD0iMSIgaGVpZ2h0PSIxIiB4bWxucz0iaHR0cDovL3d3dy53My5vcmcvMjAwMC9zdmciPjwvc3ZnPg==\" \/><\/figure>\n\n\n\n<p>La esquina, las manos, el frio en el calor, levantarse, abrazo, l\u00e1grimas, que no suyas, los murmullos, y el rinc\u00f3n como m\u00e1gico im\u00e1n, su refugio buscando la soledad imposible.<\/p>\n\n\n\n<p>&nbsp;&nbsp;&nbsp;&nbsp;&nbsp;&nbsp;&nbsp;&nbsp;&nbsp;&nbsp;&nbsp;&nbsp;&nbsp; La gente, la familia, los amigos, los que no son llamados ni queridos, pero siempre presentes, los del \u201cqu\u00e9 dir\u00e1n\u201d, y el dolor, la pantomima, y el cristal, duro, grueso, separando el cuerpo de su madre de aquellos que la velaban, las flores, el olor.<\/p>\n\n\n\n<p>&nbsp;&nbsp;&nbsp;&nbsp;&nbsp;&nbsp;&nbsp;&nbsp;&nbsp;&nbsp;&nbsp;&nbsp;&nbsp; \u00bfPor qu\u00e9 huelen diferente cuando forman una corona?, se pregunt\u00f3, y no supo la respuesta, pero era la realidad, \u00bfo quiz\u00e1s no?<\/p>\n\n\n\n<p>&nbsp;&nbsp;&nbsp;&nbsp;&nbsp;&nbsp;&nbsp;&nbsp;&nbsp;&nbsp;&nbsp;&nbsp;&nbsp; Su padre, agotado, ca\u00eddo, derrotado, sin nada, con toda la vida en soledad que le quedaba, \u00bfse podr\u00eda levantar de nuevo?, no lo sab\u00eda, y su coraz\u00f3n como una extra\u00f1a fruta adquiri\u00f3 una capa m\u00e1s de dolor.<\/p>\n\n\n\n<p>&nbsp;&nbsp;&nbsp;&nbsp;&nbsp;&nbsp;&nbsp;&nbsp;&nbsp;&nbsp;&nbsp;&nbsp;&nbsp; Y su alma que se sent\u00eda morir, el dolor, \u00a1que solo estaba!, que solo estar\u00eda, ya no ver\u00eda su hijo crecer, tendr\u00eda que hablarle de ella, de su amor, de su simpat\u00eda, pero desde el recuerdo, otra capa m\u00e1s de dolor.<\/p>\n\n\n\n<p>&nbsp;&nbsp;&nbsp;&nbsp;&nbsp;&nbsp;&nbsp;&nbsp;&nbsp;&nbsp;&nbsp;&nbsp;&nbsp; Y ni una l\u00e1grima, el coraz\u00f3n seco de dolor; quiz\u00e1 los dem\u00e1s pensaran que estaba entero, nada que se pareciera, era un sue\u00f1o imposible de so\u00f1ar, una realidad que no pod\u00eda existir, el golpe final, lo inesperado, ayer su madre, hoy, tras el cristal carne muerta\u2026, hoy nada\u2026 nada, apenas nada.<\/p>\n\n\n\n<p>&nbsp;&nbsp;&nbsp;&nbsp;&nbsp;&nbsp;&nbsp;&nbsp;&nbsp;&nbsp;&nbsp;&nbsp;&nbsp; La vida sigue, era el relato, \u201clo siento\u201d, \u201cque bella persona\u201d, \u00bfQu\u00e9 sab\u00edan de su sonrisa, de sus abrazos, de su protecci\u00f3n, de la vida que era vida porque ella estaba?, soledad repleta de gente, y el rinc\u00f3n, y los abrazos, los quejidos, el dolor ajeno, el vac\u00edo propio.<\/p>\n\n\n\n<p>&nbsp;&nbsp;&nbsp;&nbsp;&nbsp;&nbsp;&nbsp;&nbsp;&nbsp;&nbsp;&nbsp;&nbsp;&nbsp; Los susurros, los murmullos, \u00bfqui\u00e9n era, quien ser\u00eda, el que hablaba?, \u00bfel que murmuraba?, le gustar\u00eda saberlo, le gustar\u00eda callarlos, echarlos de all\u00ed, pero\u2026 y que solo estaba.<\/p>\n\n\n\n<p>&nbsp;&nbsp;&nbsp;&nbsp;&nbsp;&nbsp;&nbsp;&nbsp;&nbsp;&nbsp;&nbsp;&nbsp;&nbsp; Ni su esposa ni el hijo que esperaba, nada, solo nada, en ese momento nada, era ego\u00edsta, insensible, anonadado, casi muerto en la soledad, \u00bfqui\u00e9n lo entender\u00eda? \u00bfy que le importaba que nadie lo entendiera?<\/p>\n\n\n\n<p>&nbsp;&nbsp;&nbsp;&nbsp;&nbsp;&nbsp;&nbsp;&nbsp;&nbsp;&nbsp;&nbsp;&nbsp;&nbsp; Se levant\u00f3, y se acerc\u00f3 al cristal que lo separaba de ella, mir\u00f3 el cuerpo durante un rato en el que el tiempo apenas si importaba, era inconmensurable, intranscendente.<\/p>\n\n\n\n<p>&nbsp;&nbsp;&nbsp;&nbsp;&nbsp;&nbsp;&nbsp;&nbsp;&nbsp;&nbsp;&nbsp;&nbsp;&nbsp; Abri\u00f3 la puerta que daba acceso a el interior, volvi\u00f3 a mirar el cuerpo, hac\u00eda frio, pero all\u00ed estaba, incluso all\u00ed, muerta, sent\u00eda su calor; sin pensar siquiera se acerc\u00f3 al cuerpo y beso la frente de la que hab\u00eda sido su madre.<\/p>\n\n\n\n<p>&nbsp;&nbsp;&nbsp;&nbsp;&nbsp;&nbsp;&nbsp;&nbsp;&nbsp;&nbsp;&nbsp;&nbsp;&nbsp; \u00a1El frio, Dios, \u00a1el frio!, le entr\u00f3 en el cuerpo como si fuera un rayo, y una higuera le agarr\u00f3 en el coraz\u00f3n, sinti\u00f3 como cada una de las ra\u00edces se clavaba en su interior, y sinti\u00f3 el frio, el dolor, en ese preciso instante se dio cuenta de que la que estaba all\u00ed no era su madre.<\/p>\n\n\n\n<p>&nbsp;&nbsp;&nbsp;&nbsp;&nbsp;&nbsp;&nbsp;&nbsp;&nbsp;&nbsp;&nbsp;&nbsp;&nbsp; La \u00faltima vez que hab\u00eda llorado se perd\u00eda en la bruma de su memoria, pero en aquel momento, imperceptiblemente, sin voluntad, sinti\u00f3 como una gota, una l\u00e1grima ca\u00eda sobre la frente del frio cad\u00e1ver, y sin darse cuenta llor\u00f3, todo lo que no hab\u00eda llorado antes, y la higuera desentra\u00f1o sus ra\u00edces, el frio comenz\u00f3 a irse como si los tibios rayos de sol del amanecer comenzaran a calentarle, y comprendi\u00f3, que aquel cad\u00e1ver no llevaba a su madre, que \u00bfDios sabe c\u00f3mo?, le hab\u00eda penetrado en el coraz\u00f3n, y le hablaba de los momentos felices que vivi\u00f3 con ella, del despertar sin miedo, de las heridas curadas, de los abrazos sentidos, y supo, sin saber c\u00f3mo, que eso era su madre, amor, y que moraba en \u00e9l, en su coraz\u00f3n, libre de la tenaza de las ra\u00edces del dolor, y supo que ten\u00eda que transmitirlo, que aquel que nacer\u00eda tendr\u00eda el calor de la que se hab\u00eda ido, que ir\u00eda con el mientras viviera y que \u00e9l no dejar\u00eda que nadie de los suyos la olvidara.<\/p>\n\n\n\n<p>&nbsp;&nbsp;&nbsp;&nbsp;&nbsp;&nbsp;&nbsp;&nbsp;&nbsp;&nbsp;&nbsp;&nbsp;&nbsp; El dolor no se fue, no se mitig\u00f3, ni siquiera abland\u00f3 su duro semblante, pero una ligera brisa de esperanza, hizo que su alma supiera, que ahora, a pesar de todo, nunca estar\u00eda solo.<strong><br><\/strong><\/p>\n","protected":false},"excerpt":{"rendered":"<p>La esquina, las manos, el frio en el calor, levantarse, abrazo, l\u00e1grimas, que no suyas, los murmullos, y el rinc\u00f3n como m\u00e1gico im\u00e1n, su refugio buscando la soledad imposible. &nbsp;&nbsp;&nbsp;&nbsp;&nbsp;&nbsp;&nbsp;&nbsp;&nbsp;&nbsp;&nbsp;&nbsp;&nbsp; La gente, la familia, los amigos, los que no son llamados ni queridos, pero siempre presentes, los del \u201cqu\u00e9 dir\u00e1n\u201d, y el dolor, la pantomima, &hellip; <\/p>\n<p class=\"link-more\"><a href=\"https:\/\/pedrocasiano.es\/?page_id=4402\" class=\"more-link\">Leer m\u00e1s<span class=\"screen-reader-text\"> \u00abEl Beso De Hielo\u00bb<\/span><\/a><\/p>\n","protected":false},"author":1,"featured_media":0,"parent":0,"menu_order":0,"comment_status":"closed","ping_status":"closed","template":"","meta":{"inspiro_hide_title":false,"footnotes":""},"class_list":["post-4402","page","type-page","status-publish","hentry"],"featured_media_urls":[],"_links":{"self":[{"href":"https:\/\/pedrocasiano.es\/index.php?rest_route=\/wp\/v2\/pages\/4402","targetHints":{"allow":["GET"]}}],"collection":[{"href":"https:\/\/pedrocasiano.es\/index.php?rest_route=\/wp\/v2\/pages"}],"about":[{"href":"https:\/\/pedrocasiano.es\/index.php?rest_route=\/wp\/v2\/types\/page"}],"author":[{"embeddable":true,"href":"https:\/\/pedrocasiano.es\/index.php?rest_route=\/wp\/v2\/users\/1"}],"replies":[{"embeddable":true,"href":"https:\/\/pedrocasiano.es\/index.php?rest_route=%2Fwp%2Fv2%2Fcomments&post=4402"}],"version-history":[{"count":2,"href":"https:\/\/pedrocasiano.es\/index.php?rest_route=\/wp\/v2\/pages\/4402\/revisions"}],"predecessor-version":[{"id":5427,"href":"https:\/\/pedrocasiano.es\/index.php?rest_route=\/wp\/v2\/pages\/4402\/revisions\/5427"}],"wp:attachment":[{"href":"https:\/\/pedrocasiano.es\/index.php?rest_route=%2Fwp%2Fv2%2Fmedia&parent=4402"}],"curies":[{"name":"wp","href":"https:\/\/api.w.org\/{rel}","templated":true}]}}