{"id":4390,"date":"2024-02-25T10:24:41","date_gmt":"2024-02-25T10:24:41","guid":{"rendered":"https:\/\/pedrocasiano.es\/?page_id=4390"},"modified":"2024-03-01T07:47:35","modified_gmt":"2024-03-01T07:47:35","slug":"curso-de-cordoba-para-foraneos","status":"publish","type":"page","link":"https:\/\/pedrocasiano.es\/?page_id=4390","title":{"rendered":"Curso De C\u00f3rdoba Para For\u00e1neos"},"content":{"rendered":"\n<figure class=\"wp-block-image alignleft size-large is-resized\"><img decoding=\"async\" width=\"1024\" height=\"960\" data-src=\"https:\/\/pedrocasiano.es\/wp-content\/uploads\/2024\/02\/university-105709_1280-1024x960.jpg\" alt=\"\" class=\"wp-image-4391 lazyload\" style=\"--smush-placeholder-width: 1024px; --smush-placeholder-aspect-ratio: 1024\/960;width:500px;height:auto\" src=\"data:image\/svg+xml;base64,PHN2ZyB3aWR0aD0iMSIgaGVpZ2h0PSIxIiB4bWxucz0iaHR0cDovL3d3dy53My5vcmcvMjAwMC9zdmciPjwvc3ZnPg==\" \/><\/figure>\n\n\n\n<p>Lecci\u00f3n 1<\/p>\n\n\n\n<p>&nbsp;&nbsp;&nbsp;&nbsp;&nbsp;&nbsp;&nbsp;&nbsp;&nbsp;&nbsp;&nbsp;&nbsp;&nbsp; Enfrentados cuando conoces por primera vez nuestra ciudad, o por cualquier medio has llegado a conocerla, y quieres profundizar un poco m\u00e1s, te encuentras con un muro, dif\u00edcilmente franqueable, un muro formado por nuestro propio idioma, por nuestra idiosincrasia, nuestro clima, y mil cosas m\u00e1s que no te permiten disfrutar plenamente de nuestra ciudad.<\/p>\n\n\n\n<p>&nbsp;&nbsp;&nbsp;&nbsp;&nbsp;&nbsp;&nbsp;&nbsp;&nbsp;&nbsp;&nbsp;&nbsp;&nbsp; Sirva este curso, para que aquellos que quieran profundizar en nuestra milenaria ciudad, puedan hacerlo sin sentir esa sensaci\u00f3n que se tiene cuando uno parece sobrar, o no logra entender completamente que es lo que est\u00e1 viendo o visitando, sea en vivo o as trav\u00e9s de la tecnolog\u00eda digital.<\/p>\n\n\n\n<p>&nbsp;&nbsp;&nbsp;&nbsp;&nbsp;&nbsp;&nbsp;&nbsp;&nbsp;&nbsp;&nbsp;&nbsp;&nbsp; Baste ya de parsimonias y de retardos, comencemos con las explicaciones de este curso cofinanciado por nadie que pueda, y solo por aquellos que sin tener quer\u00edan dar. Gracias los \u00faltimos, y que les den a los primeros.<\/p>\n\n\n\n<p>&nbsp;&nbsp;&nbsp;&nbsp;&nbsp;&nbsp;&nbsp;&nbsp;&nbsp;&nbsp;&nbsp;&nbsp;&nbsp; Lecci\u00f3n Primera.<\/p>\n\n\n\n<p>&nbsp;&nbsp;&nbsp;&nbsp;&nbsp;&nbsp;&nbsp;&nbsp;&nbsp;&nbsp;&nbsp;&nbsp;&nbsp; El clima.<\/p>\n\n\n\n<p>&nbsp;&nbsp;&nbsp;&nbsp;&nbsp;&nbsp;&nbsp;&nbsp;&nbsp;&nbsp;&nbsp;&nbsp;&nbsp; Nuestra ciudad disfruta de un clima mediterr\u00e1neo distra\u00eddo, porque te mueres de frio en invierno y te mueres de calor en verano.<\/p>\n\n\n\n<p>&nbsp;&nbsp;&nbsp;&nbsp;&nbsp;&nbsp;&nbsp;&nbsp;&nbsp;&nbsp;&nbsp;&nbsp;&nbsp; Invierno de tiesos. Cuando arrecia el frio de C\u00f3rdoba, suele ser poco antes de navidad y se extiende varios meses. Durante este periodo C\u00f3rdoba cambia de una ciudad radiante a otra m\u00e1s all\u00e1 de los pirineos, porque nuestra ciudad est\u00e1 hecha de piedra, y el frio, la falta de luminosidad nos da un aspecto sobrio y guerrero, unas luces indefinibles, bellas, y a la vez sombras de grandeza de Palacio.<\/p>\n\n\n\n<p>Sin terminar\u2026<\/p>\n","protected":false},"excerpt":{"rendered":"<p>Lecci\u00f3n 1 &nbsp;&nbsp;&nbsp;&nbsp;&nbsp;&nbsp;&nbsp;&nbsp;&nbsp;&nbsp;&nbsp;&nbsp;&nbsp; Enfrentados cuando conoces por primera vez nuestra ciudad, o por cualquier medio has llegado a conocerla, y quieres profundizar un poco m\u00e1s, te encuentras con un muro, dif\u00edcilmente franqueable, un muro formado por nuestro propio idioma, por nuestra idiosincrasia, nuestro clima, y mil cosas m\u00e1s que no te permiten disfrutar plenamente de &hellip; <\/p>\n<p class=\"link-more\"><a href=\"https:\/\/pedrocasiano.es\/?page_id=4390\" class=\"more-link\">Leer m\u00e1s<span class=\"screen-reader-text\"> \u00abCurso De C\u00f3rdoba Para For\u00e1neos\u00bb<\/span><\/a><\/p>\n","protected":false},"author":1,"featured_media":0,"parent":0,"menu_order":0,"comment_status":"closed","ping_status":"closed","template":"","meta":{"inspiro_hide_title":false,"footnotes":""},"class_list":["post-4390","page","type-page","status-publish","hentry"],"featured_media_urls":[],"_links":{"self":[{"href":"https:\/\/pedrocasiano.es\/index.php?rest_route=\/wp\/v2\/pages\/4390","targetHints":{"allow":["GET"]}}],"collection":[{"href":"https:\/\/pedrocasiano.es\/index.php?rest_route=\/wp\/v2\/pages"}],"about":[{"href":"https:\/\/pedrocasiano.es\/index.php?rest_route=\/wp\/v2\/types\/page"}],"author":[{"embeddable":true,"href":"https:\/\/pedrocasiano.es\/index.php?rest_route=\/wp\/v2\/users\/1"}],"replies":[{"embeddable":true,"href":"https:\/\/pedrocasiano.es\/index.php?rest_route=%2Fwp%2Fv2%2Fcomments&post=4390"}],"version-history":[{"count":2,"href":"https:\/\/pedrocasiano.es\/index.php?rest_route=\/wp\/v2\/pages\/4390\/revisions"}],"predecessor-version":[{"id":5430,"href":"https:\/\/pedrocasiano.es\/index.php?rest_route=\/wp\/v2\/pages\/4390\/revisions\/5430"}],"wp:attachment":[{"href":"https:\/\/pedrocasiano.es\/index.php?rest_route=%2Fwp%2Fv2%2Fmedia&parent=4390"}],"curies":[{"name":"wp","href":"https:\/\/api.w.org\/{rel}","templated":true}]}}