{"id":4386,"date":"2024-02-25T10:20:42","date_gmt":"2024-02-25T10:20:42","guid":{"rendered":"https:\/\/pedrocasiano.es\/?page_id=4386"},"modified":"2024-03-01T07:48:04","modified_gmt":"2024-03-01T07:48:04","slug":"cronicas-de-un-viajero-forzoso-5-taiwan-iii-parte","status":"publish","type":"page","link":"https:\/\/pedrocasiano.es\/?page_id=4386","title":{"rendered":"Cr\u00f3nicas De Un Viajero Forzoso 5 (Taiw\u00e1n III Parte)"},"content":{"rendered":"\n<figure class=\"wp-block-image alignleft size-full is-resized\"><img decoding=\"async\" width=\"888\" height=\"582\" data-src=\"https:\/\/pedrocasiano.es\/wp-content\/uploads\/2024\/02\/24862345_1567038410030485_5666190232985183331_n.jpg\" alt=\"\" class=\"wp-image-4387 lazyload\" style=\"--smush-placeholder-width: 888px; --smush-placeholder-aspect-ratio: 888\/582;width:536px;height:auto\" src=\"data:image\/svg+xml;base64,PHN2ZyB3aWR0aD0iMSIgaGVpZ2h0PSIxIiB4bWxucz0iaHR0cDovL3d3dy53My5vcmcvMjAwMC9zdmciPjwvc3ZnPg==\" \/><\/figure>\n\n\n\n<p>Una de las escapadas fue a ver el palacio del Gobernador de Taip\u00e9i, un lugar que recordaba los tiempos en los que China no se hab\u00eda escindido en dos, y los Emperadores Chinos manten\u00edan un f\u00e9rreo control sobre la isla, o en algunas ocasiones sobre parte de ella.<\/p>\n\n\n\n<p>&nbsp;&nbsp;&nbsp;&nbsp;&nbsp;&nbsp;&nbsp;&nbsp;&nbsp;&nbsp;&nbsp;&nbsp;&nbsp; Esta isla fue \u201cdescubierta\u201d, a la vez por los portugueses y por nosotros, los primeros le dieron el nombre de Formosa (Hermosa), all\u00ed creamos la Gobernaci\u00f3n Espa\u00f1ola de Taiw\u00e1n, despu\u00e9s vinieron los holandeses, las primeras arribadas de chinos continentales que le arrebataron a los holandeses el control de la isla. Nosotros la controlamos hasta 1.642, pero os puedo asegurar que ning\u00fan vestigio queda de nuestra presencia, o yo por lo menos no lo vi, para nosotros teniendo Filipinas, ninguna zona fue de excesivo inter\u00e9s, mientras que el resto de potencias se part\u00edan la cara por el control de otras partes de Asia.<\/p>\n\n\n\n<p>&nbsp;&nbsp;&nbsp;&nbsp;&nbsp;&nbsp;&nbsp;&nbsp;&nbsp;&nbsp;&nbsp;&nbsp;&nbsp; Salve decir que los nativos de la isla, fueron masacrados por Chang Kai-shek, y hoy son un pueblo diferenciado de los chinos, viviendo en guetos y similares o en las zonas monta\u00f1osas, con sus propias costumbres, lejos del resto de la poblaci\u00f3n de ascendencia china.<\/p>\n\n\n\n<p>&nbsp;&nbsp;&nbsp;&nbsp;&nbsp;&nbsp;&nbsp;&nbsp;&nbsp;&nbsp;&nbsp;&nbsp;&nbsp; Yo solo los vi en esta visita, estaban sacando fotos una pareja de reci\u00e9n casados en los Jardines del Palacio del Gobernador, y os puedo asegurar que el f\u00edsico no es el mismo, y por supuesto su forma de vestir tradicional, tampoco.<\/p>\n\n\n\n<p>&nbsp;&nbsp;&nbsp;&nbsp;&nbsp;&nbsp;&nbsp;&nbsp;&nbsp;&nbsp;&nbsp;&nbsp;&nbsp; Durante los aproximadamente doscientos a\u00f1os de f\u00e9rreo control Chino continental, este era encargado al Gobernador, y all\u00ed que fuimos a ver su Palacio.<\/p>\n\n\n\n<p>&nbsp;&nbsp;&nbsp;&nbsp;&nbsp;&nbsp;&nbsp;&nbsp;&nbsp;&nbsp;&nbsp;&nbsp;&nbsp; Rodeado de flores, con piscinas por todos lados, era una isla verde en el amasijo de nuevas edificaciones de la moderna Taip\u00e9i, la terraza donde se impart\u00eda Justicia, el jard\u00edn de las Concubinas, la sala de recibir a visitantes importantes, y un buen n\u00famero de templos, templetes, hornacinas y dem\u00e1s repartidos por el enorme complejo.<\/p>\n\n\n\n<p>&nbsp;&nbsp;&nbsp;&nbsp;&nbsp;&nbsp;&nbsp;&nbsp;&nbsp;&nbsp;&nbsp;&nbsp;&nbsp; Hubo dos cosas, dos costumbres, dos formas de ver la vida que me impactaron en aquellos tiempos, la primera, era que los accesos de un patio a otro, eran redondos, la segunda, era que las puertas no ten\u00edan indicaci\u00f3n de entrada y salida, todo era un d\u00e9dalo de puertas, de forma rectangular o redonda que no indicaban cual era el sentido de marcha, te perd\u00edas r\u00e1pidamente all\u00ed, y sabiendo lo organizados que son los chinos, y lo que los siglos hab\u00edan hecho con su forma de sacar pr\u00e1ctica de todo, me extra\u00f1\u00f3.<\/p>\n\n\n\n<p>&nbsp;&nbsp;&nbsp;&nbsp;&nbsp;&nbsp;&nbsp;&nbsp;&nbsp;&nbsp;&nbsp;&nbsp;&nbsp; Le pregunt\u00e9 a uno de los acompa\u00f1antes, el cual me dijo.<\/p>\n\n\n\n<p>&#8211; \u00bfHas visto que las puertas no tienen el fondo igual, sino que la parte inferior, viene con un escal\u00f3n a la derecha o a la izquierda?<\/p>\n\n\n\n<p>&nbsp;&nbsp;&nbsp;&nbsp;&nbsp;&nbsp;&nbsp;&nbsp;&nbsp;&nbsp;&nbsp;&nbsp;&nbsp; Me fije en lo que me se\u00f1alaba y ten\u00eda raz\u00f3n, aparec\u00edan con el citado escal\u00f3n a uno u otro lado.<\/p>\n\n\n\n<p>&#8211; \u00bfTu que pierna levantas para coger un escal\u00f3n?<\/p>\n\n\n\n<p>&nbsp;&nbsp;&nbsp;&nbsp;&nbsp;&nbsp;&nbsp;&nbsp;&nbsp;&nbsp;&nbsp;&nbsp;&nbsp; Pens\u00e9 durante unos instantes, no se me hab\u00eda ocurrido pensar en eso.<\/p>\n\n\n\n<p>-La derecha, fue lo que respond\u00ed, para m\u00ed era obvio.<\/p>\n\n\n\n<p>-Pues ah\u00ed tienes la direcci\u00f3n de marcha, f\u00e1cil.<\/p>\n\n\n\n<p>&nbsp;&nbsp;&nbsp;&nbsp;&nbsp;&nbsp;&nbsp;&nbsp;&nbsp;&nbsp;&nbsp;&nbsp;&nbsp; Me par\u00e9 a pensar en la l\u00f3gica de la forma de construcci\u00f3n, olv\u00eddate de los carteles suecos, m\u00e1s simple que eso nada, salvo que tuvieras que mover cosas con ruedas, o arrastrar algo, pero era totalmente l\u00f3gico.<\/p>\n\n\n\n<p>&nbsp;&nbsp;&nbsp;&nbsp;&nbsp;&nbsp;&nbsp;&nbsp;&nbsp;&nbsp;&nbsp;&nbsp;&nbsp; Otra de las cosas que me asombr\u00f3, fue el ba\u00f1o de las concubinas, unos estanques preciosos, comunicados por puentes de piedra rodeados de una vegetaci\u00f3n exuberante. Un bello lugar sin duda, all\u00ed se aseaba diariamente las concubinas e invitadas del Gobernador.<\/p>\n\n\n\n<p>&nbsp;&nbsp;&nbsp;&nbsp;&nbsp;&nbsp;&nbsp;&nbsp;&nbsp;&nbsp;&nbsp;&nbsp;&nbsp; Pero los chinos, son muy elaborados en la er\u00f3tica, fuera de los par\u00e1metros occidentales, me indicaron que me fijara en un grupo de rocas, las mir\u00e9 detenidamente, y solo vi, eso, un mont\u00f3n de rocas; cuando nos acercamos, me indicaron que las mirara otra vez, pero ahora lateralmente, as\u00ed lo hice, y las rocas se abr\u00edan, daban paso a un habit\u00e1culo en el que exist\u00eda un banco largo en el cual sent\u00e1ndote pod\u00edas tener una vista perfecta de todo el estanque, pero adem\u00e1s no era visible desde ning\u00fan punto del estanque, es decir ve\u00edas y no eras visto.<\/p>\n\n\n\n<p>&nbsp;&nbsp;&nbsp;&nbsp;&nbsp;&nbsp;&nbsp;&nbsp;&nbsp;&nbsp;&nbsp;&nbsp;&nbsp; Ah\u00ed era donde los Gobernadores se sentaban para admirar la desnudez de los cuerpos de las mujeres que se aseaban diariamente all\u00ed, vaya con los chinos, pens\u00e9, s\u00ed que se lo montaban bien.<strong><br><\/strong><\/p>\n","protected":false},"excerpt":{"rendered":"<p>Una de las escapadas fue a ver el palacio del Gobernador de Taip\u00e9i, un lugar que recordaba los tiempos en los que China no se hab\u00eda escindido en dos, y los Emperadores Chinos manten\u00edan un f\u00e9rreo control sobre la isla, o en algunas ocasiones sobre parte de ella. &nbsp;&nbsp;&nbsp;&nbsp;&nbsp;&nbsp;&nbsp;&nbsp;&nbsp;&nbsp;&nbsp;&nbsp;&nbsp; Esta isla fue \u201cdescubierta\u201d, a la &hellip; <\/p>\n<p class=\"link-more\"><a href=\"https:\/\/pedrocasiano.es\/?page_id=4386\" class=\"more-link\">Leer m\u00e1s<span class=\"screen-reader-text\"> \u00abCr\u00f3nicas De Un Viajero Forzoso 5 (Taiw\u00e1n III Parte)\u00bb<\/span><\/a><\/p>\n","protected":false},"author":1,"featured_media":0,"parent":0,"menu_order":0,"comment_status":"closed","ping_status":"closed","template":"","meta":{"inspiro_hide_title":false,"footnotes":""},"class_list":["post-4386","page","type-page","status-publish","hentry"],"featured_media_urls":[],"_links":{"self":[{"href":"https:\/\/pedrocasiano.es\/index.php?rest_route=\/wp\/v2\/pages\/4386","targetHints":{"allow":["GET"]}}],"collection":[{"href":"https:\/\/pedrocasiano.es\/index.php?rest_route=\/wp\/v2\/pages"}],"about":[{"href":"https:\/\/pedrocasiano.es\/index.php?rest_route=\/wp\/v2\/types\/page"}],"author":[{"embeddable":true,"href":"https:\/\/pedrocasiano.es\/index.php?rest_route=\/wp\/v2\/users\/1"}],"replies":[{"embeddable":true,"href":"https:\/\/pedrocasiano.es\/index.php?rest_route=%2Fwp%2Fv2%2Fcomments&post=4386"}],"version-history":[{"count":2,"href":"https:\/\/pedrocasiano.es\/index.php?rest_route=\/wp\/v2\/pages\/4386\/revisions"}],"predecessor-version":[{"id":5431,"href":"https:\/\/pedrocasiano.es\/index.php?rest_route=\/wp\/v2\/pages\/4386\/revisions\/5431"}],"wp:attachment":[{"href":"https:\/\/pedrocasiano.es\/index.php?rest_route=%2Fwp%2Fv2%2Fmedia&parent=4386"}],"curies":[{"name":"wp","href":"https:\/\/api.w.org\/{rel}","templated":true}]}}