{"id":4367,"date":"2024-02-25T10:01:07","date_gmt":"2024-02-25T10:01:07","guid":{"rendered":"https:\/\/pedrocasiano.es\/?page_id=4367"},"modified":"2024-03-01T07:51:40","modified_gmt":"2024-03-01T07:51:40","slug":"companera","status":"publish","type":"page","link":"https:\/\/pedrocasiano.es\/?page_id=4367","title":{"rendered":"Compa\u00f1era"},"content":{"rendered":"\n<figure class=\"wp-block-image alignleft size-large is-resized\"><img decoding=\"async\" width=\"1024\" height=\"1024\" data-src=\"https:\/\/pedrocasiano.es\/wp-content\/uploads\/2024\/02\/eyes-2843286_1280-1024x1024.jpg\" alt=\"\" class=\"wp-image-4368 lazyload\" style=\"--smush-placeholder-width: 1024px; --smush-placeholder-aspect-ratio: 1024\/1024;width:468px;height:auto\" src=\"data:image\/svg+xml;base64,PHN2ZyB3aWR0aD0iMSIgaGVpZ2h0PSIxIiB4bWxucz0iaHR0cDovL3d3dy53My5vcmcvMjAwMC9zdmciPjwvc3ZnPg==\" \/><\/figure>\n\n\n\n<p>Mi cabeza, que algunas veces se pasa a lo ancho y a lo largo, me hizo una reflexi\u00f3n que me lleno de zozobra. \u00bfT\u00fa quieres a tu compa\u00f1era?<\/p>\n\n\n\n<p>&nbsp;&nbsp;&nbsp;&nbsp;&nbsp;&nbsp;&nbsp;&nbsp;&nbsp;&nbsp;&nbsp;&nbsp;&nbsp; Largamente debat\u00ed conmigo mismo, adversario cotidiano y temible. Despu\u00e9s de una larga reflexi\u00f3n, llegue a la conclusi\u00f3n, sorprendi\u00e9ndome a mis mimos, de que no, de que realmente no la quiero.<\/p>\n\n\n\n<p>&nbsp;&nbsp;&nbsp;&nbsp;&nbsp;&nbsp;&nbsp;&nbsp;&nbsp;&nbsp;&nbsp;&nbsp;&nbsp; Dureza extrema la que se plante\u00f3 en la duda, pero en el proceso, no emerge lo esperado, sino lo cierto, y ciertamente es as\u00ed, no cabe duda, no la quiero.<\/p>\n\n\n\n<p>&nbsp;&nbsp;&nbsp;&nbsp;&nbsp;&nbsp;&nbsp;&nbsp;&nbsp;&nbsp;&nbsp;&nbsp;&nbsp; Desarrollemos el tema. No la quiero, ya a a\u00f1os de convivencia con el amor apasionado de los veinte a\u00f1os, donde no nos despeg\u00e1bamos ni con agua caliente. Ni tan siquiera el lejano amor de los veranos.<\/p>\n\n\n\n<p>&nbsp;&nbsp;&nbsp;&nbsp;&nbsp;&nbsp;&nbsp;&nbsp;&nbsp;&nbsp;&nbsp;&nbsp;&nbsp; Es otra cosa, es distinto, no es amor, ni tan siquiera cari\u00f1o, es algo diferente, algo que no veo a mi alrededor, y sin embargo en nosotros a contra todo, existe.<\/p>\n\n\n\n<p>&nbsp;&nbsp;&nbsp;&nbsp;&nbsp;&nbsp;&nbsp;&nbsp;&nbsp;&nbsp;&nbsp;&nbsp;&nbsp; Somos caracteres fuertes, m\u00e1s que fuertes acerados, con el acero con el que se construyen los sables m\u00e1s afilados, pero lejos de chocar, tras templarnos en un fog\u00f3n, a golpes de vida y tiempo, hoy tenemos dos filos, pero en una sola arma.<\/p>\n\n\n\n<p>&nbsp;&nbsp;&nbsp;&nbsp;&nbsp;&nbsp;&nbsp;&nbsp;&nbsp;&nbsp;&nbsp;&nbsp;&nbsp; Es dif\u00edcil de explicar, incluso de vivirlo, pues hemos tendi\u00f3 una vida dura, llena de vicisitudes m\u00e1s que de premios. Pero a contra de lo esperado, esa espada no se ha roto, sino que, a cada golpe, se ha vuelto m\u00e1s afilada.<\/p>\n\n\n\n<p>&nbsp;&nbsp;&nbsp;&nbsp;&nbsp;&nbsp;&nbsp;&nbsp;&nbsp;&nbsp;&nbsp;&nbsp;&nbsp; Ella era y es bella como el m\u00e1s azul de los cielos, ojos verdes de pantera, esmeraldas encontradas cerca del centro de la tierra, femenina, casi coqueta, arreglada, con estilo, siempre educada, siempre distinguida, con un alma bella que sabe distinguir entre el malvado y el bueno.<\/p>\n\n\n\n<p>&nbsp;&nbsp;&nbsp;&nbsp;&nbsp;&nbsp;&nbsp;&nbsp;&nbsp;&nbsp;&nbsp;&nbsp;&nbsp; A cualquiera pudo escoger, pues la rodeaban mil lerdos, sin embargo ella, me escogi\u00f3 entre todos ellos. Siempre me he preguntado porque, y no he hallado respuesta, y mira que mi cabeza le da vueltas a ese hecho.<\/p>\n\n\n\n<p>&nbsp;&nbsp;&nbsp;&nbsp;&nbsp;&nbsp;&nbsp;&nbsp;&nbsp;&nbsp;&nbsp;&nbsp;&nbsp; Yo soy de basta arpillera, ella como la seda, yo bestia como pocos, ella bella y distinguida, yo vengo de gente pobre, ella casi de la realeza, yo me perd\u00eda en sus ojos, ella me llevaba al cielo.<\/p>\n\n\n\n<p>&nbsp;&nbsp;&nbsp;&nbsp;&nbsp;&nbsp;&nbsp;&nbsp;&nbsp;&nbsp;&nbsp;&nbsp;&nbsp; Yo he sido, soy como el le\u00f3n, que a cualquiera asusta y amedrenta, y ella es la que mi esp\u00edritu salvaje frena, la que me apoya cuando tras de una cruenta pelea, mi alma cansada de rendirse habla.<\/p>\n\n\n\n<p>&nbsp;&nbsp;&nbsp;&nbsp;&nbsp;&nbsp;&nbsp;&nbsp;&nbsp;&nbsp;&nbsp;&nbsp;&nbsp; Mil veces he luchado, vencido muchas de ellas, y cuando casi muerto el cuerpo y se me acercan las hienas, ella ense\u00f1a los dientes, y sin importarle nada a todas se les enfrenta.<\/p>\n\n\n\n<p>&nbsp;&nbsp;&nbsp;&nbsp;&nbsp;&nbsp;&nbsp;&nbsp;&nbsp;&nbsp;&nbsp;&nbsp;&nbsp; Que m\u00e1s le puedes pedir a esta vida cruenta, que cuando caigas al suelo, tu amada se convierta en una fiera, que no huya, apoy\u00e1ndose en excusas, que no te abandone cuando el sol ya no calienta.<\/p>\n\n\n\n<p>&nbsp;&nbsp;&nbsp;&nbsp;&nbsp;&nbsp;&nbsp;&nbsp;&nbsp;&nbsp;&nbsp;&nbsp;&nbsp; Por eso digo que no la amo, que no la quiero, porque la llevo dentro, porque si de m\u00ed se fuera, perder\u00eda mi esencia, la que me da fortaleza, la que me hace vivir por mucho que yo no quiera.<\/p>\n\n\n\n<p>&nbsp;&nbsp;&nbsp;&nbsp;&nbsp;&nbsp;&nbsp;&nbsp;&nbsp;&nbsp;&nbsp;&nbsp;&nbsp; Nos ense\u00f1amos los dientes, pues vivimos como fieras, pero no nos da\u00f1amos, solo gru\u00f1idos y voces, que poca gente interpreta, pues ambos somos cortados casi por la misma tijera, y chocamos como los trenes, de frente y con mucha fuerza.<\/p>\n\n\n\n<p>&nbsp;&nbsp;&nbsp;&nbsp;&nbsp;&nbsp;&nbsp;&nbsp;&nbsp;&nbsp;&nbsp;&nbsp;&nbsp; Pero al final de la gresca, cualquiera de los dos agacha su cabeza, y al final la reconciliaci\u00f3n casi merece que haya habido pelea.<\/p>\n\n\n\n<p>&nbsp;&nbsp;&nbsp;&nbsp;&nbsp;&nbsp;&nbsp;&nbsp;&nbsp;&nbsp;&nbsp;&nbsp;&nbsp; Cien vidas hemos vivido a pesar de la marea, que nos quer\u00eda llevar directos a la miseria, ella, yo, los dos, nos hemos opuesto a ella, y con todas nuestras fuerzas, a punto de reventarnos las venas, hemos vuelto una y otra vez a la tibia arena.<\/p>\n\n\n\n<p>&nbsp;&nbsp;&nbsp;&nbsp;&nbsp;&nbsp;&nbsp;&nbsp;&nbsp;&nbsp;&nbsp;&nbsp;&nbsp; Y ahora yo, le\u00f3n de los de gris la melena, abatido en el suelo, mientras se oye en lo lejos aullar a las hienas, oigo a mi lado latir el coraz\u00f3n de mi leona. Y a todos ense\u00f1a los dientes, explicando sin decir nada, que al que me quiera morder va a tener una buena pelea.<\/p>\n\n\n\n<p>&nbsp;&nbsp;&nbsp;&nbsp;&nbsp;&nbsp;&nbsp;&nbsp;&nbsp;&nbsp;&nbsp;&nbsp;&nbsp; Abandonado por todos, herido de mil peleas, solo espero que me libere la muerte de mi dolor, de mi pena, dejarme abandonar sobre esta m\u00edsera tierra, pero miro hacia arriba, aunque le cuello me diga que no merece la pena, y la veo all\u00ed erguida, con sus ojos esmeralda, sabiendo que dejar\u00e1 si es necesario su alma, para que a este viejo le\u00f3n, desesperanzado y apenas viviente, no le suceda nada, confiando, quiz\u00e1s sabiendo, que me levantar\u00e9 de nuevo, que volver\u00e9&nbsp; a la lucha, m\u00e1s temprano que tarde.<\/p>\n\n\n\n<p>&nbsp;&nbsp;&nbsp;&nbsp;&nbsp;&nbsp;&nbsp;&nbsp;&nbsp;&nbsp;&nbsp;&nbsp;&nbsp; Y solo por eso, por verla luchando con esperanza, es por lo que aguanto, cuando quisiera que me llegara la parca, y d\u00eda a d\u00eda, hora tras hora, aguanto el dolor y el espanto, porque s\u00e9 que ella, siempre me estar\u00e1 esperando.<\/p>\n\n\n\n<p>&nbsp;&nbsp;&nbsp;&nbsp;&nbsp;&nbsp;&nbsp;&nbsp;&nbsp;&nbsp;&nbsp;&nbsp;&nbsp; Y ahora comprender\u00e1s amigo, que las palabras que al principio he desechado, lo han sido por un motivo, el de que es de recibo, no intentar describir tanta pasi\u00f3n, con un vocabulario vac\u00edo.<\/p>\n\n\n\n<p>&nbsp;&nbsp;&nbsp;&nbsp;&nbsp;&nbsp;&nbsp;&nbsp;&nbsp;&nbsp;&nbsp;&nbsp;&nbsp; Inventar una palabra nueva, alejada del diccionario, que expresar pudiera, lo que yo siento en mi alma por mi compa\u00f1era.<\/p>\n\n\n\n<p>Dedicada a la de siempre, a la que siempre jura que no le dedico nada.<\/p>\n","protected":false},"excerpt":{"rendered":"<p>Mi cabeza, que algunas veces se pasa a lo ancho y a lo largo, me hizo una reflexi\u00f3n que me lleno de zozobra. \u00bfT\u00fa quieres a tu compa\u00f1era? &nbsp;&nbsp;&nbsp;&nbsp;&nbsp;&nbsp;&nbsp;&nbsp;&nbsp;&nbsp;&nbsp;&nbsp;&nbsp; Largamente debat\u00ed conmigo mismo, adversario cotidiano y temible. Despu\u00e9s de una larga reflexi\u00f3n, llegue a la conclusi\u00f3n, sorprendi\u00e9ndome a mis mimos, de que no, de que &hellip; <\/p>\n<p class=\"link-more\"><a href=\"https:\/\/pedrocasiano.es\/?page_id=4367\" class=\"more-link\">Leer m\u00e1s<span class=\"screen-reader-text\"> \u00abCompa\u00f1era\u00bb<\/span><\/a><\/p>\n","protected":false},"author":1,"featured_media":0,"parent":0,"menu_order":0,"comment_status":"closed","ping_status":"closed","template":"","meta":{"inspiro_hide_title":false,"footnotes":""},"class_list":["post-4367","page","type-page","status-publish","hentry"],"featured_media_urls":[],"_links":{"self":[{"href":"https:\/\/pedrocasiano.es\/index.php?rest_route=\/wp\/v2\/pages\/4367","targetHints":{"allow":["GET"]}}],"collection":[{"href":"https:\/\/pedrocasiano.es\/index.php?rest_route=\/wp\/v2\/pages"}],"about":[{"href":"https:\/\/pedrocasiano.es\/index.php?rest_route=\/wp\/v2\/types\/page"}],"author":[{"embeddable":true,"href":"https:\/\/pedrocasiano.es\/index.php?rest_route=\/wp\/v2\/users\/1"}],"replies":[{"embeddable":true,"href":"https:\/\/pedrocasiano.es\/index.php?rest_route=%2Fwp%2Fv2%2Fcomments&post=4367"}],"version-history":[{"count":2,"href":"https:\/\/pedrocasiano.es\/index.php?rest_route=\/wp\/v2\/pages\/4367\/revisions"}],"predecessor-version":[{"id":5436,"href":"https:\/\/pedrocasiano.es\/index.php?rest_route=\/wp\/v2\/pages\/4367\/revisions\/5436"}],"wp:attachment":[{"href":"https:\/\/pedrocasiano.es\/index.php?rest_route=%2Fwp%2Fv2%2Fmedia&parent=4367"}],"curies":[{"name":"wp","href":"https:\/\/api.w.org\/{rel}","templated":true}]}}