{"id":4351,"date":"2024-02-25T09:38:09","date_gmt":"2024-02-25T09:38:09","guid":{"rendered":"https:\/\/pedrocasiano.es\/?page_id=4351"},"modified":"2024-03-01T08:07:10","modified_gmt":"2024-03-01T08:07:10","slug":"llueve","status":"publish","type":"page","link":"https:\/\/pedrocasiano.es\/?page_id=4351","title":{"rendered":"Llueve"},"content":{"rendered":"\n<figure class=\"wp-block-image alignleft size-large is-resized\"><img decoding=\"async\" width=\"1024\" height=\"876\" data-src=\"https:\/\/pedrocasiano.es\/wp-content\/uploads\/2024\/02\/ai-generated-8244286_1280-1024x876.png\" alt=\"\" class=\"wp-image-4352 lazyload\" style=\"--smush-placeholder-width: 1024px; --smush-placeholder-aspect-ratio: 1024\/876;width:497px;height:auto\" src=\"data:image\/svg+xml;base64,PHN2ZyB3aWR0aD0iMSIgaGVpZ2h0PSIxIiB4bWxucz0iaHR0cDovL3d3dy53My5vcmcvMjAwMC9zdmciPjwvc3ZnPg==\" \/><\/figure>\n\n\n\n<p>El horizonte es gris, gente en la calle, m\u00e1scaras de blanco, cada vez de m\u00e1s colores.<\/p>\n\n\n\n<p>&nbsp;&nbsp;&nbsp;&nbsp;&nbsp;&nbsp;&nbsp;&nbsp;&nbsp;&nbsp;&nbsp;&nbsp;&nbsp; Y el final que no llega. \u00bfConocer\u00e1n las nuevas generaciones un mundo sin pandemia, sin escondites, sin quedarse en casa? No creo. No lo s\u00e9.<\/p>\n\n\n\n<p>&nbsp;&nbsp;&nbsp;&nbsp;&nbsp;&nbsp;&nbsp;&nbsp;&nbsp;&nbsp;&nbsp;&nbsp;&nbsp; Esperanza. Puede ser, quiz\u00e1s alg\u00fan d\u00eda. Ahora la serpiente se abre paso entre las calles vac\u00edas.<\/p>\n\n\n\n<p>&nbsp;&nbsp;&nbsp;&nbsp;&nbsp;&nbsp;&nbsp;&nbsp;&nbsp;&nbsp;&nbsp;&nbsp;&nbsp; Pantallas, miles de pantallas, teclas de teclado, soledades, angustias, y las ventanas que no dejan pasar luz, o eso parece.<\/p>\n\n\n\n<p>&nbsp;&nbsp;&nbsp;&nbsp;&nbsp;&nbsp;&nbsp;&nbsp;&nbsp;&nbsp;&nbsp;&nbsp;&nbsp; Caras blancas, que miran paredes blancas, tras de las ventanas, mundos de pl\u00e1stico, y techos que caen sobre cabezas cansadas. \u00bfQu\u00e9 pecado hemos cometido?<\/p>\n\n\n\n<p>&nbsp;&nbsp;&nbsp;&nbsp;&nbsp;&nbsp;&nbsp;&nbsp;&nbsp;&nbsp;&nbsp;&nbsp;&nbsp; Y las calles que contin\u00faan solas, levantas la cabeza, tanto como tu cuello te deja y miras, pero nada, solo de vez en cuando el rostro oculto tras una mascarilla. Polic\u00edas que buscan en la niebla, navegantes cazando locos. Ser cuerdo cansa.<\/p>\n\n\n\n<p>&nbsp;&nbsp;&nbsp;&nbsp;&nbsp;&nbsp;&nbsp;&nbsp;&nbsp;&nbsp;&nbsp;&nbsp;&nbsp; Oyes la m\u00fasica, parece la misma, y no lo es, la pantalla se vuelve blanca con el tiempo, nada nuevo cuenta, nos ofrece la maldad de los que deber\u00edan de cuidarnos. Ancianos. Abandono. Pobreza. Olvido. Desidia. Promesas rotas. Oligarcas de la muerte.<\/p>\n\n\n\n<p>&nbsp;&nbsp;&nbsp;&nbsp;&nbsp;&nbsp;&nbsp;&nbsp;&nbsp;&nbsp;&nbsp;&nbsp;&nbsp; Miras por la ventana. Nada. Soledad. Teclado. Pantalla. Todo sigue igual. Todo pasa, nada llega, y el d\u00eda imposible, no termina, mata y muere cuando el sol se oculta, las sombras no se abren, y la mirada en el techo, las manos tras la nuca, y nada cambia, \u00bfQu\u00e9 miras? Nada. Siempre nada. \u00bfLlegar\u00e1n tiempos mejores?<\/p>\n\n\n\n<p>&nbsp;&nbsp;&nbsp;&nbsp;&nbsp;&nbsp;&nbsp;&nbsp;&nbsp;&nbsp;&nbsp;&nbsp;&nbsp; Miras por la ventana. Nada. Promesas de hienas. La vida sigue. \u00bfC\u00f3mo?<\/p>\n\n\n\n<p>&nbsp;&nbsp;&nbsp;&nbsp;&nbsp;&nbsp;&nbsp;&nbsp;&nbsp;&nbsp;&nbsp;&nbsp;&nbsp; La lluvia cae, limpia el suelo. Cielo gris. Ventana. Soledad. No hay caras.<\/p>\n","protected":false},"excerpt":{"rendered":"<p>El horizonte es gris, gente en la calle, m\u00e1scaras de blanco, cada vez de m\u00e1s colores. &nbsp;&nbsp;&nbsp;&nbsp;&nbsp;&nbsp;&nbsp;&nbsp;&nbsp;&nbsp;&nbsp;&nbsp;&nbsp; Y el final que no llega. \u00bfConocer\u00e1n las nuevas generaciones un mundo sin pandemia, sin escondites, sin quedarse en casa? No creo. No lo s\u00e9. &nbsp;&nbsp;&nbsp;&nbsp;&nbsp;&nbsp;&nbsp;&nbsp;&nbsp;&nbsp;&nbsp;&nbsp;&nbsp; Esperanza. Puede ser, quiz\u00e1s alg\u00fan d\u00eda. Ahora la serpiente se abre paso &hellip; <\/p>\n<p class=\"link-more\"><a href=\"https:\/\/pedrocasiano.es\/?page_id=4351\" class=\"more-link\">Leer m\u00e1s<span class=\"screen-reader-text\"> \u00abLlueve\u00bb<\/span><\/a><\/p>\n","protected":false},"author":1,"featured_media":0,"parent":0,"menu_order":0,"comment_status":"closed","ping_status":"closed","template":"","meta":{"inspiro_hide_title":false,"footnotes":""},"class_list":["post-4351","page","type-page","status-publish","hentry"],"featured_media_urls":[],"_links":{"self":[{"href":"https:\/\/pedrocasiano.es\/index.php?rest_route=\/wp\/v2\/pages\/4351","targetHints":{"allow":["GET"]}}],"collection":[{"href":"https:\/\/pedrocasiano.es\/index.php?rest_route=\/wp\/v2\/pages"}],"about":[{"href":"https:\/\/pedrocasiano.es\/index.php?rest_route=\/wp\/v2\/types\/page"}],"author":[{"embeddable":true,"href":"https:\/\/pedrocasiano.es\/index.php?rest_route=\/wp\/v2\/users\/1"}],"replies":[{"embeddable":true,"href":"https:\/\/pedrocasiano.es\/index.php?rest_route=%2Fwp%2Fv2%2Fcomments&post=4351"}],"version-history":[{"count":2,"href":"https:\/\/pedrocasiano.es\/index.php?rest_route=\/wp\/v2\/pages\/4351\/revisions"}],"predecessor-version":[{"id":5440,"href":"https:\/\/pedrocasiano.es\/index.php?rest_route=\/wp\/v2\/pages\/4351\/revisions\/5440"}],"wp:attachment":[{"href":"https:\/\/pedrocasiano.es\/index.php?rest_route=%2Fwp%2Fv2%2Fmedia&parent=4351"}],"curies":[{"name":"wp","href":"https:\/\/api.w.org\/{rel}","templated":true}]}}