{"id":4343,"date":"2024-02-25T09:31:00","date_gmt":"2024-02-25T09:31:00","guid":{"rendered":"https:\/\/pedrocasiano.es\/?page_id=4343"},"modified":"2024-03-01T08:08:55","modified_gmt":"2024-03-01T08:08:55","slug":"la-fascinante-historia-de-la-dehesa-mas-grande-de-europa-fhas-al-ballut-el-valle-de-las-bellotas-el-valle-de-los-pedroches-iv","status":"publish","type":"page","link":"https:\/\/pedrocasiano.es\/?page_id=4343","title":{"rendered":"La Fascinante Historia de la Dehesa m\u00e1s grande de Europa. Fhas Al Ballut. El Valle de las Bellotas. El Valle de los Pedroches. (IV)"},"content":{"rendered":"\n<figure class=\"wp-block-image alignleft size-large is-resized\"><img decoding=\"async\" width=\"1024\" height=\"853\" data-src=\"https:\/\/pedrocasiano.es\/wp-content\/uploads\/2024\/02\/nature-3270403_1280-1024x853.jpg\" alt=\"\" class=\"wp-image-4344 lazyload\" style=\"--smush-placeholder-width: 1024px; --smush-placeholder-aspect-ratio: 1024\/853;width:516px;height:auto\" src=\"data:image\/svg+xml;base64,PHN2ZyB3aWR0aD0iMSIgaGVpZ2h0PSIxIiB4bWxucz0iaHR0cDovL3d3dy53My5vcmcvMjAwMC9zdmciPjwvc3ZnPg==\" \/><\/figure>\n\n\n\n<p>Continuemos ahora con la l\u00f3gica, y hagamos un repaso de los principales caminos que cruzan el valle.<\/p>\n\n\n\n<p>C\u00f3rdoba&nbsp;a&nbsp;Almad\u00e9n\/Zaragoza<\/p>\n\n\n\n<p>C\u00f3rdoba&nbsp;a&nbsp;Toledo<\/p>\n\n\n\n<p>C\u00f3rdoba&nbsp;a&nbsp;Zamora<\/p>\n\n\n\n<p>C\u00f3rdoba&nbsp;a&nbsp;M\u00e9rida<\/p>\n\n\n\n<p>&nbsp;&nbsp;&nbsp;&nbsp;&nbsp;&nbsp;&nbsp;&nbsp;&nbsp;&nbsp;&nbsp;&nbsp;&nbsp; Esto sin contar con la gran cantidad de caminos segundarios, las bifurcaciones, y los caminos de monta\u00f1a, practicables solo por ac\u00e9milas y en verano.<\/p>\n\n\n\n<p>&nbsp;&nbsp;&nbsp;&nbsp;&nbsp;&nbsp;&nbsp;&nbsp;&nbsp;&nbsp;&nbsp;&nbsp;&nbsp; Bien, pues estos caminos que supon\u00edan gran parte de las rutas tanto de exportaci\u00f3n y de exportaci\u00f3n, no eran importantes\u2026<\/p>\n\n\n\n<p>&nbsp;&nbsp;&nbsp;&nbsp;&nbsp;&nbsp;&nbsp;&nbsp;&nbsp;&nbsp;&nbsp;&nbsp;&nbsp; A pesar de ello, se crea alg\u00fan que otro castillo:<\/p>\n\n\n\n<p>Castillo de Gafiq<\/p>\n\n\n\n<p>Castillo de Bitraws<\/p>\n\n\n\n<p>Hisn&nbsp;de&nbsp;Mugawwar (Torrecampo)<\/p>\n\n\n\n<p>Hisn&nbsp;ibn&nbsp;Harun&nbsp;(Aznar\u00f3n,&nbsp;Chill\u00f3n).&nbsp;<\/p>\n\n\n\n<p>Nuestra&nbsp;Se\u00f1ora&nbsp;del&nbsp;Castillo&nbsp;(Chill\u00f3n).&nbsp;<\/p>\n\n\n\n<p>Castillo&nbsp;de&nbsp;Miramontes&nbsp;(Santa&nbsp;Eufemia).<\/p>\n\n\n\n<p>Castillo&nbsp;de&nbsp;Madro\u00f1iz&nbsp;(Belalc\u00e1zar).<\/p>\n\n\n\n<p>Castillo&nbsp;de&nbsp;Vioque&nbsp;(Santa&nbsp;Eufemia<\/p>\n\n\n\n<p>\u016abal&nbsp;(Obejo).<\/p>\n\n\n\n<p>Kuzna&nbsp;(Cuzna).&nbsp;<\/p>\n\n\n\n<p>(Fuente El Poblamiento Isl\u00e1mico En La Kura De Fahs Al\u2010Ball\u016bt: Una Aproximaci\u00f3n Arqueol\u00f3gica.<\/p>\n\n\n\n<p>&nbsp;M\u00aa Victoria Rosique Rodr\u00edguez)<\/p>\n\n\n\n<p>&nbsp;&nbsp;&nbsp;&nbsp;&nbsp;&nbsp;&nbsp;&nbsp;&nbsp;&nbsp;&nbsp;&nbsp;&nbsp; Esto sin contar las construcciones menores, tanto para defensa de los caminos, como de las poblaciones, aparte de las que quedan por descubrir, pues creo, es mi opini\u00f3n personal, que es una zona de las menos estudiadas. Tal cantidad, nos lleva a suponer que la importancia de Fahs el Ballut es grande en tiempos del Emirato, y del Califato, pero cuando es mas notada, es en el siglo X.<\/p>\n\n\n\n<p>&nbsp;&nbsp;&nbsp;&nbsp;&nbsp;&nbsp;&nbsp;&nbsp;&nbsp;&nbsp;&nbsp;&nbsp;&nbsp; Comencemos con la situaci\u00f3n pol\u00edtica del Califato Andalusi.<\/p>\n\n\n\n<p>&nbsp;&nbsp;&nbsp;&nbsp;&nbsp;&nbsp;&nbsp;&nbsp;&nbsp;&nbsp;&nbsp;&nbsp;&nbsp; Almanzor fundamenta su poder, amalgamando el ej\u00e9rcito, que anteriormente estaba conformado por integrantes de etnias o tribus espec\u00edficas, y haciendo que se mezclen, evitando la formaci\u00f3n de corp\u00fasculos y facciones de poder.<\/p>\n\n\n\n<p>&nbsp;&nbsp;&nbsp;&nbsp;&nbsp;&nbsp;&nbsp;&nbsp;&nbsp;&nbsp;&nbsp;&nbsp;&nbsp; Durante su mandato, funcion\u00f3, no excesivamente bien, pero las conquistas obtenidas en las aceifas y dem\u00e1s, callaron cualquier boca con oro y prebendas; sin embargo, a la muerte de Almanzor, a pesar de ocupar el poder su due\u00f1o legitimo el Califa, se produce un vac\u00edo de poder, que permite que las rencillas, y odios seculares formados durante generaciones y exacerbados por las cuitas por las fricciones en los nuevos cuerpos de ej\u00e9rcito, hacen que se produzca el desmembramiento del Califato.<\/p>\n\n\n\n<p>&nbsp;&nbsp;&nbsp;&nbsp;&nbsp;&nbsp;&nbsp;&nbsp;&nbsp;&nbsp;&nbsp;&nbsp;&nbsp; En poco tiempo, es depuesto el Califa Hixam II y asesinado el hijo de Almanzor Abderram\u00e1n Sanchuelo, las primera Taifas (Reinos Independientes, en \u00e1rabe, bando o facci\u00f3n) nacen, y se contraponen a los restos del Califato, al final la Fitna,(En lengua \u00e1rabe fitna, que se suele traducir como \u00abguerra civil\u00bb), es total, y todo esto en pocos a\u00f1os del 1.009 al 1.031.<\/p>\n","protected":false},"excerpt":{"rendered":"<p>Continuemos ahora con la l\u00f3gica, y hagamos un repaso de los principales caminos que cruzan el valle. C\u00f3rdoba&nbsp;a&nbsp;Almad\u00e9n\/Zaragoza C\u00f3rdoba&nbsp;a&nbsp;Toledo C\u00f3rdoba&nbsp;a&nbsp;Zamora C\u00f3rdoba&nbsp;a&nbsp;M\u00e9rida &nbsp;&nbsp;&nbsp;&nbsp;&nbsp;&nbsp;&nbsp;&nbsp;&nbsp;&nbsp;&nbsp;&nbsp;&nbsp; Esto sin contar con la gran cantidad de caminos segundarios, las bifurcaciones, y los caminos de monta\u00f1a, practicables solo por ac\u00e9milas y en verano. &nbsp;&nbsp;&nbsp;&nbsp;&nbsp;&nbsp;&nbsp;&nbsp;&nbsp;&nbsp;&nbsp;&nbsp;&nbsp; Bien, pues estos caminos que supon\u00edan gran parte &hellip; <\/p>\n<p class=\"link-more\"><a href=\"https:\/\/pedrocasiano.es\/?page_id=4343\" class=\"more-link\">Leer m\u00e1s<span class=\"screen-reader-text\"> \u00abLa Fascinante Historia de la Dehesa m\u00e1s grande de Europa. Fhas Al Ballut. El Valle de las Bellotas. El Valle de los Pedroches. (IV)\u00bb<\/span><\/a><\/p>\n","protected":false},"author":1,"featured_media":0,"parent":0,"menu_order":0,"comment_status":"closed","ping_status":"closed","template":"","meta":{"inspiro_hide_title":false,"footnotes":""},"class_list":["post-4343","page","type-page","status-publish","hentry"],"featured_media_urls":[],"_links":{"self":[{"href":"https:\/\/pedrocasiano.es\/index.php?rest_route=\/wp\/v2\/pages\/4343","targetHints":{"allow":["GET"]}}],"collection":[{"href":"https:\/\/pedrocasiano.es\/index.php?rest_route=\/wp\/v2\/pages"}],"about":[{"href":"https:\/\/pedrocasiano.es\/index.php?rest_route=\/wp\/v2\/types\/page"}],"author":[{"embeddable":true,"href":"https:\/\/pedrocasiano.es\/index.php?rest_route=\/wp\/v2\/users\/1"}],"replies":[{"embeddable":true,"href":"https:\/\/pedrocasiano.es\/index.php?rest_route=%2Fwp%2Fv2%2Fcomments&post=4343"}],"version-history":[{"count":2,"href":"https:\/\/pedrocasiano.es\/index.php?rest_route=\/wp\/v2\/pages\/4343\/revisions"}],"predecessor-version":[{"id":5442,"href":"https:\/\/pedrocasiano.es\/index.php?rest_route=\/wp\/v2\/pages\/4343\/revisions\/5442"}],"wp:attachment":[{"href":"https:\/\/pedrocasiano.es\/index.php?rest_route=%2Fwp%2Fv2%2Fmedia&parent=4343"}],"curies":[{"name":"wp","href":"https:\/\/api.w.org\/{rel}","templated":true}]}}