{"id":4221,"date":"2024-02-24T10:27:42","date_gmt":"2024-02-24T10:27:42","guid":{"rendered":"https:\/\/pedrocasiano.es\/?page_id=4221"},"modified":"2026-04-02T10:29:47","modified_gmt":"2026-04-02T08:29:47","slug":"leyendas-de-cordoba-tercera-parte","status":"publish","type":"page","link":"https:\/\/pedrocasiano.es\/?page_id=4221","title":{"rendered":"Leyendas y Cosas de C\u00f3rdoba. Tercera Parte"},"content":{"rendered":"\n<div class=\"wp-block-cover alignfull\" style=\"min-height:867px;aspect-ratio:unset;\"><img decoding=\"async\" width=\"1024\" height=\"585\" class=\"wp-block-cover__image-background wp-image-5667 lazyload\" alt=\"\" data-src=\"https:\/\/pedrocasiano.es\/wp-content\/uploads\/2024\/03\/ai-generated-8244714_1920peque.jpg\" data-object-fit=\"cover\" src=\"data:image\/svg+xml;base64,PHN2ZyB3aWR0aD0iMSIgaGVpZ2h0PSIxIiB4bWxucz0iaHR0cDovL3d3dy53My5vcmcvMjAwMC9zdmciPjwvc3ZnPg==\" style=\"--smush-placeholder-width: 1024px; --smush-placeholder-aspect-ratio: 1024\/585;\" \/><span aria-hidden=\"true\" class=\"wp-block-cover__background has-background-dim\"><\/span><div class=\"wp-block-cover__inner-container has-global-padding is-layout-constrained wp-block-cover-is-layout-constrained\">\n<ul class=\"wp-block-list\">\n<li><a href=\"https:\/\/pedrocasiano.es\/?page_id=4006\" target=\"_blank\" rel=\"noreferrer noopener\">La \u201cChuler\u00eda\u201d del Vizconde de Miranda<\/a><\/li>\n\n\n\n<li><a href=\"https:\/\/pedrocasiano.es\/?page_id=4009\" target=\"_blank\" rel=\"noreferrer noopener\">El Ahorcado de la Calle Infantas<\/a><\/li>\n\n\n\n<li><a href=\"https:\/\/pedrocasiano.es\/?page_id=4013\" target=\"_blank\" rel=\"noreferrer noopener\">El Cabito y la Coba<\/a><\/li>\n\n\n\n<li><a href=\"https:\/\/pedrocasiano.es\/?page_id=4016\" target=\"_blank\" rel=\"noreferrer noopener\">Los Siete Infantes de Lara<\/a><\/li>\n\n\n\n<li><a href=\"https:\/\/pedrocasiano.es\/?page_id=4022\" target=\"_blank\" rel=\"noreferrer noopener\">Don Rodrigo de Vargas<\/a><\/li>\n\n\n\n<li><a href=\"https:\/\/pedrocasiano.es\/?page_id=4019\" target=\"_blank\" rel=\"noreferrer noopener\">La Muerte De Don Rodrigo De Vargas<\/a><\/li>\n\n\n\n<li><a href=\"https:\/\/pedrocasiano.es\/?page_id=4028\" target=\"_blank\" rel=\"noreferrer noopener\">El Caf\u00e9 De La Juliana<\/a><\/li>\n\n\n\n<li><a href=\"https:\/\/pedrocasiano.es\/?page_id=4031\" target=\"_blank\" rel=\"noreferrer noopener\">Una Leyenda de San Andr\u00e9s<\/a><\/li>\n\n\n\n<li><a href=\"https:\/\/pedrocasiano.es\/?page_id=2257\" target=\"_blank\" rel=\"noreferrer noopener\">Juegos de Ca\u00f1as<\/a><\/li>\n\n\n\n<li><a href=\"https:\/\/pedrocasiano.es\/?page_id=2260\" target=\"_blank\" rel=\"noreferrer noopener\">La Celebraci\u00f3n de la Victoria de Lepanto (1571)<\/a><\/li>\n\n\n\n<li><a href=\"https:\/\/pedrocasiano.es\/?page_id=2263\" target=\"_blank\" rel=\"noreferrer noopener\">La palabra \u201cOjal\u00e1\u201d<\/a><\/li>\n\n\n\n<li><a href=\"https:\/\/pedrocasiano.es\/?page_id=2272\" target=\"_blank\" rel=\"noreferrer noopener\">Las Tetas de las Cordobesas<\/a><\/li>\n\n\n\n<li><a href=\"https:\/\/pedrocasiano.es\/?page_id=2275\" target=\"_blank\" rel=\"noreferrer noopener\">Las Chicas de la \u201cPorcelana\u201d<\/a><\/li>\n\n\n\n<li><a href=\"https:\/\/pedrocasiano.es\/?page_id=2284\" target=\"_blank\" rel=\"noreferrer noopener\">Fartuzco<\/a><\/li>\n\n\n\n<li><a href=\"https:\/\/pedrocasiano.es\/?page_id=2287\" target=\"_blank\" rel=\"noreferrer noopener\">La Tierra del Cipote o Sipote<\/a><\/li>\n\n\n\n<li><a href=\"https:\/\/pedrocasiano.es\/?page_id=2290\" target=\"_blank\" rel=\"noreferrer noopener\">El portal del Zapatero<\/a><\/li>\n\n\n\n<li><a href=\"https:\/\/pedrocasiano.es\/?page_id=2293\" target=\"_blank\" rel=\"noreferrer noopener\">Las Arropieras<\/a><\/li>\n\n\n\n<li><a href=\"https:\/\/pedrocasiano.es\/?page_id=2296\" target=\"_blank\" rel=\"noreferrer noopener\">Calle Pedro Verdugo<\/a><\/li>\n\n\n\n<li><a href=\"https:\/\/pedrocasiano.es\/?page_id=2651\" target=\"_blank\" rel=\"noreferrer noopener\">Los Almog\u00e1vares<\/a><\/li>\n\n\n\n<li><a href=\"https:\/\/pedrocasiano.es\/?page_id=2654\" target=\"_blank\" rel=\"noreferrer noopener\">Puerta del Puente<\/a><\/li>\n\n\n\n<li><a href=\"https:\/\/pedrocasiano.es\/?page_id=2657\" target=\"_blank\" rel=\"noreferrer noopener\">La Palabra Albolafia<\/a><\/li>\n<\/ul>\n\n\n\n<p><strong>Todos los Derechos Reservados<\/strong><\/p>\n\n\n\n<p class=\"has-text-align-center\"><strong>\u201cEstas novelas, publicaciones y dem\u00e1s, son obras de ficci\u00f3n. Los nombres, personajes, lugares e incidentes son producto de la imaginaci\u00f3n del autor o son utilizados de manera ficticia. Cualquier parecido con personas, vivas o muertas, o sucesos reales es pura coincidencia.\u201d<\/strong><\/p>\n<\/div><\/div>\n","protected":false},"excerpt":{"rendered":"","protected":false},"author":1,"featured_media":0,"parent":0,"menu_order":0,"comment_status":"closed","ping_status":"closed","template":"","meta":{"inspiro_hide_title":false,"footnotes":""},"class_list":["post-4221","page","type-page","status-publish","hentry"],"featured_media_urls":[],"_links":{"self":[{"href":"https:\/\/pedrocasiano.es\/index.php?rest_route=\/wp\/v2\/pages\/4221","targetHints":{"allow":["GET"]}}],"collection":[{"href":"https:\/\/pedrocasiano.es\/index.php?rest_route=\/wp\/v2\/pages"}],"about":[{"href":"https:\/\/pedrocasiano.es\/index.php?rest_route=\/wp\/v2\/types\/page"}],"author":[{"embeddable":true,"href":"https:\/\/pedrocasiano.es\/index.php?rest_route=\/wp\/v2\/users\/1"}],"replies":[{"embeddable":true,"href":"https:\/\/pedrocasiano.es\/index.php?rest_route=%2Fwp%2Fv2%2Fcomments&post=4221"}],"version-history":[{"count":16,"href":"https:\/\/pedrocasiano.es\/index.php?rest_route=\/wp\/v2\/pages\/4221\/revisions"}],"predecessor-version":[{"id":16653,"href":"https:\/\/pedrocasiano.es\/index.php?rest_route=\/wp\/v2\/pages\/4221\/revisions\/16653"}],"wp:attachment":[{"href":"https:\/\/pedrocasiano.es\/index.php?rest_route=%2Fwp%2Fv2%2Fmedia&parent=4221"}],"curies":[{"name":"wp","href":"https:\/\/api.w.org\/{rel}","templated":true}]}}