{"id":4199,"date":"2024-02-24T10:44:24","date_gmt":"2024-02-24T10:44:24","guid":{"rendered":"https:\/\/pedrocasiano.es\/?page_id=4199"},"modified":"2026-04-02T10:12:35","modified_gmt":"2026-04-02T08:12:35","slug":"poesia-etapa-v","status":"publish","type":"page","link":"https:\/\/pedrocasiano.es\/?page_id=4199","title":{"rendered":"Colores Tibios. Etapa V"},"content":{"rendered":"\n<div class=\"wp-block-cover alignfull\" style=\"min-height:886px;aspect-ratio:unset;\"><img decoding=\"async\" class=\"wp-block-cover__image-background wp-image-4236 lazyload\" alt=\"\" data-src=\"https:\/\/pedrocasiano.es\/wp-content\/uploads\/2024\/02\/ai-generated-8542057_192orotada.jpg\" data-object-fit=\"cover\" src=\"data:image\/svg+xml;base64,PHN2ZyB3aWR0aD0iMSIgaGVpZ2h0PSIxIiB4bWxucz0iaHR0cDovL3d3dy53My5vcmcvMjAwMC9zdmciPjwvc3ZnPg==\" style=\"--smush-placeholder-width: 1920px; --smush-placeholder-aspect-ratio: 1920\/1076;\" \/><span aria-hidden=\"true\" class=\"wp-block-cover__background has-background-dim\"><\/span><div class=\"wp-block-cover__inner-container has-global-padding is-layout-constrained wp-block-cover-is-layout-constrained\">\n<ul class=\"wp-block-list\">\n<li><a href=\"https:\/\/pedrocasiano.es\/?page_id=6102\" target=\"_blank\" rel=\"noreferrer noopener\">Alondras vi el otro D\u00eda<\/a><\/li>\n\n\n\n<li><a href=\"https:\/\/pedrocasiano.es\/?page_id=6106\" target=\"_blank\" rel=\"noreferrer noopener\">Postrera Soluci\u00f3n De La Noche Perdida<\/a><\/li>\n\n\n\n<li><a href=\"https:\/\/pedrocasiano.es\/?page_id=6111\" target=\"_blank\" rel=\"noreferrer noopener\">Camin\u00e9 Por El Camino Que Lleva Al Sur<\/a><\/li>\n\n\n\n<li><a href=\"https:\/\/pedrocasiano.es\/?page_id=6116\" target=\"_blank\" rel=\"noreferrer noopener\">C\u00f3rdoba<\/a><\/li>\n\n\n\n<li><a href=\"https:\/\/pedrocasiano.es\/?page_id=6120\" target=\"_blank\" rel=\"noreferrer noopener\">\u00bfCu\u00e1ndo Se Trat\u00f3 De Vida?<\/a><\/li>\n\n\n\n<li><a href=\"https:\/\/pedrocasiano.es\/?page_id=6125\" target=\"_blank\" rel=\"noreferrer noopener\">Desde La Atalaya<\/a><\/li>\n\n\n\n<li><a href=\"https:\/\/pedrocasiano.es\/?page_id=6129\" target=\"_blank\" rel=\"noreferrer noopener\">D\u00eda Ag\u00f3nico<\/a><\/li>\n\n\n\n<li><a href=\"https:\/\/pedrocasiano.es\/?page_id=6133\" target=\"_blank\" rel=\"noreferrer noopener\">El D\u00eda En Que Me Mueras<\/a><\/li>\n\n\n\n<li><a href=\"https:\/\/pedrocasiano.es\/?page_id=6137\" target=\"_blank\" rel=\"noreferrer noopener\">El Frio De La Edad<\/a><\/li>\n\n\n\n<li><a href=\"https:\/\/pedrocasiano.es\/?page_id=6141\" target=\"_blank\" rel=\"noreferrer noopener\">El R\u00edo<\/a><\/li>\n\n\n\n<li><a href=\"https:\/\/pedrocasiano.es\/?page_id=6145\" target=\"_blank\" rel=\"noreferrer noopener\">Estoy Cansado De La Vida<\/a><\/li>\n\n\n\n<li><a href=\"https:\/\/pedrocasiano.es\/?page_id=6149\" target=\"_blank\" rel=\"noreferrer noopener\">Hijos De La Lujuria<\/a><\/li>\n\n\n\n<li><a href=\"https:\/\/pedrocasiano.es\/?page_id=6200\" target=\"_blank\" rel=\"noreferrer noopener\">Hoy Me Cubre El Sudor<\/a><\/li>\n\n\n\n<li><a href=\"https:\/\/pedrocasiano.es\/?page_id=6196\" target=\"_blank\" rel=\"noreferrer noopener\">Hoy Llega El Fin De Otro M\u00e1s<\/a><\/li>\n\n\n\n<li><a href=\"https:\/\/pedrocasiano.es\/?page_id=6206\" target=\"_blank\" rel=\"noreferrer noopener\">Hoy So\u00f1\u00e9 Mirando Las Cortinas Cerradas<\/a><\/li>\n\n\n\n<li><a href=\"https:\/\/pedrocasiano.es\/?page_id=6210\" target=\"_blank\" rel=\"noreferrer noopener\">Hoy So\u00f1\u00e9\u2026<\/a><\/li>\n\n\n\n<li><a href=\"https:\/\/pedrocasiano.es\/?page_id=6214\" target=\"_blank\" rel=\"noreferrer noopener\">La Primera Flor<\/a><\/li>\n\n\n\n<li><a href=\"https:\/\/pedrocasiano.es\/?page_id=6238\" target=\"_blank\" rel=\"noreferrer noopener\">Largo Cabello<\/a><\/li>\n\n\n\n<li><a href=\"https:\/\/pedrocasiano.es\/?page_id=6242\" target=\"_blank\" rel=\"noreferrer noopener\">Llega El Fr\u00edo<\/a><\/li>\n\n\n\n<li><a href=\"https:\/\/pedrocasiano.es\/?page_id=6246\" target=\"_blank\" rel=\"noreferrer noopener\">Me Crio El Viento<\/a><\/li>\n<\/ul>\n\n\n\n<p><strong>Todos los Derechos Reservados<\/strong><\/p>\n\n\n\n<p><strong>\u201cEstas novelas, publicaciones y dem\u00e1s, son obras de ficci\u00f3n. Los nombres, personajes, lugares e incidentes son producto de la imaginaci\u00f3n del autor o son utilizados de manera ficticia. Cualquier parecido con personas, vivas o muertas, o sucesos reales es pura coincidencia.\u201d<\/strong><\/p>\n<\/div><\/div>\n","protected":false},"excerpt":{"rendered":"","protected":false},"author":1,"featured_media":0,"parent":0,"menu_order":0,"comment_status":"closed","ping_status":"closed","template":"","meta":{"inspiro_hide_title":false,"footnotes":""},"class_list":["post-4199","page","type-page","status-publish","hentry"],"featured_media_urls":[],"_links":{"self":[{"href":"https:\/\/pedrocasiano.es\/index.php?rest_route=\/wp\/v2\/pages\/4199","targetHints":{"allow":["GET"]}}],"collection":[{"href":"https:\/\/pedrocasiano.es\/index.php?rest_route=\/wp\/v2\/pages"}],"about":[{"href":"https:\/\/pedrocasiano.es\/index.php?rest_route=\/wp\/v2\/types\/page"}],"author":[{"embeddable":true,"href":"https:\/\/pedrocasiano.es\/index.php?rest_route=\/wp\/v2\/users\/1"}],"replies":[{"embeddable":true,"href":"https:\/\/pedrocasiano.es\/index.php?rest_route=%2Fwp%2Fv2%2Fcomments&post=4199"}],"version-history":[{"count":22,"href":"https:\/\/pedrocasiano.es\/index.php?rest_route=\/wp\/v2\/pages\/4199\/revisions"}],"predecessor-version":[{"id":16616,"href":"https:\/\/pedrocasiano.es\/index.php?rest_route=\/wp\/v2\/pages\/4199\/revisions\/16616"}],"wp:attachment":[{"href":"https:\/\/pedrocasiano.es\/index.php?rest_route=%2Fwp%2Fv2%2Fmedia&parent=4199"}],"curies":[{"name":"wp","href":"https:\/\/api.w.org\/{rel}","templated":true}]}}