{"id":4191,"date":"2024-02-24T09:14:40","date_gmt":"2024-02-24T09:14:40","guid":{"rendered":"https:\/\/pedrocasiano.es\/?page_id=4191"},"modified":"2024-03-01T09:34:44","modified_gmt":"2024-03-01T09:34:44","slug":"la-muerte-de-la-democracia","status":"publish","type":"page","link":"https:\/\/pedrocasiano.es\/?page_id=4191","title":{"rendered":"La Muerte de la Democracia"},"content":{"rendered":"\n<figure class=\"wp-block-image alignleft size-large is-resized\"><img decoding=\"async\" width=\"1024\" height=\"852\" data-src=\"https:\/\/pedrocasiano.es\/wp-content\/uploads\/2024\/02\/trucks-7000387_1280-1024x852.jpg\" alt=\"\" class=\"wp-image-4192 lazyload\" style=\"--smush-placeholder-width: 1024px; --smush-placeholder-aspect-ratio: 1024\/852;width:519px;height:auto\" src=\"data:image\/svg+xml;base64,PHN2ZyB3aWR0aD0iMSIgaGVpZ2h0PSIxIiB4bWxucz0iaHR0cDovL3d3dy53My5vcmcvMjAwMC9zdmciPjwvc3ZnPg==\" \/><\/figure>\n\n\n\n<p>Bien es sabido que la democracia como forma de gobierno no es buena, simplemente es la menos mala, pues adolece de fallos terribles en lo que a su forma de constituci\u00f3n y gobierno.<br>Vayamos a algunas de ellas.<br>Una, importante, es que todo el mundo puede votar, parece cruel, pero en la misma bondad del enunciado, se encuentra uno de los fallos de la democracia, expliqu\u00e9monos.<br>Por desgracia, la formaci\u00f3n de algunos individuos es escasa cuando no inexistente, tiempo ha, esto sirvi\u00f3, para que pudieran tomar parcela de poder con su voto aquellos que no hab\u00edan podido acceder a la educaci\u00f3n, era y es, la universalidad del voto, maravillosa palabra, que ahora, un momento en el que nos encontramos agobiados por la informaci\u00f3n mentirosa, tendenciosa, cuando no criminal de los medios de comunicaci\u00f3n, hace que la influencia de los mismos en muchas personas sea decisiva.<br>Los grupos de presi\u00f3n, apoy\u00e1ndose en los medios de comunicaci\u00f3n, forman y crean la base de tendencia que servir\u00e1 para influenciar a una comunidad de mente d\u00e9bil, f\u00e1cilmente manipulable, sin esp\u00edritu, sin alma.<br>Esto lleva a que una gran mayor\u00eda de la poblaci\u00f3n, crea solo lo que estos medios colocan en sus formatos, sean cuales sean, de tal forma que ganar\u00e1 aquel que m\u00e1s apoyo tenga de ellos, esto har\u00e1 que nazca una relaci\u00f3n de favor-poder, que impedir\u00e1 la ejecuci\u00f3n de algo que ayude al bien com\u00fan, beneficiando siempre a los grupos de presi\u00f3n, de intereses espec\u00edficos y particulares.<br>Simplemente miremos las promesas electorales de la mayor\u00eda, por no decir de todos los partidos pol\u00edticos, irreales, cuando no, dignas de un semanario de humor, pero la sociedad las acepta como si fueran dogmas de fe, en todo caso observemos las arengas de personajes de falsa dicci\u00f3n, alentadores de multitudes con oratoria magn\u00edfica y discursos huecos, (por cierto, que ya ni eso)<br>Al final nos encontramos con unos representantes indignos, carentes de la m\u00e1s m\u00ednima verg\u00fcenza, partidistas en cuanto a lo que debe de ser general, y escrupulosos con sus propios bolsillos. Lameculos, hijos de las listas cerradas, con el n\u00famero puesto en funci\u00f3n de su adherencia al partido, que no de su capacidad y formaci\u00f3n, sicarios de l\u00edderes pegajosos, adl\u00e1teres de seres inmundos, que lo son a\u00fan m\u00e1s, un cenagal en el que la dignidad se perdi\u00f3, mientras se buscaba el dinero y el poder.<br>Pues s\u00ed, el principio del voto universal, se ha convertido en algo que lejos de engrandecer la democracia, ha producido el efecto contrario, devenir en el padre del desaliento, de la igualdad en la torpeza y de la desidia elevada a pr\u00e1ctica com\u00fan.<br>\u00bfSoluciones?, ninguna, no me pagan para buscarlas, si las tuviera, har\u00eda como en todo, la callar\u00eda, y que se calienten la cabeza los que le pagan por hacerlo, que el principio de solidaridad entre los humanos, no es ya ni cuento chino. Cada perrito que se lama su\u2026<\/p>\n","protected":false},"excerpt":{"rendered":"<p>Bien es sabido que la democracia como forma de gobierno no es buena, simplemente es la menos mala, pues adolece de fallos terribles en lo que a su forma de constituci\u00f3n y gobierno.Vayamos a algunas de ellas.Una, importante, es que todo el mundo puede votar, parece cruel, pero en la misma bondad del enunciado, se &hellip; <\/p>\n<p class=\"link-more\"><a href=\"https:\/\/pedrocasiano.es\/?page_id=4191\" class=\"more-link\">Leer m\u00e1s<span class=\"screen-reader-text\"> \u00abLa Muerte de la Democracia\u00bb<\/span><\/a><\/p>\n","protected":false},"author":1,"featured_media":0,"parent":0,"menu_order":0,"comment_status":"closed","ping_status":"closed","template":"","meta":{"inspiro_hide_title":false,"footnotes":""},"class_list":["post-4191","page","type-page","status-publish","hentry"],"featured_media_urls":[],"_links":{"self":[{"href":"https:\/\/pedrocasiano.es\/index.php?rest_route=\/wp\/v2\/pages\/4191","targetHints":{"allow":["GET"]}}],"collection":[{"href":"https:\/\/pedrocasiano.es\/index.php?rest_route=\/wp\/v2\/pages"}],"about":[{"href":"https:\/\/pedrocasiano.es\/index.php?rest_route=\/wp\/v2\/types\/page"}],"author":[{"embeddable":true,"href":"https:\/\/pedrocasiano.es\/index.php?rest_route=\/wp\/v2\/users\/1"}],"replies":[{"embeddable":true,"href":"https:\/\/pedrocasiano.es\/index.php?rest_route=%2Fwp%2Fv2%2Fcomments&post=4191"}],"version-history":[{"count":2,"href":"https:\/\/pedrocasiano.es\/index.php?rest_route=\/wp\/v2\/pages\/4191\/revisions"}],"predecessor-version":[{"id":5464,"href":"https:\/\/pedrocasiano.es\/index.php?rest_route=\/wp\/v2\/pages\/4191\/revisions\/5464"}],"wp:attachment":[{"href":"https:\/\/pedrocasiano.es\/index.php?rest_route=%2Fwp%2Fv2%2Fmedia&parent=4191"}],"curies":[{"name":"wp","href":"https:\/\/api.w.org\/{rel}","templated":true}]}}