{"id":4169,"date":"2024-02-24T08:55:43","date_gmt":"2024-02-24T08:55:43","guid":{"rendered":"https:\/\/pedrocasiano.es\/?page_id=4169"},"modified":"2024-03-01T09:38:11","modified_gmt":"2024-03-01T09:38:11","slug":"el-amigo-marroqui","status":"publish","type":"page","link":"https:\/\/pedrocasiano.es\/?page_id=4169","title":{"rendered":"El \u201cAmigo\u201d Marroqu\u00ed"},"content":{"rendered":"\n<figure class=\"wp-block-image alignleft size-large is-resized\"><img decoding=\"async\" width=\"1024\" height=\"720\" data-src=\"https:\/\/pedrocasiano.es\/wp-content\/uploads\/2024\/02\/shop-1678309_1280-1024x720.jpg\" alt=\"\" class=\"wp-image-4178 lazyload\" style=\"--smush-placeholder-width: 1024px; --smush-placeholder-aspect-ratio: 1024\/720;width:353px;height:auto\" src=\"data:image\/svg+xml;base64,PHN2ZyB3aWR0aD0iMSIgaGVpZ2h0PSIxIiB4bWxucz0iaHR0cDovL3d3dy53My5vcmcvMjAwMC9zdmciPjwvc3ZnPg==\" \/><\/figure>\n\n\n\n<p>Hoy cambio el tercio, cansado de hablar del covid, del que se puede estar narrando hasta la extenuaci\u00f3n paso a comentar algo nuevo, diferente. Dicho esto, comenzamos a hablar de algo que, aunque escondamos la cabeza, nos va a suceder m\u00e1s pronto que tarde, y esto es, el af\u00e1n de revancha de los moros.<br>La palabra moro, no es despectiva, viene del lat\u00edn de los romanos, que llamaron a los habitantes del norte de \u00c1frica, de Afriquilla, como mauritanos, que al vulgarizarse y por econom\u00eda de lenguaje, acabo por transformarse en moros.<br>Por si no nos hemos dado cuenta, somos frontera, no solo f\u00edsica, sino tambi\u00e9n cultural con Marruecos, y por ende, con los pa\u00edses lim\u00edtrofes; en cuanto a este \u00faltimo aspecto; si se nos olvida, es pecado, pues a ellos nunca se le va a ir de la cabeza, m\u00e1s cuando su gobernante, un elemento que hace santos a los borbones, intenta, e intentara por cualquier medio recuperar a Ceuta y Melilla, mentira obvia, pues nunca han sido suyas, pero ya sabemos que los enemigos, no necesitan de leyes para hacer lo que les convenga.<br>Si, son enemigos, hasta ahora avocados a la miseria por la diferencia del poder entre ambos pa\u00edses, y zonas; ahora, sin cabeza, empantanados en luchas internas, e inanes a cualquier cosa que no sea destruirnos, somos presa f\u00e1cil para cualquier carro\u00f1ero de alma turbia.<br>Nosotros hemos olvidado que durante cientos de a\u00f1os hemos combatido contra ellos, dejando todo regado con la sangre de mejores hombres que los que quedamos; ahora, en aras de la bondad ideol\u00f3gica, permanecemos quietos, mientras que ellos gastan hasta lo que no tienen en armamento, intentan cerrar a cal y canto las fronteras con nuestras ciudades, para ahogarlas, eso, \u00bfQu\u00e9 significa?, \u00bfQu\u00e9 no tienen nada en contra nuestra?, \u00bfQu\u00e9 nos van a dejar tranquilos?, no seamos imb\u00e9ciles, ser\u00e1n como el chacal, que no lobo, y aprovecharan el m\u00e1s m\u00ednimo fallo para devorar una parte de nuestro cuerpo, de la que deber\u00eda ser nuestra alma, y dejarnos a\u00fan m\u00e1s pat\u00e9ticos de lo que somos.<br>Pobres espa\u00f1oles, pobre Espa\u00f1a, de la que ya no queda ni la conciencia de su alma, dejada a la deriva, destruida cuando no muerta, merecemos que nos devoren chacales del sur, de donde nunca nada bueno ha venido; quiz\u00e1s sea mejor, visto lo visto, que depongamos lo poco que tengamos, pues ninguna arma es v\u00e1lida, cuando el que la empu\u00f1a ha perdido su alma.<\/p>\n","protected":false},"excerpt":{"rendered":"<p>Hoy cambio el tercio, cansado de hablar del covid, del que se puede estar narrando hasta la extenuaci\u00f3n paso a comentar algo nuevo, diferente. Dicho esto, comenzamos a hablar de algo que, aunque escondamos la cabeza, nos va a suceder m\u00e1s pronto que tarde, y esto es, el af\u00e1n de revancha de los moros.La palabra &hellip; <\/p>\n<p class=\"link-more\"><a href=\"https:\/\/pedrocasiano.es\/?page_id=4169\" class=\"more-link\">Leer m\u00e1s<span class=\"screen-reader-text\"> \u00abEl \u201cAmigo\u201d Marroqu\u00ed\u00bb<\/span><\/a><\/p>\n","protected":false},"author":1,"featured_media":0,"parent":0,"menu_order":0,"comment_status":"closed","ping_status":"closed","template":"","meta":{"inspiro_hide_title":false,"footnotes":""},"class_list":["post-4169","page","type-page","status-publish","hentry"],"featured_media_urls":[],"_links":{"self":[{"href":"https:\/\/pedrocasiano.es\/index.php?rest_route=\/wp\/v2\/pages\/4169","targetHints":{"allow":["GET"]}}],"collection":[{"href":"https:\/\/pedrocasiano.es\/index.php?rest_route=\/wp\/v2\/pages"}],"about":[{"href":"https:\/\/pedrocasiano.es\/index.php?rest_route=\/wp\/v2\/types\/page"}],"author":[{"embeddable":true,"href":"https:\/\/pedrocasiano.es\/index.php?rest_route=\/wp\/v2\/users\/1"}],"replies":[{"embeddable":true,"href":"https:\/\/pedrocasiano.es\/index.php?rest_route=%2Fwp%2Fv2%2Fcomments&post=4169"}],"version-history":[{"count":3,"href":"https:\/\/pedrocasiano.es\/index.php?rest_route=\/wp\/v2\/pages\/4169\/revisions"}],"predecessor-version":[{"id":5470,"href":"https:\/\/pedrocasiano.es\/index.php?rest_route=\/wp\/v2\/pages\/4169\/revisions\/5470"}],"wp:attachment":[{"href":"https:\/\/pedrocasiano.es\/index.php?rest_route=%2Fwp%2Fv2%2Fmedia&parent=4169"}],"curies":[{"name":"wp","href":"https:\/\/api.w.org\/{rel}","templated":true}]}}