{"id":4121,"date":"2024-02-24T07:52:25","date_gmt":"2024-02-24T07:52:25","guid":{"rendered":"https:\/\/pedrocasiano.es\/?page_id=4121"},"modified":"2024-02-24T07:52:26","modified_gmt":"2024-02-24T07:52:26","slug":"siempre-es-otono","status":"publish","type":"page","link":"https:\/\/pedrocasiano.es\/?page_id=4121","title":{"rendered":"Siempre es Oto\u00f1o"},"content":{"rendered":"\n<div class=\"wp-block-media-text is-stacked-on-mobile is-vertically-aligned-top\"><figure class=\"wp-block-media-text__media\"><img decoding=\"async\" width=\"1024\" height=\"824\" data-src=\"https:\/\/pedrocasiano.es\/wp-content\/uploads\/2024\/02\/fall-8338752_1280-1024x824.jpg\" alt=\"\" class=\"wp-image-4122 size-full lazyload\" src=\"data:image\/svg+xml;base64,PHN2ZyB3aWR0aD0iMSIgaGVpZ2h0PSIxIiB4bWxucz0iaHR0cDovL3d3dy53My5vcmcvMjAwMC9zdmciPjwvc3ZnPg==\" style=\"--smush-placeholder-width: 1024px; --smush-placeholder-aspect-ratio: 1024\/824;\" \/><\/figure><div class=\"wp-block-media-text__content\">\n<p>Siempre es Oto\u00f1o<br>Todos los d\u00edas lo son,<br>no hay verano ni invierno,<br>nada, solo oto\u00f1o,<br>las hojas caen y no salen,<br>porque es oto\u00f1o,<br>y el oto\u00f1o es gris,<br>los colores desaparecen,<br>y anuncian el frio,<br>desvelando la naturaleza,<br>el ser propio de la desolaci\u00f3n,<br>ese es el oto\u00f1o, mi oto\u00f1o,<br>mi vida completa es oto\u00f1o.<\/p>\n\n\n\n<p>Descubr\u00ed que ten\u00eda que ser oto\u00f1o,<br>aunque fuera verano,<br>confundirme con la manada,<br>perderme en la mediocridad,<br>actuar como gorila en celo,<br>y esquivar las grandezas por atrayentes que fueran.<\/p>\n\n\n\n<p>Todo puede ser medido,<br>todo puede ser comparado,<br>combinado y extra\u00eddo en porcentajes,<br>es oto\u00f1o, las hojas caen<br>y el \u00e1rbol desnudo muestra su verdadero ser,<br>dejando de estar oculto por el follaje,<br>y ese es mi oto\u00f1o,<br>conocer al \u00e1rbol,<br>desnudarlo,<br>saber que puedes, y ocultarlo.<\/p>\n\n\n\n<p>El oto\u00f1o de saber y callar,<br>de ver, y ser ciego,<br>de poder dar lo que quieran y callar,<br>de ser alienado en lugar de bruja,<br>de pasar como uno m\u00e1s,<br>sin pompa,<br>solo mutas mutandi,<br>desapareciendo en el humo de la multitud,<br>en el regazo de la mediocridad.<\/p>\n\n\n\n<p>Es dif\u00edcil parecer inteligente,<br>cuando eres un imb\u00e9cil,<br>pero seguro, lo s\u00e9,<br>que pasar por imb\u00e9cil, siendo inteligente,<br>es m\u00e1s complicado.<\/p>\n\n\n\n<p>Nadie quiere a los que saben,<br>los desprecian,<br>delata un fallo,<br>y crear\u00e1s un enemigo para siempre,<br>comp\u00f3rtate como un ser educado,<br>como un muchacho,<br>que sabe la diferencia entre el bien y el mal,<br>y ser\u00e1s castigado por ello,<br>ese es mi oto\u00f1o,<br>desde que descubr\u00ed,<br>ya tarde,<br>que ser verano,<br>era dif\u00edcil, agotador y terrible,<br>que los dem\u00e1s supieran<br>que sab\u00edas lo que pensaban<br>que eran f\u00e1ciles de adivinar,<br>eso es el verano,<br>callarlo,<br>el oto\u00f1o.<\/p>\n\n\n\n<p>Saber que viene el tren<br>y quedarte quieto,<br>dejar que te pase por encima<br>y re\u00edr con los accidentados,<br>es oto\u00f1o,<br>ellos no vieron el tren,<br>t\u00fa lo sabias,<br>y te quedaste,<br>porque no quer\u00edas estar solo,<br>aunque lo anhelaras,<br>de una forma o de otra,<br>eso es el oto\u00f1o.<\/p>\n\n\n\n<p>Dar gracias a los dioses<br>por un cuerpo grande<br>para poder asustar a los dem\u00e1s,<br>cuando con solo calcular las posibilidades,<br>puedes destruirlos,<br>cuando la manipulaci\u00f3n<br>es tan f\u00e1cil como hacer un c\u00e1lculo de probabilidades,<br>pero eres de un grupo,<br>no haces eso,<br>Ries como animal, te emborrachas,<br>y te dejas caer en el sexo m\u00e1s abyecto,<br>eso es oto\u00f1o.<\/p>\n\n\n\n<p>Saber que quieren de ti,<br>obtenerlo,<br>saber de entra\u00f1as y vientres conocidos,<br>de adocenar los descampados,<br>de correr en campos peludos,<br>de bocas en tu cuerpo,<br>de al final no querer buscar,<br>porque si quieres,<br>lo tendr\u00e1s,<br>lo conseguir\u00e1s,<br>de temer que el sexo es solo eso,<br>que son previsibles,<br>que eso, de que nadie las entiende,<br>es mentira, y no lo usas,<br>porque te aburren los sexos peludos,<br>y las oscuridades intimas,<br>eso es oto\u00f1o.<\/p>\n\n\n\n<p>La soledad en compa\u00f1\u00eda,<br>amigos que no lo son,<br>en todos lados,<br>ser reclamado por todos,<br>ser ese que todos quieren tener a su lado,<br>sabiendo que es lo que piensan,<br>que instintos los llevan<br>que f\u00e1cil es darles lo que quieren,<br>de al final,<br>en la multitud,<br>no encontrar nada,<br>eso es el oto\u00f1o.<\/p>\n\n\n\n<p>Cuando puedes terminar y no quieres,<br>porque es f\u00e1cil,<br>cuando nada es un reto,<br>cuando te obligan<br>y sales por el lado contrario<br>aun sabiendo que te equivocas,<br>simplemente por orgullo,<br>porque te crees mejor que nadie<br>y yerras,<br>una y otra vez,<br>pero estas satisfecho,<br>eso es el oto\u00f1o.<\/p>\n\n\n\n<p>Y no sabes las caras que dicen<br>y las tienes que estudiar<br>porque no tienes afinidad,<br>nada te transmiten,<br>se ocultan en tu ignorancia,<br>y no sabes que rictus quiere decir algo,<br>que otro, cosa diferente,<br>el estudiar con calma los gestos comunes,<br>las partituras de m\u00fasicas diferentes,<br>porque no sabes nada,<br>y solo el movimiento de los dedos,<br>te indica,<br>a ti, que eres sordo a los sonidos,<br>la melod\u00eda que se toca,<br>porque no sientes cuando los dem\u00e1s sienten,<br>las caras nada transmiten,<br>nadie te toca,<br>no tocas a nadie,<br>y solo miras,<br>observas y estudias,<br>eso es el oto\u00f1o.<\/p>\n\n\n\n<p>Ver pasar los d\u00edas esperando el reto,<br>hacer lo que los dem\u00e1s hacen,<br>intentar sentir lo que los dem\u00e1s sienten,<br>y esperar en vano,<br>nada es igual,<br>todos, crey\u00e9ndose incomprensibles, se ir\u00e1n,<br>unos piensan que eres m\u00e1s listo,<br>m\u00e1s tonto,<br>m\u00e1s simp\u00e1tico,<br>pero eres normal y no lo eres,<br>sabes del depravado,<br>del d\u00e9bil,<br>del violador escondido,<br>del homosexual innato,<br>de la puta temprana,<br>de la imbecilidad revelada en la violencia,<br>de tantas cosas,<br>que cuando llegas a casa,<br>te metes en un rinc\u00f3n,<br>asustado de saber lo que conoces,<br>lo que has descubierto,<br>eso es el oto\u00f1o.<\/p>\n\n\n\n<p>Te abrazan,<br>te miman,<br>te llevan,<br>te traen,<br>te acompa\u00f1an,<br>te seducen,<br>te aman,<br>te odian,<br>te copian,<br>te siguen<br>y t\u00fa no sabes nada,<br>porque nada quieres saber,<br>indiferente a todo,<br>eso es el oto\u00f1o.<\/p>\n\n\n\n<p>Cuando la ira se eleva imparable,<br>ante la estupidez,<br>cuando quieres destrozar a los imb\u00e9ciles,<br>cuando sabes de la idiotez de los inanes,<br>de los bultos inseparables de la carne,<br>absortividad de ellos,<br>y solo quieres que desaparezcan,<br>que son la hez de la tierra,<br>que detr\u00e1s de la m\u00e1scara son monstruos,<br>que solo merecen la peor de las muertes,<br>desaparecer de la faz de la tierra<br>para que esta no sea portadora de la peste m\u00e1s hedionda,<br>eso es el oto\u00f1o.<\/p>\n\n\n\n<p>Cuando aprendido todo,<br>descifrado el misterio,<br>abandonas el observar<br>y ya no te importa que es que,<br>quien oculta que,<br>que maldad se esconde en cada coraz\u00f3n,<br>y solo quieres que te dejen en paz,<br>viviendo en la mediocridad,<br>como ellos,<br>eso es el oto\u00f1o.<\/p>\n<\/div><\/div>\n","protected":false},"excerpt":{"rendered":"<p>Siempre es Oto\u00f1oTodos los d\u00edas lo son,no hay verano ni invierno,nada, solo oto\u00f1o,las hojas caen y no salen,porque es oto\u00f1o,y el oto\u00f1o es gris,los colores desaparecen,y anuncian el frio,desvelando la naturaleza,el ser propio de la desolaci\u00f3n,ese es el oto\u00f1o, mi oto\u00f1o,mi vida completa es oto\u00f1o. Descubr\u00ed que ten\u00eda que ser oto\u00f1o,aunque fuera verano,confundirme con la &hellip; <\/p>\n<p class=\"link-more\"><a href=\"https:\/\/pedrocasiano.es\/?page_id=4121\" class=\"more-link\">Leer m\u00e1s<span class=\"screen-reader-text\"> \u00abSiempre es Oto\u00f1o\u00bb<\/span><\/a><\/p>\n","protected":false},"author":1,"featured_media":0,"parent":0,"menu_order":0,"comment_status":"closed","ping_status":"closed","template":"","meta":{"inspiro_hide_title":false,"footnotes":""},"class_list":["post-4121","page","type-page","status-publish","hentry"],"featured_media_urls":[],"_links":{"self":[{"href":"https:\/\/pedrocasiano.es\/index.php?rest_route=\/wp\/v2\/pages\/4121","targetHints":{"allow":["GET"]}}],"collection":[{"href":"https:\/\/pedrocasiano.es\/index.php?rest_route=\/wp\/v2\/pages"}],"about":[{"href":"https:\/\/pedrocasiano.es\/index.php?rest_route=\/wp\/v2\/types\/page"}],"author":[{"embeddable":true,"href":"https:\/\/pedrocasiano.es\/index.php?rest_route=\/wp\/v2\/users\/1"}],"replies":[{"embeddable":true,"href":"https:\/\/pedrocasiano.es\/index.php?rest_route=%2Fwp%2Fv2%2Fcomments&post=4121"}],"version-history":[{"count":2,"href":"https:\/\/pedrocasiano.es\/index.php?rest_route=\/wp\/v2\/pages\/4121\/revisions"}],"predecessor-version":[{"id":10742,"href":"https:\/\/pedrocasiano.es\/index.php?rest_route=\/wp\/v2\/pages\/4121\/revisions\/10742"}],"wp:attachment":[{"href":"https:\/\/pedrocasiano.es\/index.php?rest_route=%2Fwp%2Fv2%2Fmedia&parent=4121"}],"curies":[{"name":"wp","href":"https:\/\/api.w.org\/{rel}","templated":true}]}}