{"id":4097,"date":"2024-02-24T07:27:42","date_gmt":"2024-02-24T07:27:42","guid":{"rendered":"https:\/\/pedrocasiano.es\/?page_id=4097"},"modified":"2024-02-24T07:27:43","modified_gmt":"2024-02-24T07:27:43","slug":"suenas-en-mi-sueno-caliente","status":"publish","type":"page","link":"https:\/\/pedrocasiano.es\/?page_id=4097","title":{"rendered":"Sue\u00f1as, en mi Sue\u00f1o Caliente"},"content":{"rendered":"\n<div class=\"wp-block-media-text is-stacked-on-mobile is-vertically-aligned-top\"><figure class=\"wp-block-media-text__media\"><img decoding=\"async\" width=\"853\" height=\"1024\" data-src=\"https:\/\/pedrocasiano.es\/wp-content\/uploads\/2024\/02\/woman-1987808_1280-853x1024.jpg\" alt=\"\" class=\"wp-image-4098 size-full lazyload\" src=\"data:image\/svg+xml;base64,PHN2ZyB3aWR0aD0iMSIgaGVpZ2h0PSIxIiB4bWxucz0iaHR0cDovL3d3dy53My5vcmcvMjAwMC9zdmciPjwvc3ZnPg==\" style=\"--smush-placeholder-width: 853px; --smush-placeholder-aspect-ratio: 853\/1024;\" \/><\/figure><div class=\"wp-block-media-text__content\">\n<p>Sue\u00f1as, en mi sue\u00f1o caliente<br>Tus acres olores de prima ma\u00f1ana<br>La connivencia de los atardeceres<br>El sabor de tus labios de amanecida<br>Tus pechos de sudor granados<br>Y t\u00fa presencia de hembra<br>De calor, de humanidad llena<br>Tu rastro de curvas y huecos<br>Tu ropa interior de bordes gastados<br>El susurrar de tu intimidad despierta<br>Los bordes calados<br>Tus rosas peque\u00f1as<br>Tus bordes bordados<br>De la intimidad de ropa quitada<br>De piernas abiertas<br>De secos tirones<br>De ansia arrancadas<br>Mil veces rotas<br>Mil veces obviadas<br>Axilas calientes<br>De broncos abrazos<br>Llenas de selvas<br>De tonos dorados<br>Tu bella entrepierna<br>De rubio esplendor<br>De cabello enredado<br>Los matices de la mariposa<br>En carne granando<br>Y los labios h\u00famedos<br>En ti, henchida, abierta<br>Como si de amor murieran<br>El encono m\u00edo<br>De entrar en tu cuerpo<br>tu c\u00e1lida hambruna<br>Por recogerlo<br>El olor de tus pechos<br>Abre y amargo<br>De tu sexo turbio<br>De roc\u00edo mojado<br>Amor de jerg\u00f3n<br>De lugar olvidado<br>De rancia solera<br>De aroma desalmado<br>Y ese roce furtivo<br>De topar al borde<br>De tu bello cuerpo<br>Y sentir cuando ya no avanza<br>Que romperme quieres<br>Del placer que te embarga<br>Y lleno tus paredes<br>De mi joven vida<br>Y ver en tu cara<br>Los labios hinchados<br>El tr\u00e9mulo sexo<br>Romper a mi lanza<br>Y rota la tensa guarda<br>Dejarte caer ah\u00edta de sexo<br>Y reir\u00e1 y besar<br>Esos labios hinchados<br>Calientes y h\u00famedos<br>Y sentir tu lengua<br>Acariciar mi saliva<br>Danzar en mis dientes<br>Y ver tu sonrisa<br>De hembra sudada<br>De olor a amor hecho<br>A vida vivida<br>En un triste lar<br>Donde nada exist\u00eda<br>Y nada poblaba<br>Si no era el amor<br>Que nos iluminaba<br>En la vieja casa<br>Donde ya nadie viv\u00eda.<\/p>\n<\/div><\/div>\n","protected":false},"excerpt":{"rendered":"<p>Sue\u00f1as, en mi sue\u00f1o calienteTus acres olores de prima ma\u00f1anaLa connivencia de los atardeceresEl sabor de tus labios de amanecidaTus pechos de sudor granadosY t\u00fa presencia de hembraDe calor, de humanidad llenaTu rastro de curvas y huecosTu ropa interior de bordes gastadosEl susurrar de tu intimidad despiertaLos bordes caladosTus rosas peque\u00f1asTus bordes bordadosDe la intimidad &hellip; <\/p>\n<p class=\"link-more\"><a href=\"https:\/\/pedrocasiano.es\/?page_id=4097\" class=\"more-link\">Leer m\u00e1s<span class=\"screen-reader-text\"> \u00abSue\u00f1as, en mi Sue\u00f1o Caliente\u00bb<\/span><\/a><\/p>\n","protected":false},"author":1,"featured_media":0,"parent":0,"menu_order":0,"comment_status":"closed","ping_status":"closed","template":"","meta":{"inspiro_hide_title":false,"footnotes":""},"class_list":["post-4097","page","type-page","status-publish","hentry"],"featured_media_urls":[],"_links":{"self":[{"href":"https:\/\/pedrocasiano.es\/index.php?rest_route=\/wp\/v2\/pages\/4097","targetHints":{"allow":["GET"]}}],"collection":[{"href":"https:\/\/pedrocasiano.es\/index.php?rest_route=\/wp\/v2\/pages"}],"about":[{"href":"https:\/\/pedrocasiano.es\/index.php?rest_route=\/wp\/v2\/types\/page"}],"author":[{"embeddable":true,"href":"https:\/\/pedrocasiano.es\/index.php?rest_route=\/wp\/v2\/users\/1"}],"replies":[{"embeddable":true,"href":"https:\/\/pedrocasiano.es\/index.php?rest_route=%2Fwp%2Fv2%2Fcomments&post=4097"}],"version-history":[{"count":2,"href":"https:\/\/pedrocasiano.es\/index.php?rest_route=\/wp\/v2\/pages\/4097\/revisions"}],"predecessor-version":[{"id":10776,"href":"https:\/\/pedrocasiano.es\/index.php?rest_route=\/wp\/v2\/pages\/4097\/revisions\/10776"}],"wp:attachment":[{"href":"https:\/\/pedrocasiano.es\/index.php?rest_route=%2Fwp%2Fv2%2Fmedia&parent=4097"}],"curies":[{"name":"wp","href":"https:\/\/api.w.org\/{rel}","templated":true}]}}