{"id":4085,"date":"2024-02-24T07:16:38","date_gmt":"2024-02-24T07:16:38","guid":{"rendered":"https:\/\/pedrocasiano.es\/?page_id=4085"},"modified":"2024-02-24T07:16:39","modified_gmt":"2024-02-24T07:16:39","slug":"el-verano-se-marcha","status":"publish","type":"page","link":"https:\/\/pedrocasiano.es\/?page_id=4085","title":{"rendered":"El Verano se Marcha"},"content":{"rendered":"\n<div class=\"wp-block-media-text is-stacked-on-mobile is-vertically-aligned-top\"><figure class=\"wp-block-media-text__media\"><img decoding=\"async\" width=\"731\" height=\"1024\" data-src=\"https:\/\/pedrocasiano.es\/wp-content\/uploads\/2024\/02\/ai-generated-8355389_1280-731x1024.jpg\" alt=\"\" class=\"wp-image-4086 size-full lazyload\" src=\"data:image\/svg+xml;base64,PHN2ZyB3aWR0aD0iMSIgaGVpZ2h0PSIxIiB4bWxucz0iaHR0cDovL3d3dy53My5vcmcvMjAwMC9zdmciPjwvc3ZnPg==\" style=\"--smush-placeholder-width: 731px; --smush-placeholder-aspect-ratio: 731\/1024;\" \/><\/figure><div class=\"wp-block-media-text__content\">\n<p>El verano se marcha<br>Ha llegado con su hacha<br>A quien ha querido<br>Secando la vida<br>Matando los vientos<br>Y sec\u00e1ndolo todo<br>Y llegar\u00e1 el oto\u00f1o,<br>Caliente como ahora<br>No como siempre<br>Y poco a poco<br>Se har\u00e1 agradable<br>A la vida del hombre<br>Nos permitir\u00e1 la vida<br>Sin temor a morir<br>Al sol abrasador<br>Espera un poco<br>Y los \u00e1rboles mudaran colores<br>De amarillos<br>De rojos, de ocres<br>Y correr\u00e1 el agua<br>El musgo reinar\u00e1<br>Y los arroyos<br>Cantar\u00e1n su canci\u00f3n<br>De alegr\u00eda, de vuelta a casa<br>Las noches no son ahora el \u00fanico asilo<br>Incluso en algunas, te pide el abrigo<br>Y da gusto ponerlo, recibirlo<br>En las tranquilas veladas<br>Del oto\u00f1o tranquilo.<br>El agostado tornar\u00e1 en verde<br>Y lo que ha creado la muerte<br>Desaparecer\u00e1 con la primera lluvia<br>Como si siempre hubiera tenido<br>Tan lindo colorido<br>Volver\u00e1n p\u00e1jaros huidos<br>Tornar\u00e1n a sus casas<br>Los abejarucos, las golondrinas<br>Los ruise\u00f1ores, los petirrojos<br>Para llenar con sus trinos<br>El aire m\u00e1s denso, del oto\u00f1o vivo.<\/p>\n<\/div><\/div>\n","protected":false},"excerpt":{"rendered":"<p>El verano se marchaHa llegado con su hachaA quien ha queridoSecando la vidaMatando los vientosY sec\u00e1ndolo todoY llegar\u00e1 el oto\u00f1o,Caliente como ahoraNo como siempreY poco a pocoSe har\u00e1 agradableA la vida del hombreNos permitir\u00e1 la vidaSin temor a morirAl sol abrasadorEspera un pocoY los \u00e1rboles mudaran coloresDe amarillosDe rojos, de ocresY correr\u00e1 el aguaEl musgo &hellip; <\/p>\n<p class=\"link-more\"><a href=\"https:\/\/pedrocasiano.es\/?page_id=4085\" class=\"more-link\">Leer m\u00e1s<span class=\"screen-reader-text\"> \u00abEl Verano se Marcha\u00bb<\/span><\/a><\/p>\n","protected":false},"author":1,"featured_media":0,"parent":0,"menu_order":0,"comment_status":"closed","ping_status":"closed","template":"","meta":{"inspiro_hide_title":false,"footnotes":""},"class_list":["post-4085","page","type-page","status-publish","hentry"],"featured_media_urls":[],"_links":{"self":[{"href":"https:\/\/pedrocasiano.es\/index.php?rest_route=\/wp\/v2\/pages\/4085","targetHints":{"allow":["GET"]}}],"collection":[{"href":"https:\/\/pedrocasiano.es\/index.php?rest_route=\/wp\/v2\/pages"}],"about":[{"href":"https:\/\/pedrocasiano.es\/index.php?rest_route=\/wp\/v2\/types\/page"}],"author":[{"embeddable":true,"href":"https:\/\/pedrocasiano.es\/index.php?rest_route=\/wp\/v2\/users\/1"}],"replies":[{"embeddable":true,"href":"https:\/\/pedrocasiano.es\/index.php?rest_route=%2Fwp%2Fv2%2Fcomments&post=4085"}],"version-history":[{"count":2,"href":"https:\/\/pedrocasiano.es\/index.php?rest_route=\/wp\/v2\/pages\/4085\/revisions"}],"predecessor-version":[{"id":10349,"href":"https:\/\/pedrocasiano.es\/index.php?rest_route=\/wp\/v2\/pages\/4085\/revisions\/10349"}],"wp:attachment":[{"href":"https:\/\/pedrocasiano.es\/index.php?rest_route=%2Fwp%2Fv2%2Fmedia&parent=4085"}],"curies":[{"name":"wp","href":"https:\/\/api.w.org\/{rel}","templated":true}]}}