{"id":4022,"date":"2024-02-23T15:59:14","date_gmt":"2024-02-23T15:59:14","guid":{"rendered":"https:\/\/pedrocasiano.es\/?page_id=4022"},"modified":"2024-02-23T15:59:14","modified_gmt":"2024-02-23T15:59:14","slug":"don-rodrigo-de-vargas","status":"publish","type":"page","link":"https:\/\/pedrocasiano.es\/?page_id=4022","title":{"rendered":"Don Rodrigo de Vargas"},"content":{"rendered":"\n<div class=\"wp-block-media-text is-stacked-on-mobile is-vertically-aligned-top\" style=\"grid-template-columns:21% auto\"><figure class=\"wp-block-media-text__media\"><img decoding=\"async\" width=\"150\" height=\"100\" data-src=\"https:\/\/pedrocasiano.es\/wp-content\/uploads\/2024\/02\/son-rodrigo-de.jpg\" alt=\"\" class=\"wp-image-4023 size-full lazyload\" src=\"data:image\/svg+xml;base64,PHN2ZyB3aWR0aD0iMSIgaGVpZ2h0PSIxIiB4bWxucz0iaHR0cDovL3d3dy53My5vcmcvMjAwMC9zdmciPjwvc3ZnPg==\" style=\"--smush-placeholder-width: 150px; --smush-placeholder-aspect-ratio: 150\/100;\" \/><\/figure><div class=\"wp-block-media-text__content\">\n<p>Los Vargas fueron en C\u00f3rdoba una de las familias m\u00e1s conocidas, tanto por su nobleza como por los diferentes cargos ejercidos por ellos en diferentes ocasiones : en el \u00faltimo tercio del siglo XVI moraba en \u00e9sta D. Juan de Vargas, quien tuvo por hijo a D. Rodrigo, uno de los j\u00f3venes que m\u00e1s figuraban por su gallardo aspecto, sus modales finos y su tratoafable y bondadoso : muy j\u00f3ven a\u00fan, cuando todav\u00eda no hab\u00edan empezado a mitigarse los ardores de su juventud, oblig\u00f3le su padre a contraer matrimonio con la hija de otro noble cordob\u00e9s y que hasta la muerte guard\u00f3le con su cari\u00f1o la fidelidad propia de toda esposa buena y honrada : pasados pocos a\u00f1os despu\u00e9s de su enlace, empez\u00f3 D. Rodrigo a galantear a otras mugeres, tomando tal afici\u00f3n a ellas que no perdonaba medios por dif\u00edciles que fueran para conseguir sus deseos; esto le atrajo multitud de lances con los padres o maridos de sus predilectas, y bien pronto la fama de Vargas lleg\u00f3 a tal grado que todos le tem\u00edan, haci\u00e9ndole el blanco de sus odios y rencores.<br>Entre los muchos lances contado [sic] de este aventurero j\u00f3ven hay uno ocurrido en la antigua calle de las Platerias, hoy parte de la Carrera del Puente [Cardenal Gonz\u00e1lez]. En [sic] platero estaba escondido huyendo de la justicia por haber causado una muerte; cerca de su casa viv\u00eda una dama a quien D. Rodrigo requeria de amores, y no hallando otros medios, se entraba en la casa de aquel para hablar con la vecina sin hacer caso de las observaciones hechas por la mujer del platero; una noche lleg\u00f3 \u00e9ste, enter\u00f3se del motivo de tales visitas y, cortesmente primero y despu\u00e9s hasta con amenazas, le dijo buscase otros medios de comunicaci\u00f3n con aquella mujer, toda vez que la suya perder\u00eda en su buen nombre si veian entrar y salir a un caballero que tal fama de libertino hab\u00eda alcanzado; ofreci\u00f3 hacerlo, mas esto no tuvo cumplimiento, y volviendo en [sic] platero a encontrarlo en su casa, arremeti\u00f3 contra \u00e9l con tal \u00edmpetu y con tanto fu\u00e9 rechazado, que se trab\u00f3 una horrible lucha en la cual result\u00f3 muerto el industrial y Vargas con m\u00e1s de treinta heridas, sali\u00e9ndose arrastrando a la calle, donde casi desangrado lo recogieron el Marqu\u00e9s del Carpio y sus hermanos, quienes lo llevaron al Sagrario de la Catedral, cost\u00e1ndole no poco el curarse tantas y peligrosas heridas; por \u00faltimo, arregl\u00f3se el asunto y qued\u00f3 libre despu\u00e9s de hacer grandes donativos a la viuda y cuantos intervinieron en la causa.<br>Cuando parec\u00eda que el escarmiento fuera el resultado del lance referido y otros de igual \u00edndole, D. Rodrigo continu\u00f3 en sus desaciertos, indisponiendo matrimonios, desconcertando casamientos y llevando la alarma a todas las clases de C\u00f3rdoba, puesto que a nadie respetaba, por elevada que fuera la persona a quien ofend\u00eda. Cierta noche encontr\u00f3 en la calle del Ba\u00f1o, hoy de C\u00e9spedes, a otro caballero, amigo suyo, a quien pregunt\u00f3 por qu\u00e9 paseaba tanto por aquel sitio, puesto que lo hab\u00eda ya visto tres o cuatro veces pasar a la misma hora; de buena fe confes\u00f3le que con el mejor fin dac\u00eda [sic] el amor a la hermana de D. Pedro de Mesa, a la que pensaba unir su suerte; ing\u00e9nua conversaci\u00f3n que le sirvi\u00f3 a Vargas para uno de sus enredos; d\u00edjole, estrababa [sic] mucho que un caballero tan principal se prendase de una mujer descendiente de raza jud\u00eda, con lo cual manchar\u00eda su honra y el buen nombre de su familia; creyose en sus palabras, y el caballero se retir\u00f3 de la casa, donde se estra\u00f1\u00f3 mucho su conducta, que al fin aclararon, demostr\u00e1ndole la falsedad de la noticia, con lo que se concert\u00f3 de nuevo y realizose el casamiento, declar\u00e1ndose enemigos de D. Rodrigo, quien ya contaba con muchos y muy temibles.<br>Los Se\u00f1ores de Fem\u00e1n-N\u00fa\u00f1ez moraban en aquel tiempo en la casa de la calle del Paraiso [Duque de Hornachuelos], que al pasear por ella citamos; estos ten\u00edan varias hijas y una hu\u00e9rfana que habian recogido y educado como una de las primeras; era hermosa y D. Rodrigo fij\u00f3se en ella con su mala intenci\u00f3n acostumbrada; sedujo a uno de los sirvientes, consiguiendo al fin sus imp\u00fadicos deseos, entrando de noche sin ser visto de persona alguna; descubriose al cabo por otra de las criadas, y cuando una noche estaban m\u00e1s descuidados en su entrevista, apareci\u00f3se la respetable se\u00f1ora de la casa acompa\u00f1ada de dos sirvientas con hachas encendidas: la pobre joven desmayose; m\u00e1s D. Rodrigo oy\u00f3 con calma los ap\u00f3strofes que se le dirigian y, vistiendose con cachaza contest\u00f3 a se\u00f1ora, que lo hab\u00eda hecho porque le placia as\u00ed, y que agradeciese a las canas el que no hubiera pretendido hacer con ella lo mismo, march\u00e1ndose en seguida como si nada le hubiese sucedido. La pobre hu\u00e9rfana fu\u00e9 al dia siguiente a acabar su vida en un convento, y la ultrajada y orgullosa se\u00f1ora de Fern\u00e1n-N\u00fa\u00f1ez junto al otro dia a todos sus parientes y amigos, casi todos ofendidos por las liviandades de Vargas, y convinieron en acabar con \u00e9l, llevando la direcci\u00f3n en el asunto el racionero D. Pedro Cort\u00e9s, que ya hechos [sic] dicho viv\u00eda en la calle de Pedregosa [Blanco Belmonte].<\/p>\n<\/div><\/div>\n","protected":false},"excerpt":{"rendered":"<p>Los Vargas fueron en C\u00f3rdoba una de las familias m\u00e1s conocidas, tanto por su nobleza como por los diferentes cargos ejercidos por ellos en diferentes ocasiones : en el \u00faltimo tercio del siglo XVI moraba en \u00e9sta D. Juan de Vargas, quien tuvo por hijo a D. Rodrigo, uno de los j\u00f3venes que m\u00e1s figuraban &hellip; <\/p>\n<p class=\"link-more\"><a href=\"https:\/\/pedrocasiano.es\/?page_id=4022\" class=\"more-link\">Leer m\u00e1s<span class=\"screen-reader-text\"> \u00abDon Rodrigo de Vargas\u00bb<\/span><\/a><\/p>\n","protected":false},"author":1,"featured_media":0,"parent":0,"menu_order":0,"comment_status":"closed","ping_status":"closed","template":"","meta":{"inspiro_hide_title":false,"footnotes":""},"class_list":["post-4022","page","type-page","status-publish","hentry"],"featured_media_urls":[],"_links":{"self":[{"href":"https:\/\/pedrocasiano.es\/index.php?rest_route=\/wp\/v2\/pages\/4022","targetHints":{"allow":["GET"]}}],"collection":[{"href":"https:\/\/pedrocasiano.es\/index.php?rest_route=\/wp\/v2\/pages"}],"about":[{"href":"https:\/\/pedrocasiano.es\/index.php?rest_route=\/wp\/v2\/types\/page"}],"author":[{"embeddable":true,"href":"https:\/\/pedrocasiano.es\/index.php?rest_route=\/wp\/v2\/users\/1"}],"replies":[{"embeddable":true,"href":"https:\/\/pedrocasiano.es\/index.php?rest_route=%2Fwp%2Fv2%2Fcomments&post=4022"}],"version-history":[{"count":1,"href":"https:\/\/pedrocasiano.es\/index.php?rest_route=\/wp\/v2\/pages\/4022\/revisions"}],"predecessor-version":[{"id":4024,"href":"https:\/\/pedrocasiano.es\/index.php?rest_route=\/wp\/v2\/pages\/4022\/revisions\/4024"}],"wp:attachment":[{"href":"https:\/\/pedrocasiano.es\/index.php?rest_route=%2Fwp%2Fv2%2Fmedia&parent=4022"}],"curies":[{"name":"wp","href":"https:\/\/api.w.org\/{rel}","templated":true}]}}