{"id":4000,"date":"2024-02-23T15:28:19","date_gmt":"2024-02-23T15:28:19","guid":{"rendered":"https:\/\/pedrocasiano.es\/?page_id=4000"},"modified":"2024-02-23T15:28:20","modified_gmt":"2024-02-23T15:28:20","slug":"la-anciana-y-malvada-rosalia","status":"publish","type":"page","link":"https:\/\/pedrocasiano.es\/?page_id=4000","title":{"rendered":"La Anciana y Malvada Rosal\u00eda"},"content":{"rendered":"\n<div class=\"wp-block-media-text is-stacked-on-mobile is-vertically-aligned-top\" style=\"grid-template-columns:27% auto\"><figure class=\"wp-block-media-text__media\"><img decoding=\"async\" width=\"1024\" height=\"1024\" data-src=\"https:\/\/pedrocasiano.es\/wp-content\/uploads\/2024\/02\/ai-generated-8554613_1280-1024x1024.jpg\" alt=\"\" class=\"wp-image-4001 size-full lazyload\" src=\"data:image\/svg+xml;base64,PHN2ZyB3aWR0aD0iMSIgaGVpZ2h0PSIxIiB4bWxucz0iaHR0cDovL3d3dy53My5vcmcvMjAwMC9zdmciPjwvc3ZnPg==\" style=\"--smush-placeholder-width: 1024px; --smush-placeholder-aspect-ratio: 1024\/1024;\" \/><\/figure><div class=\"wp-block-media-text__content\">\n<p>Lo que pasamos a contar, tuvo lugar en 1867, fue una sangrienta escena que llen\u00f3 de espanto a cuantos la supieron. En una vieja casa moraba una anciana conocida por D.\u00aa Rosal\u00eda, que en su juventud hab\u00eda sido cantinera y contaba una larga historia que nada ten\u00eda de edificante: entonces se dedicaba \u00e1 recibir hu\u00e9spedes y dar comidas \u00e1 bajos precios, por lo que solo acud\u00edan trabajadores y dem\u00e1s gente de poco dinero, \u00e1 quienes serv\u00edan aquella, dos criadas y una ni\u00f1a de diez \u00e1 once a\u00f1os. Una noche paraban all\u00ed, un hombre que se acost\u00f3 temprano y presenci\u00f3 lo que ocurri\u00f3, pero que muy de ma\u00f1ana tom\u00f3 el tren sin averiguarse su nombre, dos estranjeros y un asturiano, de oficio cantero, que hab\u00eda reunido unos mil reales como ahorros de su trabajo: los dos segundos le pidieron parte de ellos prestado, y no queri\u00e9ndoselos dar, se fu\u00e9 \u00e1 acostar, sin imaginarse siquiera que aquellos intentaran robarlo, como lo hicieron, d\u00e1ndole una gran cuchillada en el cuello al ver que despertando empez\u00f3 \u00e1 luchar con ellos; al ruido subi\u00f3 D.\u00aa Rosal\u00eda y las criadas, diciendo que hab\u00edan comprometido la casa; entonces las encargaron de fregar bien la sala, mientras ellos se llevaban el cad\u00e1ver, como en efecto lo hicieron, cargando con \u00e9l y llev\u00e1ndole en direcci\u00f3n al rio; mas pasada la puerta de la Trinidad, tal vez porque se acercaba el dia \u00f3 porque temieran ser vistos, se apartaron a un lado, y acabando de cortarle la cabeza se la llevaron, enterr\u00e1ndola en una haza del pago de la Salud, dejando as\u00ed el cuerpo casi desnudo. Apenas amanec\u00eda, la gente vio el cad\u00e1ver, cundiendo en seguida la noticia; acudieron las autoridades, sus dependientes y multitud de curiosos, sin que se diesen cuenta de qui\u00e9n fuera la v\u00edctima y el modo y forma de tan horrible asesinato; por sus manos encallesidas, surgi\u00f3 la idea de que pudiera ser un cantero, y con este dato se empezaron \u00e1 hacer averiguaciones sin resultado; lo mas urgente era buscar la cabeza para identificar la persona, y nada se consegu\u00eda apesar de hacer escavaciones y hasta de registrar varios pozos, uno de ellos el de la huerta de la Fuensantilla: as\u00ed pasaron algunos dias, hasta que el Inspector de Orden p\u00fablico D. Jos\u00e9 Anguita, supo que hab\u00eda desaparecido un cantero que se hospedaba en la casa de D.\u00aa Rosal\u00eda, y penetrando en ella hizo un reconocimiento sin resultado; no se convenci\u00f3, \u00e9 hizo el segundo, advirtiendo una gota de sangre en la pared; entonces prendi\u00f3 \u00e1 aquella con sus dos criadas y la chica, que al verse incomunicada en la c\u00e1rcel declar\u00f3 la sangrienta escena referida \u00e1 nuestros lectores: presos ambos asesinos, permanecieron inconfesos, lo mismo que D.\u00aa Rosal\u00eda, que muri\u00f3 en la c\u00e1rcel, y una de las criadas, no habiendo mas prueba que la otra y la chica, por lo que el Juzgado de la izquierda los sentenci\u00f3 \u00e1 cadena perpetua, que aun estar\u00e1n, sufriendo.<\/p>\n<\/div><\/div>\n","protected":false},"excerpt":{"rendered":"<p>Lo que pasamos a contar, tuvo lugar en 1867, fue una sangrienta escena que llen\u00f3 de espanto a cuantos la supieron. En una vieja casa moraba una anciana conocida por D.\u00aa Rosal\u00eda, que en su juventud hab\u00eda sido cantinera y contaba una larga historia que nada ten\u00eda de edificante: entonces se dedicaba \u00e1 recibir hu\u00e9spedes &hellip; <\/p>\n<p class=\"link-more\"><a href=\"https:\/\/pedrocasiano.es\/?page_id=4000\" class=\"more-link\">Leer m\u00e1s<span class=\"screen-reader-text\"> \u00abLa Anciana y Malvada Rosal\u00eda\u00bb<\/span><\/a><\/p>\n","protected":false},"author":1,"featured_media":0,"parent":0,"menu_order":0,"comment_status":"closed","ping_status":"closed","template":"","meta":{"inspiro_hide_title":false,"footnotes":""},"class_list":["post-4000","page","type-page","status-publish","hentry"],"featured_media_urls":[],"_links":{"self":[{"href":"https:\/\/pedrocasiano.es\/index.php?rest_route=\/wp\/v2\/pages\/4000","targetHints":{"allow":["GET"]}}],"collection":[{"href":"https:\/\/pedrocasiano.es\/index.php?rest_route=\/wp\/v2\/pages"}],"about":[{"href":"https:\/\/pedrocasiano.es\/index.php?rest_route=\/wp\/v2\/types\/page"}],"author":[{"embeddable":true,"href":"https:\/\/pedrocasiano.es\/index.php?rest_route=\/wp\/v2\/users\/1"}],"replies":[{"embeddable":true,"href":"https:\/\/pedrocasiano.es\/index.php?rest_route=%2Fwp%2Fv2%2Fcomments&post=4000"}],"version-history":[{"count":1,"href":"https:\/\/pedrocasiano.es\/index.php?rest_route=\/wp\/v2\/pages\/4000\/revisions"}],"predecessor-version":[{"id":4002,"href":"https:\/\/pedrocasiano.es\/index.php?rest_route=\/wp\/v2\/pages\/4000\/revisions\/4002"}],"wp:attachment":[{"href":"https:\/\/pedrocasiano.es\/index.php?rest_route=%2Fwp%2Fv2%2Fmedia&parent=4000"}],"curies":[{"name":"wp","href":"https:\/\/api.w.org\/{rel}","templated":true}]}}