{"id":3982,"date":"2024-02-23T15:17:08","date_gmt":"2024-02-23T15:17:08","guid":{"rendered":"https:\/\/pedrocasiano.es\/?page_id=3982"},"modified":"2024-02-23T15:17:09","modified_gmt":"2024-02-23T15:17:09","slug":"una-esposa-inocente","status":"publish","type":"page","link":"https:\/\/pedrocasiano.es\/?page_id=3982","title":{"rendered":"Una Esposa Inocente"},"content":{"rendered":"\n<div class=\"wp-block-media-text is-stacked-on-mobile is-vertically-aligned-top\" style=\"grid-template-columns:16% auto\"><figure class=\"wp-block-media-text__media\"><img decoding=\"async\" width=\"120\" height=\"150\" data-src=\"https:\/\/pedrocasiano.es\/wp-content\/uploads\/2024\/02\/una-esposa-inocente.jpg\" alt=\"\" class=\"wp-image-3983 size-full lazyload\" src=\"data:image\/svg+xml;base64,PHN2ZyB3aWR0aD0iMSIgaGVpZ2h0PSIxIiB4bWxucz0iaHR0cDovL3d3dy53My5vcmcvMjAwMC9zdmciPjwvc3ZnPg==\" style=\"--smush-placeholder-width: 120px; --smush-placeholder-aspect-ratio: 120\/150;\" \/><\/figure><div class=\"wp-block-media-text__content\">\n<p>Uno de los Sres. Cerdas, de quienes descienden los Marqueses de Vega de Armijo, lleg\u00f3 \u00e1 concebir una funesta pasi\u00f3n por la esposa de uno de los Sres. Diaz de Morales, cuya estraordinaria belleza era celebrada en todo C\u00f3rdoba: perdida su esperanza por el desden de la se\u00f1ora de sus pensamientos, logr\u00f3 al fin que uno de los esclavos le proporcionase una llave del peque\u00f1o postigo que aun existe en un rinconcillo que forma la casa en la que penetr\u00f3; mas su c\u00f3mplice reflexion\u00f3 lo hecho, y temeroso del castigo que podia darle su se\u00f1or, confes\u00f3 \u00e1 este su falta, oyendo el mandato de seguir callando: Cerda, como hemos dicho, entr\u00f3 en la morada de la se\u00f1ora, quien indignada lo lanz\u00f3 de ella, manifest\u00e1ndole que, como le habia dicho por escrito, jam\u00e1s faltar\u00eda \u00e1 los deberes de la muger honrada, y que de insistir en sus pretenciones llamar\u00eda en su amparo \u00e1 su esposo, quien le har\u00eda tenerla el respeto \u00e1 que era merecedora; sali\u00f3se \u00e1 la calle, donde lo esperaba el ofendido, y midiendo sus espadas, Cerda qued\u00f3 en ella moribundo, en tanto que Diaz de Morales penetr\u00f3 en sus casas, teniendo lugar una escena en que la buena se\u00f1ora estuvo \u00e1 pique de ser v\u00edctima de los fundados celos de su marido. Entretanto, la ronda encontr\u00f3 un cad\u00e1ver, lo condujo \u00e1 su casa, y el Corregidor vino \u00e1 ver al esposo ofendido, llegando tan \u00e1 tiempo, que logr\u00f3 evitar una nueva desgracia: el moribundo tenia en la mano la carta en que le quitaban toda esperanza, y en ella habia escrito con su sangre y dedo, unas letras en que confusamente se leia \u00abes inocente.\u00bb Este hecho qued\u00f3 oculto en las sombras del misterio; mas \u00e1 poco apareci\u00f3 la imagen del Crucifijo que todos dec\u00edan de la Sangre, con una luz que diariamente le encend\u00edan y que aun conserva en el oratorio de los Sres. Diaz de Morales.<\/p>\n<\/div><\/div>\n","protected":false},"excerpt":{"rendered":"<p>Uno de los Sres. Cerdas, de quienes descienden los Marqueses de Vega de Armijo, lleg\u00f3 \u00e1 concebir una funesta pasi\u00f3n por la esposa de uno de los Sres. Diaz de Morales, cuya estraordinaria belleza era celebrada en todo C\u00f3rdoba: perdida su esperanza por el desden de la se\u00f1ora de sus pensamientos, logr\u00f3 al fin que &hellip; <\/p>\n<p class=\"link-more\"><a href=\"https:\/\/pedrocasiano.es\/?page_id=3982\" class=\"more-link\">Leer m\u00e1s<span class=\"screen-reader-text\"> \u00abUna Esposa Inocente\u00bb<\/span><\/a><\/p>\n","protected":false},"author":1,"featured_media":0,"parent":0,"menu_order":0,"comment_status":"closed","ping_status":"closed","template":"","meta":{"inspiro_hide_title":false,"footnotes":""},"class_list":["post-3982","page","type-page","status-publish","hentry"],"featured_media_urls":[],"_links":{"self":[{"href":"https:\/\/pedrocasiano.es\/index.php?rest_route=\/wp\/v2\/pages\/3982","targetHints":{"allow":["GET"]}}],"collection":[{"href":"https:\/\/pedrocasiano.es\/index.php?rest_route=\/wp\/v2\/pages"}],"about":[{"href":"https:\/\/pedrocasiano.es\/index.php?rest_route=\/wp\/v2\/types\/page"}],"author":[{"embeddable":true,"href":"https:\/\/pedrocasiano.es\/index.php?rest_route=\/wp\/v2\/users\/1"}],"replies":[{"embeddable":true,"href":"https:\/\/pedrocasiano.es\/index.php?rest_route=%2Fwp%2Fv2%2Fcomments&post=3982"}],"version-history":[{"count":1,"href":"https:\/\/pedrocasiano.es\/index.php?rest_route=\/wp\/v2\/pages\/3982\/revisions"}],"predecessor-version":[{"id":3984,"href":"https:\/\/pedrocasiano.es\/index.php?rest_route=\/wp\/v2\/pages\/3982\/revisions\/3984"}],"wp:attachment":[{"href":"https:\/\/pedrocasiano.es\/index.php?rest_route=%2Fwp%2Fv2%2Fmedia&parent=3982"}],"curies":[{"name":"wp","href":"https:\/\/api.w.org\/{rel}","templated":true}]}}