{"id":3745,"date":"2024-02-22T16:00:12","date_gmt":"2024-02-22T16:00:12","guid":{"rendered":"https:\/\/pedrocasiano.es\/?page_id=3745"},"modified":"2024-02-22T16:00:13","modified_gmt":"2024-02-22T16:00:13","slug":"la-marquesa-viuda-y-el-vuelo-del-corregidor","status":"publish","type":"page","link":"https:\/\/pedrocasiano.es\/?page_id=3745","title":{"rendered":"La Marquesa Viuda y el Vuelo del Corregidor"},"content":{"rendered":"\n<div class=\"wp-block-media-text is-stacked-on-mobile is-vertically-aligned-top\" style=\"grid-template-columns:24% auto\"><figure class=\"wp-block-media-text__media\"><img decoding=\"async\" width=\"238\" height=\"300\" data-src=\"https:\/\/pedrocasiano.es\/wp-content\/uploads\/2024\/02\/la-marquesa-viuda.jpg\" alt=\"\" class=\"wp-image-3746 size-full lazyload\" src=\"data:image\/svg+xml;base64,PHN2ZyB3aWR0aD0iMSIgaGVpZ2h0PSIxIiB4bWxucz0iaHR0cDovL3d3dy53My5vcmcvMjAwMC9zdmciPjwvc3ZnPg==\" style=\"--smush-placeholder-width: 238px; --smush-placeholder-aspect-ratio: 238\/300;\" \/><\/figure><div class=\"wp-block-media-text__content\">\n<p>En la plaza del Salvador [esquina norte de Capitulares], entonces como hoy punto de contrataci\u00f3n de los operarios, ocurri\u00f3 una ma\u00f1ana una cuestion entre varios hombres, resultando uno de ellos muerto y dos \u00f3 tres heridos; el agresor se escap\u00f3, favorecido con la bulla, siendo seguido por dos \u00f3 tres alguaciles, que cuando ya iban casi \u00e1 su alcance, lo vieron guarecerse en la casa del Marqu\u00e9s de Villaverde: \u00e9ste habia muerto la noche anterior, y su esposa y familia se encontraban sumidos en el mayor quebranto; pasaron recado, y la Marquesa, ignorante de lo ocurrido, contest\u00f3 que all\u00ed nadie habia y que estra\u00f1aba mucho se le incomodase en tan tristes momentos. Los alguaciles se retiraron, y quedando uno como centinela frente \u00e1 la puerta de la casa, los otros se presentaron al Corregidor D. Ger\u00f3nimo de Mendoza \u00e1 noticiarle lo ocurrido; afirm\u00e1ronle estar all\u00ed el criminal, protegido, si no por la se\u00f1ora, por los criados y lacayos, quienes se hab\u00edan burlado de ellos con el pretesto de la muerte del Marqu\u00e9s. Mendoza era un hombre que con su aspecto poco respeto podia infundir, por ser en estremo bajo y delgado; mas con un car\u00e1cter tan irascible y severo, que con esceso suplia la primer falta en cuantos llegaban \u00e1 tratarlo: oy\u00f3, pues, las palabras de los alguaciles, y falt\u00e1bale tiempo para ir \u00e9l mismo \u00e1 capturar al criminal refugiado en la casa de Villaverde; ya en esta, pas\u00f3 \u00e1 la estancia de la noble viuda, \u00e1 quien demostr\u00f3 su estra\u00f1eza \u00e1 la negativa del registro de la casa, en lo cual daba \u00e1 entender un empe\u00f1o formal de que se quedasen burlados las fueros de la justicia: ella neg\u00f3 tal intencion y le hizo mil reflexiones acerca, de su triste situaci\u00f3n, traspasada de dolor con la muerte de su adorado esposo, y que \u00e9l aumentaba queri\u00e9ndola vejar con semejante registro, cuando estaba segura de que el criminal, si entr\u00f3 un momento en su casa, ya la habr\u00eda abandonado; mas nada de esto bast\u00f3, y entonces trab\u00f3se una acalorada disputa entre el irascible Corregidor que mandaba llevar \u00e1 cabo sus \u00f3rdenes, y la Marquesa, que con todo el orgullo de un arist\u00f3crata de aquella \u00e9poca, corri\u00f3 al balc\u00f3n \u00e1 gritar \u00e1 sus criados que lo impidiesen: Mendoza sigui\u00f3la, con el intento de asirla del brazo y entrarla para que no escandalizase; mas ella al sentirse rebajada hasta el estremo de haberla querido sugetar y en su propia casa, vali\u00e9ndose de su superioridad en fuerzas, pues era muy alta y gruesa, agarr\u00f3 furiosa al Corregidor por la cintura y lo arroj\u00f3 por el balc\u00f3n \u00e1 la calle, donde instant\u00e1neamente qued\u00f3 muerto.<br>Si grande hab\u00eda sido el esc\u00e1ndalo promovido con la resistencia al registro de la casa, mucho mayor fu\u00e9 el nuevo, al ver \u00e1 la primera autoridad de C\u00f3rdoba, sufrir una muerte tan violenta y estra\u00f1a. Acudi\u00f3 multitud de gente, y muy pronto el Alcalde de la Justicia, quien hizo registrar la casa, sin resultado, pues el reo, origen de la cuesti\u00f3n, se hab\u00eda marchado, y constituy\u00f3 en prisi\u00f3n \u00e1 la Marquesa en su propia morada y con centinelas de vista. Efectu\u00e1ronse los entierros del Corregidor y el Marqu\u00e9s, y el Alcalde de la Justicia sigui\u00f3 r\u00e1pidamente su proceso, y sin oir los ruegos de toda la nobleza de C\u00f3rdoba \u00e1 favor de la interesada, la sentenci\u00f3 \u00e1 muerte, si bien no ejecut\u00e1ndose hasta salir del estado interesante en que se encontraba.<br>Dos \u00f3 tres meses contaban de respiro, todos los interesados en evitar otra nueva desgracia, y bien los aprovecharon, puesto que vino una orden del Rey mandando que la Marquesa fuese trasladada \u00e1 Madrid en clase de presa: cumpli\u00f3se, y llevada con las seguridades convenientes, qued\u00f3 depositada en el palacio del Duque de Osuna, \u00e1 quien interes\u00f3 su desgracia y empez\u00f3 \u00e1 interponer toda su influencia, tropezando primero con la severidad del Monarca, resuelto \u00e1 vengar la muerte de su Corregidor, su representante y principal delegado en C\u00f3rdoba. Gan\u00f3se tiempo, y cuando calculaban acercarse el parto de la se\u00f1ora, volvi\u00f3 aquel \u00e1 palacio pidiendo una audiencia en su nombre; accedi\u00f3 el Rey, y ya en su presencia, le dijo, que no iba \u00e1 pedirle la vida, porque solo era digna de la muerte; pero s\u00ed, que por lo que mas amase en el mundo, sacase de pila y tomase bajo su amparo al ineliz [infeliz] fruto de sus entra\u00f1as, que al venir al mundo se encontraba sin padre y \u00e1 su desgraciada madre en el camino de la eternidad. La triste situacion de esta se\u00f1ora, unida \u00e1 sus relevantes prendas de hermosura, nobleza y gallard\u00eda, conmovieron al Rey, quien le dio palabra de acceder \u00e1 su demanda. Lleg\u00f3 la ocasi\u00f3n y celebr\u00f3se el bautismo, teniendo al ni\u00f1o en su nombre el citado Duque de Osuna, que desde aquel dia redobl\u00f3 sus gestiones, en uni\u00f3n de otros muchos individuos de la nobleza, hasta que consiguieron el perd\u00f3n apetecido, con la condicion de que la Marquesa no tornase \u00e1 vivir en C\u00f3rdoba, donde tal esc\u00e1ndalo se habia dado, sino en Ecija, en cuya ciudad fij\u00f3 gustosa su residencia.<\/p>\n<\/div><\/div>\n","protected":false},"excerpt":{"rendered":"<p>En la plaza del Salvador [esquina norte de Capitulares], entonces como hoy punto de contrataci\u00f3n de los operarios, ocurri\u00f3 una ma\u00f1ana una cuestion entre varios hombres, resultando uno de ellos muerto y dos \u00f3 tres heridos; el agresor se escap\u00f3, favorecido con la bulla, siendo seguido por dos \u00f3 tres alguaciles, que cuando ya iban &hellip; <\/p>\n<p class=\"link-more\"><a href=\"https:\/\/pedrocasiano.es\/?page_id=3745\" class=\"more-link\">Leer m\u00e1s<span class=\"screen-reader-text\"> \u00abLa Marquesa Viuda y el Vuelo del Corregidor\u00bb<\/span><\/a><\/p>\n","protected":false},"author":1,"featured_media":0,"parent":0,"menu_order":0,"comment_status":"closed","ping_status":"closed","template":"","meta":{"inspiro_hide_title":false,"footnotes":""},"class_list":["post-3745","page","type-page","status-publish","hentry"],"featured_media_urls":[],"_links":{"self":[{"href":"https:\/\/pedrocasiano.es\/index.php?rest_route=\/wp\/v2\/pages\/3745","targetHints":{"allow":["GET"]}}],"collection":[{"href":"https:\/\/pedrocasiano.es\/index.php?rest_route=\/wp\/v2\/pages"}],"about":[{"href":"https:\/\/pedrocasiano.es\/index.php?rest_route=\/wp\/v2\/types\/page"}],"author":[{"embeddable":true,"href":"https:\/\/pedrocasiano.es\/index.php?rest_route=\/wp\/v2\/users\/1"}],"replies":[{"embeddable":true,"href":"https:\/\/pedrocasiano.es\/index.php?rest_route=%2Fwp%2Fv2%2Fcomments&post=3745"}],"version-history":[{"count":1,"href":"https:\/\/pedrocasiano.es\/index.php?rest_route=\/wp\/v2\/pages\/3745\/revisions"}],"predecessor-version":[{"id":3747,"href":"https:\/\/pedrocasiano.es\/index.php?rest_route=\/wp\/v2\/pages\/3745\/revisions\/3747"}],"wp:attachment":[{"href":"https:\/\/pedrocasiano.es\/index.php?rest_route=%2Fwp%2Fv2%2Fmedia&parent=3745"}],"curies":[{"name":"wp","href":"https:\/\/api.w.org\/{rel}","templated":true}]}}