{"id":3664,"date":"2024-02-22T10:27:43","date_gmt":"2024-02-22T10:27:43","guid":{"rendered":"https:\/\/pedrocasiano.es\/?page_id=3664"},"modified":"2024-02-22T10:27:44","modified_gmt":"2024-02-22T10:27:44","slug":"nosotros-se-quedo-en-la-lejania","status":"publish","type":"page","link":"https:\/\/pedrocasiano.es\/?page_id=3664","title":{"rendered":"Nosotros se Qued\u00f3 en la Lejan\u00eda"},"content":{"rendered":"\n<div class=\"wp-block-media-text is-stacked-on-mobile is-vertically-aligned-top\"><figure class=\"wp-block-media-text__media\"><img decoding=\"async\" width=\"1024\" height=\"960\" data-src=\"https:\/\/pedrocasiano.es\/wp-content\/uploads\/2024\/02\/digital-art-398342_1280-1024x960.png\" alt=\"\" class=\"wp-image-3665 size-full lazyload\" src=\"data:image\/svg+xml;base64,PHN2ZyB3aWR0aD0iMSIgaGVpZ2h0PSIxIiB4bWxucz0iaHR0cDovL3d3dy53My5vcmcvMjAwMC9zdmciPjwvc3ZnPg==\" style=\"--smush-placeholder-width: 1024px; --smush-placeholder-aspect-ratio: 1024\/960;\" \/><\/figure><div class=\"wp-block-media-text__content\">\n<p><strong>Nosotros se qued\u00f3 en la lejan\u00eda del momento vivido<\/strong><\/p>\n\n\n\n<p><strong>La longitud de la palabra medida en amor disfrutado<\/strong><\/p>\n\n\n\n<p><strong>La enormidad del peso de la p\u00farpura de tus pechos<\/strong><\/p>\n\n\n\n<p><strong>De la cadencia infinita de tu ardiente sexo<\/strong><\/p>\n\n\n\n<p><strong>Nosotros se perdi\u00f3 en la longitud de la palabra<\/strong><\/p>\n\n\n\n<p><strong>En los paseos en los jardines de la pasi\u00f3n<\/strong><\/p>\n\n\n\n<p><strong>En los rincones oscuros de deseo irrefrenable<\/strong><\/p>\n\n\n\n<p><strong>En la sinraz\u00f3n del amante incontrolable<\/strong><\/p>\n\n\n\n<p><strong>Ya solo quedo yo<\/strong><\/p>\n\n\n\n<p><strong>En mi m\u00ednima expresi\u00f3n<\/strong><\/p>\n\n\n\n<p><strong>T\u00fa, donde quiera que est\u00e9s<\/strong><\/p>\n\n\n\n<p><strong>Yo, recuerdo una palabra superior<\/strong><\/p>\n\n\n\n<p><strong>Ahora incompleta<\/strong><\/p>\n\n\n\n<p><strong>Que deletrea la soledad<\/strong><\/p>\n\n\n\n<p><strong>Yo, de mi mismo y mis temores<\/strong><\/p>\n\n\n\n<p><strong>De mi soledad de cuartos vac\u00edos<\/strong><\/p>\n\n\n\n<p><strong>En el onanismo del orgullo<\/strong><\/p>\n\n\n\n<p><strong>Sin perd\u00f3n posible<\/strong><\/p>\n\n\n\n<p><strong>Y t\u00fa, perdida en mi memoria<\/strong><\/p>\n\n\n\n<p><strong>Irremediable recuerdo indestructible<\/strong><\/p>\n\n\n\n<p><strong>Unidad de la palabra m\u00e1s importante<\/strong><\/p>\n\n\n\n<p><strong>Y quiz\u00e1s ahora sea un vosotros,<\/strong><\/p>\n\n\n\n<p><strong>Yo, me quedo solitar\u00edo y vac\u00edo<\/strong><\/p>\n\n\n\n<p><strong>Tu recuerdo me llena de llanto sin lagrimas<\/strong><\/p>\n\n\n\n<p><strong>Tu expresi\u00f3n, tu sonrisa, eres tu<\/strong><\/p>\n\n\n\n<p><strong>Y t\u00fa te pierdes<\/strong><\/p>\n\n\n\n<p><strong>Te perd\u00ed, ya no somos nosotros<\/strong><\/p>\n\n\n\n<p><strong>Solo tu<\/strong><\/p>\n\n\n\n<p><strong>Solo yo<\/strong><\/p>\n\n\n\n<p><strong>Nada m\u00e1s.<\/strong><strong><br><\/strong><\/p>\n<\/div><\/div>\n","protected":false},"excerpt":{"rendered":"<p>Nosotros se qued\u00f3 en la lejan\u00eda del momento vivido La longitud de la palabra medida en amor disfrutado La enormidad del peso de la p\u00farpura de tus pechos De la cadencia infinita de tu ardiente sexo Nosotros se perdi\u00f3 en la longitud de la palabra En los paseos en los jardines de la pasi\u00f3n En &hellip; <\/p>\n<p class=\"link-more\"><a href=\"https:\/\/pedrocasiano.es\/?page_id=3664\" class=\"more-link\">Leer m\u00e1s<span class=\"screen-reader-text\"> \u00abNosotros se Qued\u00f3 en la Lejan\u00eda\u00bb<\/span><\/a><\/p>\n","protected":false},"author":1,"featured_media":0,"parent":0,"menu_order":0,"comment_status":"closed","ping_status":"closed","template":"","meta":{"inspiro_hide_title":false,"footnotes":""},"class_list":["post-3664","page","type-page","status-publish","hentry"],"featured_media_urls":[],"_links":{"self":[{"href":"https:\/\/pedrocasiano.es\/index.php?rest_route=\/wp\/v2\/pages\/3664","targetHints":{"allow":["GET"]}}],"collection":[{"href":"https:\/\/pedrocasiano.es\/index.php?rest_route=\/wp\/v2\/pages"}],"about":[{"href":"https:\/\/pedrocasiano.es\/index.php?rest_route=\/wp\/v2\/types\/page"}],"author":[{"embeddable":true,"href":"https:\/\/pedrocasiano.es\/index.php?rest_route=\/wp\/v2\/users\/1"}],"replies":[{"embeddable":true,"href":"https:\/\/pedrocasiano.es\/index.php?rest_route=%2Fwp%2Fv2%2Fcomments&post=3664"}],"version-history":[{"count":1,"href":"https:\/\/pedrocasiano.es\/index.php?rest_route=\/wp\/v2\/pages\/3664\/revisions"}],"predecessor-version":[{"id":3666,"href":"https:\/\/pedrocasiano.es\/index.php?rest_route=\/wp\/v2\/pages\/3664\/revisions\/3666"}],"wp:attachment":[{"href":"https:\/\/pedrocasiano.es\/index.php?rest_route=%2Fwp%2Fv2%2Fmedia&parent=3664"}],"curies":[{"name":"wp","href":"https:\/\/api.w.org\/{rel}","templated":true}]}}