{"id":3649,"date":"2024-02-22T10:12:54","date_gmt":"2024-02-22T10:12:54","guid":{"rendered":"https:\/\/pedrocasiano.es\/?page_id=3649"},"modified":"2024-02-22T10:12:55","modified_gmt":"2024-02-22T10:12:55","slug":"te-abandone-porque-te-crei-mia","status":"publish","type":"page","link":"https:\/\/pedrocasiano.es\/?page_id=3649","title":{"rendered":"Te Abandon\u00e9 porque te cre\u00ed M\u00eda"},"content":{"rendered":"\n<div class=\"wp-block-media-text is-stacked-on-mobile is-vertically-aligned-top\"><figure class=\"wp-block-media-text__media\"><img decoding=\"async\" width=\"1024\" height=\"1024\" data-src=\"https:\/\/pedrocasiano.es\/wp-content\/uploads\/2024\/02\/ai-generated-7979059_1920-1024x1024.jpg\" alt=\"\" class=\"wp-image-3650 size-full lazyload\" src=\"data:image\/svg+xml;base64,PHN2ZyB3aWR0aD0iMSIgaGVpZ2h0PSIxIiB4bWxucz0iaHR0cDovL3d3dy53My5vcmcvMjAwMC9zdmciPjwvc3ZnPg==\" style=\"--smush-placeholder-width: 1024px; --smush-placeholder-aspect-ratio: 1024\/1024;\" \/><\/figure><div class=\"wp-block-media-text__content\">\n<p>Te abandon\u00e9 porque te cre\u00ed m\u00eda<\/p>\n\n\n\n<p>Te dej\u00e9 tirada, sin salida<\/p>\n\n\n\n<p>Llorando en tu soledad de ni\u00f1a,<\/p>\n\n\n\n<p>Y con tu llanto, ni tan siquiera escucharlo.<\/p>\n\n\n\n<p>Hoy, cuando el tiempo borr\u00e1rmelo quer\u00eda<\/p>\n\n\n\n<p>He so\u00f1ado que te so\u00f1\u00e9, y que de nuevo te quer\u00eda<\/p>\n\n\n\n<p>Y el coraz\u00f3n me ha dado un vuelco de alegr\u00eda,<\/p>\n\n\n\n<p>Pues en el sue\u00f1o, segu\u00edas siendo m\u00eda.<\/p>\n\n\n\n<p>Pero a la realidad del camino seco<\/p>\n\n\n\n<p>Te veo caminar con tu paso entero<\/p>\n\n\n\n<p>Con tus hijos a tu lado con orgullo<\/p>\n\n\n\n<p>Que por desgracia son solo tuyos<\/p>\n\n\n\n<p>Y me desespero y envidio<\/p>\n\n\n\n<p>A aquel que calmo tu loca ansia de desespero<\/p>\n\n\n\n<p>Y me siento, solo, aqu\u00ed ya sinti\u00e9ndome viejo<\/p>\n\n\n\n<p>Y pienso que te abandon\u00e9 por nada<\/p>\n\n\n\n<p>Por nada, lo se ahora, a\u00fan, ya tarde, pues te quiero.<\/p>\n<\/div><\/div>\n","protected":false},"excerpt":{"rendered":"<p>Te abandon\u00e9 porque te cre\u00ed m\u00eda Te dej\u00e9 tirada, sin salida Llorando en tu soledad de ni\u00f1a, Y con tu llanto, ni tan siquiera escucharlo. Hoy, cuando el tiempo borr\u00e1rmelo quer\u00eda He so\u00f1ado que te so\u00f1\u00e9, y que de nuevo te quer\u00eda Y el coraz\u00f3n me ha dado un vuelco de alegr\u00eda, Pues en el &hellip; <\/p>\n<p class=\"link-more\"><a href=\"https:\/\/pedrocasiano.es\/?page_id=3649\" class=\"more-link\">Leer m\u00e1s<span class=\"screen-reader-text\"> \u00abTe Abandon\u00e9 porque te cre\u00ed M\u00eda\u00bb<\/span><\/a><\/p>\n","protected":false},"author":1,"featured_media":0,"parent":0,"menu_order":0,"comment_status":"closed","ping_status":"closed","template":"","meta":{"inspiro_hide_title":false,"footnotes":""},"class_list":["post-3649","page","type-page","status-publish","hentry"],"featured_media_urls":[],"_links":{"self":[{"href":"https:\/\/pedrocasiano.es\/index.php?rest_route=\/wp\/v2\/pages\/3649","targetHints":{"allow":["GET"]}}],"collection":[{"href":"https:\/\/pedrocasiano.es\/index.php?rest_route=\/wp\/v2\/pages"}],"about":[{"href":"https:\/\/pedrocasiano.es\/index.php?rest_route=\/wp\/v2\/types\/page"}],"author":[{"embeddable":true,"href":"https:\/\/pedrocasiano.es\/index.php?rest_route=\/wp\/v2\/users\/1"}],"replies":[{"embeddable":true,"href":"https:\/\/pedrocasiano.es\/index.php?rest_route=%2Fwp%2Fv2%2Fcomments&post=3649"}],"version-history":[{"count":1,"href":"https:\/\/pedrocasiano.es\/index.php?rest_route=\/wp\/v2\/pages\/3649\/revisions"}],"predecessor-version":[{"id":3651,"href":"https:\/\/pedrocasiano.es\/index.php?rest_route=\/wp\/v2\/pages\/3649\/revisions\/3651"}],"wp:attachment":[{"href":"https:\/\/pedrocasiano.es\/index.php?rest_route=%2Fwp%2Fv2%2Fmedia&parent=3649"}],"curies":[{"name":"wp","href":"https:\/\/api.w.org\/{rel}","templated":true}]}}