{"id":2720,"date":"2024-02-21T12:20:21","date_gmt":"2024-02-21T12:20:21","guid":{"rendered":"https:\/\/pedrocasiano.es\/?page_id=2720"},"modified":"2026-04-02T10:12:16","modified_gmt":"2026-04-02T08:12:16","slug":"poesia-etapa-iv","status":"publish","type":"page","link":"https:\/\/pedrocasiano.es\/?page_id=2720","title":{"rendered":"Colores Tibios . Etapa IV"},"content":{"rendered":"\n<div class=\"wp-block-cover alignfull is-light\" style=\"min-height:603px;aspect-ratio:unset;\"><img decoding=\"async\" width=\"1024\" height=\"683\" class=\"wp-block-cover__image-background wp-image-3551 lazyload\" alt=\"\" data-src=\"https:\/\/pedrocasiano.es\/wp-content\/uploads\/2024\/02\/ai-generated-8293201.jpg\" data-object-fit=\"cover\" src=\"data:image\/svg+xml;base64,PHN2ZyB3aWR0aD0iMSIgaGVpZ2h0PSIxIiB4bWxucz0iaHR0cDovL3d3dy53My5vcmcvMjAwMC9zdmciPjwvc3ZnPg==\" style=\"--smush-placeholder-width: 1024px; --smush-placeholder-aspect-ratio: 1024\/683;\" \/><span aria-hidden=\"true\" class=\"wp-block-cover__background has-background-dim\"><\/span><div class=\"wp-block-cover__inner-container has-global-padding is-layout-constrained wp-block-cover-is-layout-constrained\">\n<ul class=\"wp-block-list\">\n<li><a href=\"https:\/\/pedrocasiano.es\/?page_id=4124\" target=\"_blank\" rel=\"noreferrer noopener\">Me Dicen que no me Acerque a Ti<\/a><\/li>\n\n\n\n<li><a href=\"https:\/\/pedrocasiano.es\/?page_id=4127\" target=\"_blank\" rel=\"noreferrer noopener\">El Rumor de las Olas<\/a><\/li>\n\n\n\n<li><a href=\"https:\/\/pedrocasiano.es\/?page_id=4130\" target=\"_blank\" rel=\"noreferrer noopener\">Cuando Alguien Amado Muere<\/a><\/li>\n\n\n\n<li><a href=\"https:\/\/pedrocasiano.es\/?page_id=4133\" target=\"_blank\" rel=\"noreferrer noopener\">Hay un \u00c1rbol a la Puerta de Nuestra Casa<\/a><\/li>\n\n\n\n<li><a href=\"https:\/\/pedrocasiano.es\/?page_id=4136\" target=\"_blank\" rel=\"noreferrer noopener\">Canci\u00f3n desesperada que no puedo Entonar<\/a><\/li>\n\n\n\n<li><a href=\"https:\/\/pedrocasiano.es\/?page_id=4628\" target=\"_blank\" rel=\"noreferrer noopener\">Es Nimiedad<\/a><\/li>\n\n\n\n<li><a href=\"https:\/\/pedrocasiano.es\/?page_id=4631\" target=\"_blank\" rel=\"noreferrer noopener\">Hoy he Subido a la Monta\u00f1a<\/a><\/li>\n\n\n\n<li><a href=\"https:\/\/pedrocasiano.es\/?page_id=4634\" target=\"_blank\" rel=\"noreferrer noopener\">Bajo la Monta\u00f1a Llorando<\/a><\/li>\n\n\n\n<li><a href=\"https:\/\/pedrocasiano.es\/?page_id=4637\" target=\"_blank\" rel=\"noreferrer noopener\">Te Pari\u00f3 la Luna<\/a><\/li>\n\n\n\n<li><a href=\"https:\/\/pedrocasiano.es\/?page_id=4640\" target=\"_blank\" rel=\"noreferrer noopener\">C\u00edrculos Negros de Dolor<\/a><\/li>\n\n\n\n<li><a href=\"https:\/\/pedrocasiano.es\/?page_id=4643\" target=\"_blank\" rel=\"noreferrer noopener\">Sendero de Hojas Muertas<\/a><\/li>\n\n\n\n<li><a href=\"https:\/\/pedrocasiano.es\/?page_id=4646\" target=\"_blank\" rel=\"noreferrer noopener\">Destruye mi Soledad<\/a><\/li>\n\n\n\n<li><a href=\"https:\/\/pedrocasiano.es\/?page_id=4649\" target=\"_blank\" rel=\"noreferrer noopener\">Alc\u00e9 la Vista al Cielo<\/a><\/li>\n\n\n\n<li><a href=\"https:\/\/pedrocasiano.es\/?page_id=4653\" target=\"_blank\" rel=\"noreferrer noopener\">Nadie es de tal Horrenda Galanura<\/a><\/li>\n\n\n\n<li><a href=\"https:\/\/pedrocasiano.es\/?page_id=4656\" target=\"_blank\" rel=\"noreferrer noopener\">Camin\u00e9 de Nuevo por los Viejos Lugares <\/a><\/li>\n\n\n\n<li><a href=\"https:\/\/pedrocasiano.es\/?page_id=4660\" target=\"_blank\" rel=\"noreferrer noopener\">No Hace Faltar Hablar M\u00e1s<\/a><\/li>\n\n\n\n<li><a href=\"https:\/\/pedrocasiano.es\/?page_id=4663\" target=\"_blank\" rel=\"noreferrer noopener\">Hoy me Vuelvo a Hacer Preguntas<\/a><\/li>\n\n\n\n<li><a href=\"https:\/\/pedrocasiano.es\/?page_id=4666\" target=\"_blank\" rel=\"noreferrer noopener\">Callejas que Esperan la Primavera<\/a><\/li>\n\n\n\n<li><a href=\"https:\/\/pedrocasiano.es\/?page_id=4669\" target=\"_blank\" rel=\"noreferrer noopener\">Morir\u00e9 Vac\u00edo en esta Esquina <\/a><\/li>\n\n\n\n<li><a href=\"https:\/\/pedrocasiano.es\/?page_id=4672\" target=\"_blank\" rel=\"noreferrer noopener\">Hoy me ha Venido a la Mente<\/a><\/li>\n\n\n\n<li><a href=\"https:\/\/pedrocasiano.es\/?page_id=4675\" target=\"_blank\" rel=\"noreferrer noopener\">Tras de la Ventana<\/a><\/li>\n\n\n\n<li><a href=\"https:\/\/pedrocasiano.es\/?p=4679\">Me S<\/a><a href=\"https:\/\/pedrocasiano.es\/?p=4679\" target=\"_blank\" rel=\"noreferrer noopener\">e<\/a><a href=\"https:\/\/pedrocasiano.es\/?p=4679\">nt\u00e9 una Tarde<\/a><\/li>\n\n\n\n<li><a href=\"https:\/\/pedrocasiano.es\/?p=4682\" target=\"_blank\" rel=\"noreferrer noopener\">Hoy Miro a la Noche<\/a><\/li>\n\n\n\n<li><a href=\"https:\/\/pedrocasiano.es\/?p=4685\" target=\"_blank\" rel=\"noreferrer noopener\">Llevo D\u00edas Viendo Negro<\/a><\/li>\n\n\n\n<li><a href=\"https:\/\/pedrocasiano.es\/?p=4714\" target=\"_blank\" rel=\"noreferrer noopener\">Noches de Soledad<\/a><\/li>\n\n\n\n<li><a href=\"https:\/\/pedrocasiano.es\/?p=4691\" target=\"_blank\" rel=\"noreferrer noopener\">La Vida se Marcha como un Suspiro<\/a><\/li>\n\n\n\n<li><a href=\"https:\/\/pedrocasiano.es\/?p=4694\" target=\"_blank\" rel=\"noreferrer noopener\">Ya Nada Queda de lo que Vivimos<\/a><\/li>\n\n\n\n<li><a href=\"https:\/\/pedrocasiano.es\/?p=4697\" target=\"_blank\" rel=\"noreferrer noopener\">Me Enamor\u00e9 de la Vida<\/a><\/li>\n\n\n\n<li><a href=\"https:\/\/pedrocasiano.es\/?p=4700\" target=\"_blank\" rel=\"noreferrer noopener\">Ya me Cans\u00e9 de Esperar<\/a><\/li>\n\n\n\n<li><a href=\"https:\/\/pedrocasiano.es\/?p=4703\" target=\"_blank\" rel=\"noreferrer noopener\">Cuando te Conoc\u00ed<\/a><\/li>\n<\/ul>\n\n\n\n<p><strong>Todos los Derechos Reservados<\/strong><\/p>\n\n\n\n<p><strong>\u201cEstas novelas, publicaciones y dem\u00e1s, son obras de ficci\u00f3n. Los nombres, personajes, lugares e incidentes son producto de la imaginaci\u00f3n del autor o son utilizados de manera ficticia. Cualquier parecido con personas, vivas o muertas, o sucesos reales es pura coincidencia.\u201d<\/strong><\/p>\n<\/div><\/div>\n","protected":false},"excerpt":{"rendered":"","protected":false},"author":1,"featured_media":0,"parent":0,"menu_order":0,"comment_status":"closed","ping_status":"closed","template":"","meta":{"inspiro_hide_title":false,"footnotes":""},"class_list":["post-2720","page","type-page","status-publish","hentry"],"featured_media_urls":[],"_links":{"self":[{"href":"https:\/\/pedrocasiano.es\/index.php?rest_route=\/wp\/v2\/pages\/2720","targetHints":{"allow":["GET"]}}],"collection":[{"href":"https:\/\/pedrocasiano.es\/index.php?rest_route=\/wp\/v2\/pages"}],"about":[{"href":"https:\/\/pedrocasiano.es\/index.php?rest_route=\/wp\/v2\/types\/page"}],"author":[{"embeddable":true,"href":"https:\/\/pedrocasiano.es\/index.php?rest_route=\/wp\/v2\/users\/1"}],"replies":[{"embeddable":true,"href":"https:\/\/pedrocasiano.es\/index.php?rest_route=%2Fwp%2Fv2%2Fcomments&post=2720"}],"version-history":[{"count":16,"href":"https:\/\/pedrocasiano.es\/index.php?rest_route=\/wp\/v2\/pages\/2720\/revisions"}],"predecessor-version":[{"id":16615,"href":"https:\/\/pedrocasiano.es\/index.php?rest_route=\/wp\/v2\/pages\/2720\/revisions\/16615"}],"wp:attachment":[{"href":"https:\/\/pedrocasiano.es\/index.php?rest_route=%2Fwp%2Fv2%2Fmedia&parent=2720"}],"curies":[{"name":"wp","href":"https:\/\/api.w.org\/{rel}","templated":true}]}}