{"id":2663,"date":"2024-02-21T09:58:28","date_gmt":"2024-02-21T09:58:28","guid":{"rendered":"https:\/\/pedrocasiano.es\/?page_id=2663"},"modified":"2024-04-08T04:54:12","modified_gmt":"2024-04-08T04:54:12","slug":"cordoban","status":"publish","type":"page","link":"https:\/\/pedrocasiano.es\/?page_id=2663","title":{"rendered":"Cordob\u00e1n"},"content":{"rendered":"\n<figure class=\"wp-block-image alignleft is-resized\"><img decoding=\"async\" width=\"150\" height=\"100\" data-src=\"https:\/\/pedrocasiano.es\/wp-content\/uploads\/2024\/02\/36.jpg\" alt=\"\" class=\"wp-image-2664 lazyload\" style=\"--smush-placeholder-width: 150px; --smush-placeholder-aspect-ratio: 150\/100;width:460px;height:auto\" src=\"data:image\/svg+xml;base64,PHN2ZyB3aWR0aD0iMSIgaGVpZ2h0PSIxIiB4bWxucz0iaHR0cDovL3d3dy53My5vcmcvMjAwMC9zdmciPjwvc3ZnPg==\" \/><\/figure>\n\n\n\n<p>Hist\u00f3ricamente, el t\u00e9rmino de cordob\u00e1n designa al cuero de cabra o macho cabr\u00edo de alta calidad, muy ligero y suave, que se obten\u00eda mediante la curtici\u00f3n vegetal con sustancias especiales, entre ellas los taninos obtenidos a partir del zumaque.<\/p>\n\n\n\n<p>El vocablo es de origen moz\u00e1rabe y alude a la ciudad de C\u00f3rdoba, famosa por sus curtidos y por todo tipo de artesan\u00edas en cuero; desde monturas de caballo a encuadernaciones, cuadros, biombos, recubrimiento de paredes, respaldos de silla u otros peque\u00f1os muebles. En Espa\u00f1a la t\u00e9cnica se desarroll\u00f3 durante la Edad Media y alcanz\u00f3 su mayor difusi\u00f3n y renombre durante los siglos XVI y XVII, siendo objeto de gran exportaci\u00f3n. Actualmente quedan pocos artesanos que la realicen, al igual que ocurre con el resto de los productos artesanales.<\/p>\n\n\n\n<p>Otro uso com\u00fan del t\u00e9rmino cordob\u00e1n, recogido en el diccionario de la RAE, se refiere a la piel curtida de potro que se utiliza en la elaboraci\u00f3n de zapatos de lujo, fundamentalmente de hombre. Se trata de un t\u00e9rmino que se ha copiado en las diferentes lenguas europeas para definir a los cueros de c\u00f3rdoba. En franc\u00e9s, del t\u00e9rmino cordob\u00e1n (cuero de C\u00f3rdoba) deriva la palabra \u201ccordonnier\u201d (zapatero).<br><\/p>\n","protected":false},"excerpt":{"rendered":"<p>Hist\u00f3ricamente, el t\u00e9rmino de cordob\u00e1n designa al cuero de cabra o macho cabr\u00edo de alta calidad, muy ligero y suave, que se obten\u00eda mediante la curtici\u00f3n vegetal con sustancias especiales, entre ellas los taninos obtenidos a partir del zumaque. El vocablo es de origen moz\u00e1rabe y alude a la ciudad de C\u00f3rdoba, famosa por sus &hellip; <\/p>\n<p class=\"link-more\"><a href=\"https:\/\/pedrocasiano.es\/?page_id=2663\" class=\"more-link\">Leer m\u00e1s<span class=\"screen-reader-text\"> \u00abCordob\u00e1n\u00bb<\/span><\/a><\/p>\n","protected":false},"author":1,"featured_media":0,"parent":0,"menu_order":0,"comment_status":"closed","ping_status":"closed","template":"","meta":{"inspiro_hide_title":false,"footnotes":""},"class_list":["post-2663","page","type-page","status-publish","hentry"],"featured_media_urls":[],"_links":{"self":[{"href":"https:\/\/pedrocasiano.es\/index.php?rest_route=\/wp\/v2\/pages\/2663","targetHints":{"allow":["GET"]}}],"collection":[{"href":"https:\/\/pedrocasiano.es\/index.php?rest_route=\/wp\/v2\/pages"}],"about":[{"href":"https:\/\/pedrocasiano.es\/index.php?rest_route=\/wp\/v2\/types\/page"}],"author":[{"embeddable":true,"href":"https:\/\/pedrocasiano.es\/index.php?rest_route=\/wp\/v2\/users\/1"}],"replies":[{"embeddable":true,"href":"https:\/\/pedrocasiano.es\/index.php?rest_route=%2Fwp%2Fv2%2Fcomments&post=2663"}],"version-history":[{"count":2,"href":"https:\/\/pedrocasiano.es\/index.php?rest_route=\/wp\/v2\/pages\/2663\/revisions"}],"predecessor-version":[{"id":6386,"href":"https:\/\/pedrocasiano.es\/index.php?rest_route=\/wp\/v2\/pages\/2663\/revisions\/6386"}],"wp:attachment":[{"href":"https:\/\/pedrocasiano.es\/index.php?rest_route=%2Fwp%2Fv2%2Fmedia&parent=2663"}],"curies":[{"name":"wp","href":"https:\/\/api.w.org\/{rel}","templated":true}]}}