{"id":2569,"date":"2024-02-21T08:43:45","date_gmt":"2024-02-21T08:43:45","guid":{"rendered":"https:\/\/pedrocasiano.es\/?page_id=2569"},"modified":"2024-02-21T08:43:45","modified_gmt":"2024-02-21T08:43:45","slug":"dejadme-que-muera","status":"publish","type":"page","link":"https:\/\/pedrocasiano.es\/?page_id=2569","title":{"rendered":"Dejadme que Muera"},"content":{"rendered":"\n<div class=\"wp-block-media-text is-stacked-on-mobile is-vertically-aligned-top\"><figure class=\"wp-block-media-text__media\"><img decoding=\"async\" width=\"606\" height=\"340\" data-src=\"https:\/\/pedrocasiano.es\/wp-content\/uploads\/2024\/02\/12.jpg\" alt=\"\" class=\"wp-image-2570 size-full lazyload\" src=\"data:image\/svg+xml;base64,PHN2ZyB3aWR0aD0iMSIgaGVpZ2h0PSIxIiB4bWxucz0iaHR0cDovL3d3dy53My5vcmcvMjAwMC9zdmciPjwvc3ZnPg==\" style=\"--smush-placeholder-width: 606px; --smush-placeholder-aspect-ratio: 606\/340;\" \/><\/figure><div class=\"wp-block-media-text__content\">\n<p>Dejadme que muera<\/p>\n\n\n\n<p>Al sol de mi tierra<\/p>\n\n\n\n<p>Entre ca\u00f1averales<\/p>\n\n\n\n<p>Tocando con mis pies la arena<\/p>\n\n\n\n<p>Donde rompen las olas<\/p>\n\n\n\n<p>Y el oleaje suena<\/p>\n\n\n\n<p>No me prohib\u00e1is<\/p>\n\n\n\n<p>Sentir el salado viento en la cara<\/p>\n\n\n\n<p>Ni me castigu\u00e9is<\/p>\n\n\n\n<p>Por hollar la arena mojada<\/p>\n\n\n\n<p>Si he de morir que muera<\/p>\n\n\n\n<p>Abandonadme a las gaviotas<\/p>\n\n\n\n<p>Cuando mi pecho no pueda<\/p>\n\n\n\n<p>Pero no me obligu\u00e9is<\/p>\n\n\n\n<p>Que muera<\/p>\n\n\n\n<p>Dentro de cuatro paneles<\/p>\n\n\n\n<p>Olvidado de los m\u00edos<\/p>\n\n\n\n<p>Entre caretas de miedo<\/p>\n\n\n\n<p>Dejadme que muera<\/p>\n\n\n\n<p>Oyendo a las gaviotas,<\/p>\n\n\n\n<p>Mis piernas mojadas<\/p>\n\n\n\n<p>De la salada agua De la h\u00fameda<\/p>\n<\/div><\/div>\n","protected":false},"excerpt":{"rendered":"<p>Dejadme que muera Al sol de mi tierra Entre ca\u00f1averales Tocando con mis pies la arena Donde rompen las olas Y el oleaje suena No me prohib\u00e1is Sentir el salado viento en la cara Ni me castigu\u00e9is Por hollar la arena mojada Si he de morir que muera Abandonadme a las gaviotas Cuando mi pecho &hellip; <\/p>\n<p class=\"link-more\"><a href=\"https:\/\/pedrocasiano.es\/?page_id=2569\" class=\"more-link\">Leer m\u00e1s<span class=\"screen-reader-text\"> \u00abDejadme que Muera\u00bb<\/span><\/a><\/p>\n","protected":false},"author":1,"featured_media":0,"parent":0,"menu_order":0,"comment_status":"closed","ping_status":"closed","template":"","meta":{"inspiro_hide_title":false,"footnotes":""},"class_list":["post-2569","page","type-page","status-publish","hentry"],"featured_media_urls":[],"_links":{"self":[{"href":"https:\/\/pedrocasiano.es\/index.php?rest_route=\/wp\/v2\/pages\/2569","targetHints":{"allow":["GET"]}}],"collection":[{"href":"https:\/\/pedrocasiano.es\/index.php?rest_route=\/wp\/v2\/pages"}],"about":[{"href":"https:\/\/pedrocasiano.es\/index.php?rest_route=\/wp\/v2\/types\/page"}],"author":[{"embeddable":true,"href":"https:\/\/pedrocasiano.es\/index.php?rest_route=\/wp\/v2\/users\/1"}],"replies":[{"embeddable":true,"href":"https:\/\/pedrocasiano.es\/index.php?rest_route=%2Fwp%2Fv2%2Fcomments&post=2569"}],"version-history":[{"count":2,"href":"https:\/\/pedrocasiano.es\/index.php?rest_route=\/wp\/v2\/pages\/2569\/revisions"}],"predecessor-version":[{"id":10280,"href":"https:\/\/pedrocasiano.es\/index.php?rest_route=\/wp\/v2\/pages\/2569\/revisions\/10280"}],"wp:attachment":[{"href":"https:\/\/pedrocasiano.es\/index.php?rest_route=%2Fwp%2Fv2%2Fmedia&parent=2569"}],"curies":[{"name":"wp","href":"https:\/\/api.w.org\/{rel}","templated":true}]}}