{"id":2560,"date":"2024-02-21T08:39:10","date_gmt":"2024-02-21T08:39:10","guid":{"rendered":"https:\/\/pedrocasiano.es\/?page_id=2560"},"modified":"2024-02-21T08:39:11","modified_gmt":"2024-02-21T08:39:11","slug":"suenas-que-te-sone-un-dia","status":"publish","type":"page","link":"https:\/\/pedrocasiano.es\/?page_id=2560","title":{"rendered":"Sue\u00f1as que te So\u00f1\u00e9 un D\u00eda"},"content":{"rendered":"\n<div class=\"wp-block-media-text is-stacked-on-mobile is-vertically-aligned-top\"><figure class=\"wp-block-media-text__media\"><img decoding=\"async\" width=\"480\" height=\"742\" data-src=\"https:\/\/pedrocasiano.es\/wp-content\/uploads\/2024\/02\/9.jpg\" alt=\"\" class=\"wp-image-2561 size-full lazyload\" src=\"data:image\/svg+xml;base64,PHN2ZyB3aWR0aD0iMSIgaGVpZ2h0PSIxIiB4bWxucz0iaHR0cDovL3d3dy53My5vcmcvMjAwMC9zdmciPjwvc3ZnPg==\" style=\"--smush-placeholder-width: 480px; --smush-placeholder-aspect-ratio: 480\/742;\" \/><\/figure><div class=\"wp-block-media-text__content\">\n<p>Sue\u00f1as que te so\u00f1\u00e9 un d\u00eda<\/p>\n\n\n\n<p>Que fuiste para mi<\/p>\n\n\n\n<p>La eterna esencia del amor<\/p>\n\n\n\n<p>Y es cierto,<\/p>\n\n\n\n<p>Que lo fuiste.<\/p>\n\n\n\n<p>Hoy, olvidado el tiempo<\/p>\n\n\n\n<p>En que era eterno<\/p>\n\n\n\n<p>Quiz\u00e1s te preguntas<\/p>\n\n\n\n<p>Por qu\u00e9 est\u00e1s sola<\/p>\n\n\n\n<p>Amarrada a un vaso.<\/p>\n\n\n\n<p>Como si fuera m\u00e1gico<\/p>\n\n\n\n<p>Como si pudiera eliminar la pena<\/p>\n\n\n\n<p>Como si encantara la dicha<\/p>\n\n\n\n<p>Y te la trajera<\/p>\n\n\n\n<p>No me ves donde te veo<\/p>\n\n\n\n<p>Sentada en la fr\u00eda piedra,<\/p>\n\n\n\n<p>Abandonada al muro, despeinada<\/p>\n\n\n\n<p>Medio desnuda quiz\u00e1s<\/p>\n\n\n\n<p>Y tu cabeza descansa<\/p>\n\n\n\n<p>Sobre un viejo muro de piedra,<\/p>\n\n\n\n<p>Por no llorar.<\/p>\n\n\n\n<p>Y aun te echo de menos<\/p>\n\n\n\n<p>Con la certeza,<\/p>\n\n\n\n<p>De que nunca<\/p>\n\n\n\n<p>Nunca.<\/p>\n\n\n\n<p>Es cierto,<\/p>\n\n\n\n<p>Volveremos a estar juntos<\/p>\n\n\n\n<p>Nos separa la vida<\/p>\n\n\n\n<p>Sea tu culpa o la m\u00eda.<\/p>\n\n\n\n<p>Tomaste un camino<\/p>\n\n\n\n<p>Que no era el m\u00edo.<\/p>\n\n\n\n<p>Quisiste un futuro<\/p>\n\n\n\n<p>Quiz\u00e1s m\u00e1s afortunado<\/p>\n\n\n\n<p>Quiz\u00e1s m\u00e1s vac\u00edo<\/p>\n\n\n\n<p>No lo s\u00e9,<\/p>\n\n\n\n<p>Ni te lo pregunto.<\/p>\n\n\n\n<p>Solo s\u00e9, que aqu\u00ed estoy<\/p>\n\n\n\n<p>Vi\u00e9ndote<\/p>\n\n\n\n<p>Medio desnuda y llorosa<\/p>\n\n\n\n<p>Abandonada de la promesa<\/p>\n\n\n\n<p>Del que prometi\u00f3 todo.<\/p>\n\n\n\n<p>Y te abrazar\u00eda,<\/p>\n\n\n\n<p>Te consolar\u00eda<\/p>\n\n\n\n<p>Y te dir\u00eda,<\/p>\n\n\n\n<p>&nbsp;que los d\u00edas de felicidad<\/p>\n\n\n\n<p>Volver\u00edan.<\/p>\n\n\n\n<p>Pero ser\u00eda mentira,<\/p>\n\n\n\n<p>Porque, aunque quisiera,<\/p>\n\n\n\n<p>Que quiero,<\/p>\n\n\n\n<p>Mi amor,<\/p>\n\n\n\n<p>No puedo.<\/p>\n\n\n\n<p>Escogiste,<\/p>\n\n\n\n<p>Y al hacerlo, dejaste<\/p>\n\n\n\n<p>Los dem\u00e1s caminos,<\/p>\n\n\n\n<p>Sobre todo, el m\u00edo.<\/p>\n\n\n\n<p>Y lo siento, amor,<\/p>\n\n\n\n<p>Pero no perdono,<\/p>\n\n\n\n<p>Nunca lo har\u00e9<\/p>\n\n\n\n<p>Aunque te ame<\/p>\n\n\n\n<p>M\u00e1s que a la vida.<\/p>\n\n\n\n<p>Quiz\u00e1s llore,<\/p>\n\n\n\n<p>Quiz\u00e1s sea desgraciado<\/p>\n\n\n\n<p>Pero s\u00e9,<\/p>\n\n\n\n<p>Que perdonar nunca es camino<\/p>\n\n\n\n<p>De recobrar el amor,<\/p>\n\n\n\n<p>A un ser querido.<\/p>\n\n\n\n<p>Que lo hecho, se repite<\/p>\n\n\n\n<p>Aun con pesar, pero lo hace<\/p>\n\n\n\n<p>Y por eso no perdono,<\/p>\n\n\n\n<p>No te puedo perdonar.<\/p>\n\n\n\n<p>Y no creas, amor m\u00edo<\/p>\n\n\n\n<p>Que me produce placer<\/p>\n\n\n\n<p>El verte destruida<\/p>\n\n\n\n<p>Con una copa en la mano<\/p>\n\n\n\n<p>Medio desnuda al amanecer<\/p>\n\n\n\n<p>Con la cabeza ca\u00edda<\/p>\n\n\n\n<p>Sobre un muro de piedra.<\/p>\n\n\n\n<p>Te consolar\u00eda,<\/p>\n\n\n\n<p>contigo llorar\u00eda<\/p>\n\n\n\n<p>Hasta enloquecer,<\/p>\n\n\n\n<p>Mi coraz\u00f3n al cielo subir\u00eda.<\/p>\n\n\n\n<p>Pero no puedo, mujer<\/p>\n\n\n\n<p>Quiz\u00e1s no lo entender\u00edas.<\/p>\n\n\n\n<p>Y con el alma en el suelo,<\/p>\n\n\n\n<p>Me levanto y dejo de ver<\/p>\n\n\n\n<p>Tu amada figura.<\/p>\n\n\n\n<p>Y antes de desparecer,<\/p>\n\n\n\n<p>Para siempre, y lo s\u00e9,<\/p>\n\n\n\n<p>Me giro de vuelta<\/p>\n\n\n\n<p>Te miro, y el coraz\u00f3n casi para<\/p>\n\n\n\n<p>Y a pesar de lo que creas<\/p>\n\n\n\n<p>Te deseo lo mejor.<\/p>\n\n\n\n<p>Y me marcho,<\/p>\n\n\n\n<p>Aun sabiendo<\/p>\n\n\n\n<p>Que el alejarme de ti<\/p>\n\n\n\n<p>Ser\u00e1 sarmiento venenoso en mi pecho<\/p>\n\n\n\n<p>Que mi coraz\u00f3n quiz\u00e1s no sane.<\/p>\n\n\n\n<p>Pero, lo siento, mi amor,<\/p>\n\n\n\n<p>Te lo repito,<\/p>\n\n\n\n<p>Porque lo quiero creer<\/p>\n\n\n\n<p>Que no volver\u00e9 alma m\u00eda<\/p>\n\n\n\n<p>Que no lo har\u00e9.<\/p>\n\n\n\n<p>Y yo tambi\u00e9n,<\/p>\n\n\n\n<p>Te sue\u00f1o ahora,<\/p>\n\n\n\n<p>Como te so\u00f1\u00e9 un d\u00eda.<\/p>\n<\/div><\/div>\n","protected":false},"excerpt":{"rendered":"<p>Sue\u00f1as que te so\u00f1\u00e9 un d\u00eda Que fuiste para mi La eterna esencia del amor Y es cierto, Que lo fuiste. Hoy, olvidado el tiempo En que era eterno Quiz\u00e1s te preguntas Por qu\u00e9 est\u00e1s sola Amarrada a un vaso. Como si fuera m\u00e1gico Como si pudiera eliminar la pena Como si encantara la dicha &hellip; <\/p>\n<p class=\"link-more\"><a href=\"https:\/\/pedrocasiano.es\/?page_id=2560\" class=\"more-link\">Leer m\u00e1s<span class=\"screen-reader-text\"> \u00abSue\u00f1as que te So\u00f1\u00e9 un D\u00eda\u00bb<\/span><\/a><\/p>\n","protected":false},"author":1,"featured_media":0,"parent":0,"menu_order":0,"comment_status":"closed","ping_status":"closed","template":"","meta":{"inspiro_hide_title":false,"footnotes":""},"class_list":["post-2560","page","type-page","status-publish","hentry"],"featured_media_urls":[],"_links":{"self":[{"href":"https:\/\/pedrocasiano.es\/index.php?rest_route=\/wp\/v2\/pages\/2560","targetHints":{"allow":["GET"]}}],"collection":[{"href":"https:\/\/pedrocasiano.es\/index.php?rest_route=\/wp\/v2\/pages"}],"about":[{"href":"https:\/\/pedrocasiano.es\/index.php?rest_route=\/wp\/v2\/types\/page"}],"author":[{"embeddable":true,"href":"https:\/\/pedrocasiano.es\/index.php?rest_route=\/wp\/v2\/users\/1"}],"replies":[{"embeddable":true,"href":"https:\/\/pedrocasiano.es\/index.php?rest_route=%2Fwp%2Fv2%2Fcomments&post=2560"}],"version-history":[{"count":2,"href":"https:\/\/pedrocasiano.es\/index.php?rest_route=\/wp\/v2\/pages\/2560\/revisions"}],"predecessor-version":[{"id":10772,"href":"https:\/\/pedrocasiano.es\/index.php?rest_route=\/wp\/v2\/pages\/2560\/revisions\/10772"}],"wp:attachment":[{"href":"https:\/\/pedrocasiano.es\/index.php?rest_route=%2Fwp%2Fv2%2Fmedia&parent=2560"}],"curies":[{"name":"wp","href":"https:\/\/api.w.org\/{rel}","templated":true}]}}