{"id":246,"date":"2024-02-15T08:29:49","date_gmt":"2024-02-15T08:29:49","guid":{"rendered":"https:\/\/pedrocasiano.es\/?page_id=246"},"modified":"2024-03-09T21:41:14","modified_gmt":"2024-03-09T21:41:14","slug":"hijos-de-la-soledad","status":"publish","type":"page","link":"https:\/\/pedrocasiano.es\/?page_id=246","title":{"rendered":"Hijos de la Soledad"},"content":{"rendered":"\n<div class=\"wp-block-media-text is-stacked-on-mobile is-vertically-aligned-top\"><figure class=\"wp-block-media-text__media\"><img decoding=\"async\" width=\"533\" height=\"800\" data-src=\"https:\/\/pedrocasiano.es\/wp-content\/uploads\/2024\/03\/hijos5peque.jpg\" alt=\"\" class=\"wp-image-5891 size-full lazyload\" src=\"data:image\/svg+xml;base64,PHN2ZyB3aWR0aD0iMSIgaGVpZ2h0PSIxIiB4bWxucz0iaHR0cDovL3d3dy53My5vcmcvMjAwMC9zdmciPjwvc3ZnPg==\" style=\"--smush-placeholder-width: 533px; --smush-placeholder-aspect-ratio: 533\/800;\" \/><\/figure><div class=\"wp-block-media-text__content\">\n<p>El concepto de familia, afirman que no ha variado en siglos, eso no es cierto, \u00bfQu\u00e9 es una familia?, en teor\u00eda la uni\u00f3n de una persona de cada sexo para la procreaci\u00f3n y el sostenimiento de los hijos, tan simple, tan eterno, pero no, una familia puede ser un grupo, sin n\u00famero, sin diferentes sexos, que simplemente se unen para crear algo que sea m\u00e1s duro que ellos mismos, que los haga sentirse m\u00e1s confortados, menos infelices.<br>Si no es aceptado por las sociedad, \u00bfsignifica que no funciona?, no lo creo, la sociedad, es dura, cada vez m\u00e1s dura, cada vez nos hace m\u00e1s insolidarios, m\u00e1s fr\u00edos, m\u00e1s ego\u00edstas, m\u00e1s solitarios al fin y al cabo, si conseguimos, se\u00edsmo quienes seamos, tengamos el sexo que tengamos, unirnos en una comuni\u00f3n de apoyo, de cercan\u00eda, de solidaridad, \u00bfno es eso una familia?<br>La familia tradicional quiebra, cada vez m\u00e1s, los que son afectados por estos cambios, se convierten en parias, y se unen a la cohorte de aquellos que no tienen el valor o la oportunidad de crearla, o que simplemente, la vida se la ha jugado con maldad, \u00bfQu\u00e9 pasa con ellos?, \u00bfhabr\u00eda que olvidarlos?, no, la familia no tiene en cuenta el pasado, solo el futuro, si ofrece algo mejor que la soledad, \u00bfPor qu\u00e9 no aceptarlo?<br>Esta es la historia de una de esas \u201cFamilias\u201d.<\/p>\n<\/div><\/div>\n\n\n\n<figure class=\"wp-block-embed is-type-rich is-provider-amazon wp-block-embed-amazon\"><div class=\"wp-block-embed__wrapper\">\n<iframe title=\"Hijos de la Soledad\" type=\"text\/html\" width=\"950\" height=\"550\" frameborder=\"0\" allowfullscreen style=\"max-width:100%\" data-src=\"https:\/\/leer.amazon.es\/kp\/card?preview=inline&#038;linkCode=kpd&#038;ref_=k4w_oembed_AMvl4egC3UcumI&#038;asin=B09CRNQ5MJ&#038;tag=kpembed-20\" src=\"data:image\/svg+xml;base64,PHN2ZyB3aWR0aD0iMSIgaGVpZ2h0PSIxIiB4bWxucz0iaHR0cDovL3d3dy53My5vcmcvMjAwMC9zdmciPjwvc3ZnPg==\" class=\"lazyload\" data-load-mode=\"1\"><\/iframe>\n<\/div><\/figure>\n","protected":false},"excerpt":{"rendered":"<p>El concepto de familia, afirman que no ha variado en siglos, eso no es cierto, \u00bfQu\u00e9 es una familia?, en teor\u00eda la uni\u00f3n de una persona de cada sexo para la procreaci\u00f3n y el sostenimiento de los hijos, tan simple, tan eterno, pero no, una familia puede ser un grupo, sin n\u00famero, sin diferentes sexos, &hellip; <\/p>\n<p class=\"link-more\"><a href=\"https:\/\/pedrocasiano.es\/?page_id=246\" class=\"more-link\">Leer m\u00e1s<span class=\"screen-reader-text\"> \u00abHijos de la Soledad\u00bb<\/span><\/a><\/p>\n","protected":false},"author":1,"featured_media":0,"parent":0,"menu_order":0,"comment_status":"closed","ping_status":"closed","template":"","meta":{"inspiro_hide_title":false,"footnotes":""},"class_list":["post-246","page","type-page","status-publish","hentry"],"featured_media_urls":[],"_links":{"self":[{"href":"https:\/\/pedrocasiano.es\/index.php?rest_route=\/wp\/v2\/pages\/246","targetHints":{"allow":["GET"]}}],"collection":[{"href":"https:\/\/pedrocasiano.es\/index.php?rest_route=\/wp\/v2\/pages"}],"about":[{"href":"https:\/\/pedrocasiano.es\/index.php?rest_route=\/wp\/v2\/types\/page"}],"author":[{"embeddable":true,"href":"https:\/\/pedrocasiano.es\/index.php?rest_route=\/wp\/v2\/users\/1"}],"replies":[{"embeddable":true,"href":"https:\/\/pedrocasiano.es\/index.php?rest_route=%2Fwp%2Fv2%2Fcomments&post=246"}],"version-history":[{"count":5,"href":"https:\/\/pedrocasiano.es\/index.php?rest_route=\/wp\/v2\/pages\/246\/revisions"}],"predecessor-version":[{"id":5892,"href":"https:\/\/pedrocasiano.es\/index.php?rest_route=\/wp\/v2\/pages\/246\/revisions\/5892"}],"wp:attachment":[{"href":"https:\/\/pedrocasiano.es\/index.php?rest_route=%2Fwp%2Fv2%2Fmedia&parent=246"}],"curies":[{"name":"wp","href":"https:\/\/api.w.org\/{rel}","templated":true}]}}